{"id":10320,"date":"2016-11-14T21:27:33","date_gmt":"2016-11-14T20:27:33","guid":{"rendered":"http:\/\/www.kloster-metten.de\/?page_id=10320"},"modified":"2016-11-14T21:28:25","modified_gmt":"2016-11-14T20:28:25","slug":"informatik-biber-beisst-auch-in-metten-zu","status":"publish","type":"page","link":"https:\/\/www.kloster-metten.com\/?page_id=10320","title":{"rendered":"Informatik-Biber bei\u00dft auch in Metten zu"},"content":{"rendered":"<a href=\"https:\/\/www.kloster-metten.com\/wp-content\/uploads\/2016\/11\/biber_big.jpg\"><img class=\"alignnone size-medium wp-image-10318\" title=\"biber_big\" src=\"https:\/\/www.kloster-metten.com\/wp-content\/uploads\/2016\/11\/biber_big-500x355.jpg\" alt=\"biber_big\" width=\"500\" height=\"355\" \/><\/a><h2>Informatik-Biber bei\u00dft auch in Metten zu<\/h2><p><\/p>\n<p>In der Woche nach den Allerheiligenferien versuchten 146 Sch\u00fcler der Klassen 6 bis 10 die Aufgaben der Informatik-Bibers zu l\u00f6sen (und bissen sich dabei die Z\u00e4hne aus!)<\/p>\n","protected":false},"excerpt":{"rendered":"<p>Informatik-Biber bei\u00dft auch in Metten zu In der Woche nach den Allerheiligenferien versuchten 146 Sch\u00fcler der Klassen 6 bis 10 die Aufgaben der Informatik-Bibers zu l\u00f6sen (und bissen sich dabei die Z\u00e4hne aus!)<\/p>\n","protected":false},"author":5,"featured_media":0,"parent":5394,"menu_order":-27,"comment_status":"closed","ping_status":"closed","template":"","meta":{"footnotes":""},"class_list":["post-10320","page","type-page","status-publish","hentry"],"_links":{"self":[{"href":"https:\/\/www.kloster-metten.com\/index.php?rest_route=\/wp\/v2\/pages\/10320","targetHints":{"allow":["GET"]}}],"collection":[{"href":"https:\/\/www.kloster-metten.com\/index.php?rest_route=\/wp\/v2\/pages"}],"about":[{"href":"https:\/\/www.kloster-metten.com\/index.php?rest_route=\/wp\/v2\/types\/page"}],"author":[{"embeddable":true,"href":"https:\/\/www.kloster-metten.com\/index.php?rest_route=\/wp\/v2\/users\/5"}],"replies":[{"embeddable":true,"href":"https:\/\/www.kloster-metten.com\/index.php?rest_route=%2Fwp%2Fv2%2Fcomments&post=10320"}],"version-history":[{"count":1,"href":"https:\/\/www.kloster-metten.com\/index.php?rest_route=\/wp\/v2\/pages\/10320\/revisions"}],"predecessor-version":[{"id":10321,"href":"https:\/\/www.kloster-metten.com\/index.php?rest_route=\/wp\/v2\/pages\/10320\/revisions\/10321"}],"up":[{"embeddable":true,"href":"https:\/\/www.kloster-metten.com\/index.php?rest_route=\/wp\/v2\/pages\/5394"}],"wp:attachment":[{"href":"https:\/\/www.kloster-metten.com\/index.php?rest_route=%2Fwp%2Fv2%2Fmedia&parent=10320"}],"curies":[{"name":"wp","href":"https:\/\/api.w.org\/{rel}","templated":true}]}}