{"id":1064,"date":"2008-09-06T10:54:41","date_gmt":"2008-09-06T08:54:41","guid":{"rendered":"http:\/\/kloster-metten.de\/?page_id=1064"},"modified":"2023-02-18T09:51:31","modified_gmt":"2023-02-18T08:51:31","slug":"regellesung","status":"publish","type":"page","link":"https:\/\/www.kloster-metten.com\/?page_id=1064","title":{"rendered":"Regellesung"},"content":{"rendered":"<a href=\"http:\/\/kloster-metten.de\/wp-content\/uploads\/2008\/09\/_atk1398.jpg\"><img loading=\"lazy\" decoding=\"async\" class=\"alignleft size-medium wp-image-1232\" title=\"_atk1398\" src=\"http:\/\/kloster-metten.de\/wp-content\/uploads\/2008\/09\/_atk1398-332x500.jpg\" alt=\"\" width=\"240\" height=\"362\" srcset=\"https:\/\/www.kloster-metten.com\/wp-content\/uploads\/2008\/09\/_atk1398-332x500.jpg 332w, https:\/\/www.kloster-metten.com\/wp-content\/uploads\/2008\/09\/_atk1398.jpg 665w\" sizes=\"auto, (max-width: 240px) 100vw, 240px\" \/><\/a><h2>Regellesung<\/h2><p>Die t\u00e4gliche Lesung aus der Regel des heiligen Benedikt ist fester Bestandteil des kl\u00f6sterlichen Lebens. Wenn sich die M\u00f6nche zum gemeinsamen Mittagessen im Refektorium eingefunden haben, ist einer der Mitbr\u00fcder damit beauftragt, einen Abschnitt aus der Regel vorzulesen.<\/p>\n<p>Der heilige Benedikt selbst sagt \u00fcber seine Regel, er habe sie geschrieben, um eine dem M\u00f6nchtum einigerma\u00dfen entsprechende Lebensweise oder einen Anfang im kl\u00f6sterlichen Leben zu bekunden. Dass sie bis heute nichts von ihrer Attraktivit\u00e4t verloren hat, zeigt die Weitsicht des Ordensmannes.<\/p>\n<blockquote>\n<p>\u201eWenn du also zum himmlischen Vaterland eilst, wer immer du bist, nimm diese einfache Regel als Anfang und erf\u00fclle sie mit der Hilfe Christi. Dann wirst du schlie\u00dflich unter dem Schutz Gottes zu den oben erw\u00e4hnten H\u00f6hen der Lehre und der Tugend gelangen.\u201c (Benediktregel 73)<\/p>\n<\/blockquote>\n","protected":false},"excerpt":{"rendered":"<p>RegellesungDie t\u00e4gliche Lesung aus der Regel des heiligen Benedikt ist fester Bestandteil des kl\u00f6sterlichen Lebens. Wenn sich die M\u00f6nche zum gemeinsamen Mittagessen im Refektorium eingefunden haben, ist einer der Mitbr\u00fcder damit beauftragt, einen Abschnitt aus der Regel vorzulesen. Der heilige Benedikt selbst sagt \u00fcber seine Regel, er habe sie geschrieben, um eine dem M\u00f6nchtum einigerma\u00dfen [&hellip;]<\/p>\n","protected":false},"author":5,"featured_media":0,"parent":53,"menu_order":3,"comment_status":"closed","ping_status":"closed","template":"","meta":{"footnotes":""},"class_list":["post-1064","page","type-page","status-publish","hentry"],"_links":{"self":[{"href":"https:\/\/www.kloster-metten.com\/index.php?rest_route=\/wp\/v2\/pages\/1064","targetHints":{"allow":["GET"]}}],"collection":[{"href":"https:\/\/www.kloster-metten.com\/index.php?rest_route=\/wp\/v2\/pages"}],"about":[{"href":"https:\/\/www.kloster-metten.com\/index.php?rest_route=\/wp\/v2\/types\/page"}],"author":[{"embeddable":true,"href":"https:\/\/www.kloster-metten.com\/index.php?rest_route=\/wp\/v2\/users\/5"}],"replies":[{"embeddable":true,"href":"https:\/\/www.kloster-metten.com\/index.php?rest_route=%2Fwp%2Fv2%2Fcomments&post=1064"}],"version-history":[{"count":3,"href":"https:\/\/www.kloster-metten.com\/index.php?rest_route=\/wp\/v2\/pages\/1064\/revisions"}],"predecessor-version":[{"id":47599,"href":"https:\/\/www.kloster-metten.com\/index.php?rest_route=\/wp\/v2\/pages\/1064\/revisions\/47599"}],"up":[{"embeddable":true,"href":"https:\/\/www.kloster-metten.com\/index.php?rest_route=\/wp\/v2\/pages\/53"}],"wp:attachment":[{"href":"https:\/\/www.kloster-metten.com\/index.php?rest_route=%2Fwp%2Fv2%2Fmedia&parent=1064"}],"curies":[{"name":"wp","href":"https:\/\/api.w.org\/{rel}","templated":true}]}}