{"id":10895,"date":"2017-06-03T14:26:03","date_gmt":"2017-06-03T12:26:03","guid":{"rendered":"http:\/\/www.kloster-metten.de\/?page_id=10895"},"modified":"2017-12-12T20:05:16","modified_gmt":"2017-12-12T19:05:16","slug":"cybermentor","status":"publish","type":"page","link":"https:\/\/www.kloster-metten.com\/?page_id=10895","title":{"rendered":"CyberMentor"},"content":{"rendered":"<a href=\"https:\/\/www.kloster-metten.com\/wp-content\/uploads\/2017\/06\/2017-05-23-Fr.-Aringer-verteilt-die-Anmeldungen_.jpg\"><img class=\"size-medium wp-image-10891 alignnone\" title=\"2017-05-23 Fr. Aringer verteilt die Anmeldungen_\" src=\"https:\/\/www.kloster-metten.com\/wp-content\/uploads\/2017\/06\/2017-05-23-Fr.-Aringer-verteilt-die-Anmeldungen_-500x281.jpg\" alt=\"\" width=\"500\" height=\"281\" \/><\/a><h2>CyberMentor<\/h2><p><\/p>\n<p>Die M\u00e4dchen der Jahrgangsstufen 5 mit 12 haben k\u00fcrzlich auf Einladung der MINT-Koordinatorin der Schule, Frau Dipl. Biologin Carmen Prinz, in einem interessanten Vortrag Einblick in die CyberMentor-Community bekommen. Als Referentin konnte Sie Frau Aringer von der Partneruniversit\u00e4t Regensburg begr\u00fc\u00dfen.<\/p>\n<p>Mit dieser Informationsveranstaltung soll speziell das Interesse der M\u00e4dchen f\u00fcr die naturwissenschaftlichen F\u00e4cher Mathematik, Physik, Informatik, Chemie, Biologie und Technik, geweckt werden. Frau Aringer, selbst noch Studentin in Mathematik und Physik f\u00fcr das Lehramt an Realschulen, erkl\u00e4rte sehr anschaulich, was CyberMentor bedeutet. So bekommen M\u00e4dchen mit ihren pers\u00f6nlichen Interessen aus dem gro\u00dfen Bereich der Naturwissenschaften f\u00fcr ein Jahr eine pers\u00f6nliche Mentorin an die Seite gestellt. Dies ist eine Studentin oder Berufsanf\u00e4ngerin, die \u00e4hnliche Interessen hat. Ein M\u00e4dchen, das sich beispielsweise f\u00fcr Wale interessiert, bekommt eine Meeresbiologin aus Hamburg vermittelt. Andere M\u00e4dchen, die vielleicht wissen wollen, was genau eine Biophysikerin oder eine Elektroingenieurin macht und in welchen Arbeitsfeldern sie t\u00e4tig sind, k\u00f6nnen im pers\u00f6nlichen Chat mit der entsprechenden Mentorin diskutieren. Praktische Erfahrung wird in gr\u00f6\u00dferen und kleineren Projekten gesammelt, die regelm\u00e4\u00dfig und in Zusammenarbeit mit den Sponsorenfirmen stattfinden. So tr\u00e4gt die kostenlose Teilnahme in der Community nicht nur zum Abbau von Vorurteilen gegen \u00fcber den naturwissenschaftlichen F\u00e4chern bei, sondern auch in hohem Ma\u00dfe zur Berufsfindung. Jedes Jahr sind etwa 800 M\u00e4dchen in dieser deutschlandweiten Community vereint und auch zahlreiche M\u00e4dchen des St.-Michaels-Gymnasiums aus Metten sind immer dabei!<\/p>\n<p>Eine ganze Reihe von M\u00e4dchen nahm deshalb gleich die Gelegenheit wahr, sich direkt anzumelden und wartet jetzt auf eine Zusage f\u00fcr die neue Runde.<\/p>\n<p>\r\n\t\t<style type='text\/css'>\r\n\t\t\t#gallery-1 {\r\n\t\t\t\tmargin: auto;\r\n\t\t\t}\r\n\t\t\t#gallery-1 .gallery-item {\r\n\t\t\t\tfloat: left;\r\n\t\t\t\tmargin-top: 10px;\r\n\t\t\t\ttext-align: center;\r\n\t\t\t\twidth: 33%;\r\n\t\t\t}\r\n\t\t\t#gallery-1 hr {\r\n\t\t\t\theight: 1px;\r\n\t\t\t}\r\n\t\t\t#gallery-1 .gallery-caption {\r\n\t\t\t\tmargin-left: 0;\r\n\t\t\t}\r\n\t\t\t\/* see gallery_shortcode() in wp-includes\/media.php *\/\r\n\t\t<\/style>\n\t\t<div id='gallery-1' class='gallery galleryid-10895 gallery-columns-3 gallery-size-thumbnail'><hr class='null'><dl class='gallery-item'>\r\n\t\t\t<dt class='gallery-icon landscape'>\r\n\t\t\t\t<a title=\"2017-05-23 08.49.51_\"  href='https:\/\/www.kloster-metten.com\/?attachment_id=10890'><img width=\"170\" height=\"115\" src=\"https:\/\/www.kloster-metten.com\/wp-content\/uploads\/2017\/06\/2017-05-23-08.49.51_-170x115.jpg\" class=\"attachment-thumbnail size-thumbnail\" alt=\"\" \/><\/a>\r\n\t\t\t<\/dt><\/dl><dl class='gallery-item'>\r\n\t\t\t<dt class='gallery-icon landscape'>\r\n\t\t\t\t<a title=\"Unbenannte Anlage 01183_\"  href='https:\/\/www.kloster-metten.com\/?attachment_id=10889'><img width=\"170\" height=\"115\" src=\"https:\/\/www.kloster-metten.com\/wp-content\/uploads\/2017\/06\/Unbenannte-Anlage-01183_-170x115.jpg\" class=\"attachment-thumbnail size-thumbnail\" alt=\"\" \/><\/a>\r\n\t\t\t<\/dt><\/dl><dl class='gallery-item'>\r\n\t\t\t<dt class='gallery-icon landscape'>\r\n\t\t\t\t<a title=\"Unbenannte Anlage 01186_\"  href='https:\/\/www.kloster-metten.com\/?attachment_id=10888'><img width=\"170\" height=\"115\" src=\"https:\/\/www.kloster-metten.com\/wp-content\/uploads\/2017\/06\/Unbenannte-Anlage-01186_-170x115.jpg\" class=\"attachment-thumbnail size-thumbnail\" alt=\"\" \/><\/a>\r\n\t\t\t<\/dt><\/dl><br style=\"clear: both\" \/>\r\n\t\t<\/div>\n<\/p>\n<p>&nbsp;<\/p>\n<p>&nbsp;<\/p>\n","protected":false},"excerpt":{"rendered":"<p>CyberMentor Die M\u00e4dchen der Jahrgangsstufen 5 mit 12 haben k\u00fcrzlich auf Einladung der MINT-Koordinatorin der Schule, Frau Dipl. Biologin Carmen Prinz, in einem interessanten Vortrag Einblick in die CyberMentor-Community bekommen. Als Referentin konnte Sie Frau Aringer von der Partneruniversit\u00e4t Regensburg begr\u00fc\u00dfen. Mit dieser Informationsveranstaltung soll speziell das Interesse der M\u00e4dchen f\u00fcr die naturwissenschaftlichen F\u00e4cher Mathematik, [&hellip;]<\/p>\n","protected":false},"author":5,"featured_media":0,"parent":5394,"menu_order":-33,"comment_status":"closed","ping_status":"closed","template":"","meta":{"footnotes":""},"class_list":["post-10895","page","type-page","status-publish","hentry"],"_links":{"self":[{"href":"https:\/\/www.kloster-metten.com\/index.php?rest_route=\/wp\/v2\/pages\/10895","targetHints":{"allow":["GET"]}}],"collection":[{"href":"https:\/\/www.kloster-metten.com\/index.php?rest_route=\/wp\/v2\/pages"}],"about":[{"href":"https:\/\/www.kloster-metten.com\/index.php?rest_route=\/wp\/v2\/types\/page"}],"author":[{"embeddable":true,"href":"https:\/\/www.kloster-metten.com\/index.php?rest_route=\/wp\/v2\/users\/5"}],"replies":[{"embeddable":true,"href":"https:\/\/www.kloster-metten.com\/index.php?rest_route=%2Fwp%2Fv2%2Fcomments&post=10895"}],"version-history":[{"count":2,"href":"https:\/\/www.kloster-metten.com\/index.php?rest_route=\/wp\/v2\/pages\/10895\/revisions"}],"predecessor-version":[{"id":11281,"href":"https:\/\/www.kloster-metten.com\/index.php?rest_route=\/wp\/v2\/pages\/10895\/revisions\/11281"}],"up":[{"embeddable":true,"href":"https:\/\/www.kloster-metten.com\/index.php?rest_route=\/wp\/v2\/pages\/5394"}],"wp:attachment":[{"href":"https:\/\/www.kloster-metten.com\/index.php?rest_route=%2Fwp%2Fv2%2Fmedia&parent=10895"}],"curies":[{"name":"wp","href":"https:\/\/api.w.org\/{rel}","templated":true}]}}