{"id":11611,"date":"2018-06-24T17:23:46","date_gmt":"2018-06-24T15:23:46","guid":{"rendered":"http:\/\/www.kloster-metten.de\/?page_id=11611"},"modified":"2018-06-24T17:24:18","modified_gmt":"2018-06-24T15:24:18","slug":"die-7-klassen-entdecken-die-welt-der-robotik","status":"publish","type":"page","link":"https:\/\/www.kloster-metten.com\/?page_id=11611","title":{"rendered":"Die 7. Klassen entdecken die Welt der Robotik"},"content":{"rendered":"<h2>Die 7. Klassen entdecken die Welt der Robotik<\/h2><p>&nbsp;<\/p>\n<p><strong>\u00a0<a href=\"https:\/\/www.kloster-metten.com\/wp-content\/uploads\/2018\/06\/SAM_1704_.jpg\"><img class=\"size-medium wp-image-11604 alignnone\" title=\"SAM_1704_\" src=\"https:\/\/www.kloster-metten.com\/wp-content\/uploads\/2018\/06\/SAM_1704_-500x404.jpg\" alt=\"\" width=\"500\" height=\"404\" \/><\/a><\/strong><\/p>\n<p><strong>Mit dem THD-Team \u201eMINT-F\u00f6rderung\u201c und LEGO Mindstorms der Zukunft\/Technik auf der Spur - <\/strong><\/p>\n<p>Was haben WhatsApp, Facebook, Smartphones und selbstfahrende Autos gemeinsam?<\/p>\n<p>All diese Dinge funktionieren nur dank ausgekl\u00fcgelter Informatiksysteme. Sprich einem komplexen Zusammenspiel von modernen technischen Ger\u00e4ten und intelligenter Programmierung.<\/p>\n<p>Beides brachten Helmut Dullinger und sein Team von der Technischen Hochschule Deggendorf (THD) im Rahmen des THD-Projektes <em>\u201eMINT-F\u00f6rderung\u201c<\/em> an das St.-Michaels-Gymnasium Metten.<\/p>\n<p>F\u00fcr die Dauer von je zwei Schulstunden konnten die Kinder der 7. Klassen in einem stark praxisorientierten Workshop hautnah erleben, wie Informatiksysteme aufgebaut sind und diese im kleinen Rahmen selbst aktiv testen und gestalten.<\/p>\n<p>Nach einer kurzen allgemeinen Information zur THD und ihrem Projekt \u201eMINT-F\u00f6rderung\u201c, stellte das Team um Herrn Dullinger gleich die Arbeitsmaterialien vor. Zum einen die Hardware, also die EV3-Steuerungseinheiten von LEGO Mindstorms mit Fahrroboter und Abstandssensor. Zum anderen die Laptops mit der zugeh\u00f6rigen EV3-Programmierumgebung.<\/p>\n<p>Nachdem die Einteilung in Kleingruppen mit Chefprogrammierern und Roboterbeauftragten erfolgt war, starteten die Kinder ihre Roboter und wurden zur allgemeinen Erheiterung von deren \u201eAgilit\u00e4t\u201c \u00fcberrascht und dadurch zugleich in deren Bahn gezogen. Mit Begeisterung und Entdeckergeist machten sie sich daran, die Aufgaben auf den didaktisch sehr sch\u00f6n aufbereiteten Arbeitsbl\u00e4ttern zu l\u00f6sen und ihre Roboter entsprechend zu programmieren.<\/p>\n<p>Da konnte es schon mal vorkommen, dass die eine oder andere Anweisung der Betreuer erst nach dem zweiten oder dritten Mal realisiert wurde. Diese verstanden es aber sehr gut, die Kinder zu einem selbstentdeckenden Tun bei gleichzeitig probleml\u00f6send-orientiertem Handeln anzuleiten. Die Kinder waren, dank der zunehmenden Komplexit\u00e4t der Aufgaben, w\u00e4hrend der ganzen Zeit gefordert und hatten jede Menge Spa\u00df beim Entdecken neuer Funktionen dieser lehrreichen Informatiksysteme, so dass sich das St.-Michaels-Gymnasium schon auf das n\u00e4chste Jahr freut, wenn es das Team von der THD mit ihrem Projekt \u201eMINT-F\u00f6rderung\u201c wieder bei sich begr\u00fc\u00dfen darf.<\/p>\n<p>\r\n\t\t<style type='text\/css'>\r\n\t\t\t#gallery-1 {\r\n\t\t\t\tmargin: auto;\r\n\t\t\t}\r\n\t\t\t#gallery-1 .gallery-item {\r\n\t\t\t\tfloat: left;\r\n\t\t\t\tmargin-top: 10px;\r\n\t\t\t\ttext-align: center;\r\n\t\t\t\twidth: 33%;\r\n\t\t\t}\r\n\t\t\t#gallery-1 hr {\r\n\t\t\t\theight: 1px;\r\n\t\t\t}\r\n\t\t\t#gallery-1 .gallery-caption {\r\n\t\t\t\tmargin-left: 0;\r\n\t\t\t}\r\n\t\t\t\/* see gallery_shortcode() in wp-includes\/media.php *\/\r\n\t\t<\/style>\n\t\t<div id='gallery-1' class='gallery galleryid-11611 gallery-columns-3 gallery-size-thumbnail'><hr class='null'><dl class='gallery-item'>\r\n\t\t\t<dt class='gallery-icon landscape'>\r\n\t\t\t\t<a title=\"20180620_093324_\"  href='https:\/\/www.kloster-metten.com\/?attachment_id=11597'><img width=\"170\" height=\"115\" src=\"https:\/\/www.kloster-metten.com\/wp-content\/uploads\/2018\/06\/20180620_093324_-170x115.jpg\" class=\"attachment-thumbnail size-thumbnail\" alt=\"\" \/><\/a>\r\n\t\t\t<\/dt><\/dl><dl class='gallery-item'>\r\n\t\t\t<dt class='gallery-icon landscape'>\r\n\t\t\t\t<a title=\"20180620_093633_\"  href='https:\/\/www.kloster-metten.com\/?attachment_id=11598'><img width=\"170\" height=\"115\" src=\"https:\/\/www.kloster-metten.com\/wp-content\/uploads\/2018\/06\/20180620_093633_-170x115.jpg\" class=\"attachment-thumbnail size-thumbnail\" alt=\"\" \/><\/a>\r\n\t\t\t<\/dt><\/dl><dl class='gallery-item'>\r\n\t\t\t<dt class='gallery-icon landscape'>\r\n\t\t\t\t<a title=\"20180620_094107_\"  href='https:\/\/www.kloster-metten.com\/?attachment_id=11599'><img width=\"170\" height=\"115\" src=\"https:\/\/www.kloster-metten.com\/wp-content\/uploads\/2018\/06\/20180620_094107_-170x115.jpg\" class=\"attachment-thumbnail size-thumbnail\" alt=\"\" \/><\/a>\r\n\t\t\t<\/dt><\/dl><br style=\"clear: both\" \/><dl class='gallery-item'>\r\n\t\t\t<dt class='gallery-icon landscape'>\r\n\t\t\t\t<a title=\"20180620_115545_\"  href='https:\/\/www.kloster-metten.com\/?attachment_id=11600'><img width=\"170\" height=\"115\" src=\"https:\/\/www.kloster-metten.com\/wp-content\/uploads\/2018\/06\/20180620_115545_-170x115.jpg\" class=\"attachment-thumbnail size-thumbnail\" alt=\"\" \/><\/a>\r\n\t\t\t<\/dt><\/dl><dl class='gallery-item'>\r\n\t\t\t<dt class='gallery-icon landscape'>\r\n\t\t\t\t<a title=\"SAM_1699_\"  href='https:\/\/www.kloster-metten.com\/?attachment_id=11603'><img width=\"170\" height=\"115\" src=\"https:\/\/www.kloster-metten.com\/wp-content\/uploads\/2018\/06\/SAM_1699_-170x115.jpg\" class=\"attachment-thumbnail size-thumbnail\" alt=\"\" \/><\/a>\r\n\t\t\t<\/dt><\/dl><dl class='gallery-item'>\r\n\t\t\t<dt class='gallery-icon landscape'>\r\n\t\t\t\t<a title=\"SAM_1704_\"  href='https:\/\/www.kloster-metten.com\/?attachment_id=11604'><img width=\"170\" height=\"115\" src=\"https:\/\/www.kloster-metten.com\/wp-content\/uploads\/2018\/06\/SAM_1704_-170x115.jpg\" class=\"attachment-thumbnail size-thumbnail\" alt=\"\" \/><\/a>\r\n\t\t\t<\/dt><\/dl><br style=\"clear: both\" \/><dl class='gallery-item'>\r\n\t\t\t<dt class='gallery-icon landscape'>\r\n\t\t\t\t<a title=\"SAM_1713_\"  href='https:\/\/www.kloster-metten.com\/?attachment_id=11605'><img width=\"170\" height=\"115\" src=\"https:\/\/www.kloster-metten.com\/wp-content\/uploads\/2018\/06\/SAM_1713_-170x115.jpg\" class=\"attachment-thumbnail size-thumbnail\" alt=\"\" \/><\/a>\r\n\t\t\t<\/dt><\/dl><dl class='gallery-item'>\r\n\t\t\t<dt class='gallery-icon landscape'>\r\n\t\t\t\t<a title=\"SAM_1720_\"  href='https:\/\/www.kloster-metten.com\/?attachment_id=11606'><img width=\"170\" height=\"115\" src=\"https:\/\/www.kloster-metten.com\/wp-content\/uploads\/2018\/06\/SAM_1720_-170x115.jpg\" class=\"attachment-thumbnail size-thumbnail\" alt=\"\" \/><\/a>\r\n\t\t\t<\/dt><\/dl><dl class='gallery-item'>\r\n\t\t\t<dt class='gallery-icon portrait'>\r\n\t\t\t\t<a title=\"SAM_1729_\"  href='https:\/\/www.kloster-metten.com\/?attachment_id=11607'><img width=\"170\" height=\"115\" src=\"https:\/\/www.kloster-metten.com\/wp-content\/uploads\/2018\/06\/SAM_1729_-170x115.jpg\" class=\"attachment-thumbnail size-thumbnail\" alt=\"\" \/><\/a>\r\n\t\t\t<\/dt><\/dl><br style=\"clear: both\" \/>\r\n\t\t<\/div>\n<\/p>\n","protected":false},"excerpt":{"rendered":"<p>Die 7. Klassen entdecken die Welt der Robotik&nbsp; \u00a0 Mit dem THD-Team \u201eMINT-F\u00f6rderung\u201c und LEGO Mindstorms der Zukunft\/Technik auf der Spur &#8211; Was haben WhatsApp, Facebook, Smartphones und selbstfahrende Autos gemeinsam? All diese Dinge funktionieren nur dank ausgekl\u00fcgelter Informatiksysteme. Sprich einem komplexen Zusammenspiel von modernen technischen Ger\u00e4ten und intelligenter Programmierung. Beides brachten Helmut Dullinger und [&hellip;]<\/p>\n","protected":false},"author":5,"featured_media":0,"parent":5394,"menu_order":-63,"comment_status":"closed","ping_status":"closed","template":"","meta":{"footnotes":""},"class_list":["post-11611","page","type-page","status-publish","hentry"],"_links":{"self":[{"href":"https:\/\/www.kloster-metten.com\/index.php?rest_route=\/wp\/v2\/pages\/11611","targetHints":{"allow":["GET"]}}],"collection":[{"href":"https:\/\/www.kloster-metten.com\/index.php?rest_route=\/wp\/v2\/pages"}],"about":[{"href":"https:\/\/www.kloster-metten.com\/index.php?rest_route=\/wp\/v2\/types\/page"}],"author":[{"embeddable":true,"href":"https:\/\/www.kloster-metten.com\/index.php?rest_route=\/wp\/v2\/users\/5"}],"replies":[{"embeddable":true,"href":"https:\/\/www.kloster-metten.com\/index.php?rest_route=%2Fwp%2Fv2%2Fcomments&post=11611"}],"version-history":[{"count":1,"href":"https:\/\/www.kloster-metten.com\/index.php?rest_route=\/wp\/v2\/pages\/11611\/revisions"}],"predecessor-version":[{"id":11612,"href":"https:\/\/www.kloster-metten.com\/index.php?rest_route=\/wp\/v2\/pages\/11611\/revisions\/11612"}],"up":[{"embeddable":true,"href":"https:\/\/www.kloster-metten.com\/index.php?rest_route=\/wp\/v2\/pages\/5394"}],"wp:attachment":[{"href":"https:\/\/www.kloster-metten.com\/index.php?rest_route=%2Fwp%2Fv2%2Fmedia&parent=11611"}],"curies":[{"name":"wp","href":"https:\/\/api.w.org\/{rel}","templated":true}]}}