{"id":1171,"date":"2008-09-09T12:01:50","date_gmt":"2008-09-09T10:01:50","guid":{"rendered":"http:\/\/kloster-metten.de\/?page_id=1171"},"modified":"2024-01-09T16:13:02","modified_gmt":"2024-01-09T15:13:02","slug":"raum-des-glaubens","status":"publish","type":"page","link":"https:\/\/www.kloster-metten.com\/?page_id=1171","title":{"rendered":"Raum des Glaubens"},"content":{"rendered":"<a href=\"http:\/\/kloster-metten.de\/wp-content\/uploads\/2008\/09\/1-12-03.jpg\"><img loading=\"lazy\" decoding=\"async\" class=\"alignleft size-medium wp-image-1829\" title=\"1-12-03\" src=\"http:\/\/kloster-metten.de\/wp-content\/uploads\/2008\/09\/1-12-03-500x335.jpg\" alt=\"\" width=\"300\" height=\"201\" srcset=\"https:\/\/www.kloster-metten.com\/wp-content\/uploads\/2008\/09\/1-12-03-500x335.jpg 500w, https:\/\/www.kloster-metten.com\/wp-content\/uploads\/2008\/09\/1-12-03-170x115.jpg 170w, https:\/\/www.kloster-metten.com\/wp-content\/uploads\/2008\/09\/1-12-03.jpg 700w\" sizes=\"auto, (max-width: 300px) 100vw, 300px\" \/><\/a><h2>Raum des Glaubens<\/h2><p>Grundlage des Lehrens und Lernens an unserer Schule ist das christliche Menschen- und Weltverst\u00e4ndnis unseres Ordens. Mit diesem Glauben erziehen wir Kinder und Jugendliche zu einem verantwortungsvollen Umgang mit sich selbst, ihren Mitmenschen und der gesamten Sch\u00f6pfung.<\/p>\n<p>Wir Benediktiner erleben den Glauben an Gott als sinnstiftend und zukunfttragend und m\u00f6chten diesen Glauben an unsere Sch\u00fcler weitergeben.<\/p>\n<p>Unsere Aufgabe ist es, jungen Menschen den christlichen Geist durch unser Vorbild aufrichtig vorzuleben. Damit geben wir ihnen die M\u00f6glichkeit, unseren Glauben von sich aus als Quelle der Kraft und Inspiration zu entdecken und f\u00fcr sich zu nutzen.<\/p>\n<p>Die christliche Erziehung ist bei uns in den Schulalltag eingebettet: In gemeinsamen Gottesdiensten, in der Meditation oder in pers\u00f6nlichen Gespr\u00e4chen mit ihren Lehrern und Erziehern k\u00f6nnen unsere Sch\u00fcler in ein gelebtes Christsein hineinwachsen. Dadurch erhalten sie Orientierung f\u00fcr ihren Lebensweg \u2013 und erfahren den christlichen Glauben als Bereicherung. Auch so erf\u00fcllen wir den Auftrag unseres Ordensvaters, des heiligen Benedikt, \u201eeine Schule f\u00fcr den Dienst des Herrn einzurichten\u201c.<\/p>\n<p><a href=\"http:\/\/kloster-metten.de\/wp-content\/uploads\/2008\/09\/_atk4174_m.jpg\"><img loading=\"lazy\" decoding=\"async\" class=\"alignleft size-medium wp-image-2132\" title=\"_atk4174_m\" src=\"http:\/\/kloster-metten.de\/wp-content\/uploads\/2008\/09\/_atk4174_m-500x330.jpg\" alt=\"\" width=\"241\" height=\"159\" srcset=\"https:\/\/www.kloster-metten.com\/wp-content\/uploads\/2008\/09\/_atk4174_m-500x330.jpg 500w, https:\/\/www.kloster-metten.com\/wp-content\/uploads\/2008\/09\/_atk4174_m.jpg 700w\" sizes=\"auto, (max-width: 241px) 100vw, 241px\" \/><\/a><\/p>\n<blockquote>\n<p>Ich verstehe unsere Schule als Lebensraum, der die Sch\u00fcler die Menschenfreundlichkeit Gottes sp\u00fcren l\u00e4sst. Vor diesem Hintergrund des Geliebtseins lernt es sich leichter, denn niemand steht allein da.<\/p>\n<\/blockquote>\n<p>Pater Erhard Hinrainer, ehem. Schulleiter<\/p>\n","protected":false},"excerpt":{"rendered":"<p>Raum des GlaubensGrundlage des Lehrens und Lernens an unserer Schule ist das christliche Menschen- und Weltverst\u00e4ndnis unseres Ordens. Mit diesem Glauben erziehen wir Kinder und Jugendliche zu einem verantwortungsvollen Umgang mit sich selbst, ihren Mitmenschen und der gesamten Sch\u00f6pfung. Wir Benediktiner erleben den Glauben an Gott als sinnstiftend und zukunfttragend und m\u00f6chten diesen Glauben an [&hellip;]<\/p>\n","protected":false},"author":5,"featured_media":0,"parent":1104,"menu_order":4,"comment_status":"closed","ping_status":"closed","template":"","meta":{"footnotes":""},"class_list":["post-1171","page","type-page","status-publish","hentry"],"_links":{"self":[{"href":"https:\/\/www.kloster-metten.com\/index.php?rest_route=\/wp\/v2\/pages\/1171","targetHints":{"allow":["GET"]}}],"collection":[{"href":"https:\/\/www.kloster-metten.com\/index.php?rest_route=\/wp\/v2\/pages"}],"about":[{"href":"https:\/\/www.kloster-metten.com\/index.php?rest_route=\/wp\/v2\/types\/page"}],"author":[{"embeddable":true,"href":"https:\/\/www.kloster-metten.com\/index.php?rest_route=\/wp\/v2\/users\/5"}],"replies":[{"embeddable":true,"href":"https:\/\/www.kloster-metten.com\/index.php?rest_route=%2Fwp%2Fv2%2Fcomments&post=1171"}],"version-history":[{"count":1,"href":"https:\/\/www.kloster-metten.com\/index.php?rest_route=\/wp\/v2\/pages\/1171\/revisions"}],"predecessor-version":[{"id":48271,"href":"https:\/\/www.kloster-metten.com\/index.php?rest_route=\/wp\/v2\/pages\/1171\/revisions\/48271"}],"up":[{"embeddable":true,"href":"https:\/\/www.kloster-metten.com\/index.php?rest_route=\/wp\/v2\/pages\/1104"}],"wp:attachment":[{"href":"https:\/\/www.kloster-metten.com\/index.php?rest_route=%2Fwp%2Fv2%2Fmedia&parent=1171"}],"curies":[{"name":"wp","href":"https:\/\/api.w.org\/{rel}","templated":true}]}}