{"id":11916,"date":"2018-11-25T20:07:31","date_gmt":"2018-11-25T19:07:31","guid":{"rendered":"http:\/\/www.kloster-metten.de\/?page_id=11916"},"modified":"2019-11-23T09:30:08","modified_gmt":"2019-11-23T08:30:08","slug":"hauskonzert-2","status":"publish","type":"page","link":"https:\/\/www.kloster-metten.com\/?page_id=11916","title":{"rendered":"Hauskonzert"},"content":{"rendered":"<h2>Hauskonzert<\/h2><p><span style=\"color: #000000; font-family: Times New Roman;\"><a href=\"https:\/\/www.kloster-metten.com\/wp-content\/uploads\/2018\/11\/SAM_3812_.jpg\"><img loading=\"lazy\" decoding=\"async\" class=\"alignnone wp-image-11919 size-medium\" title=\"SAM_3812_\" src=\"https:\/\/www.kloster-metten.com\/wp-content\/uploads\/2018\/11\/SAM_3812_-375x500.jpg\" alt=\"\" width=\"375\" height=\"500\" srcset=\"https:\/\/www.kloster-metten.com\/wp-content\/uploads\/2018\/11\/SAM_3812_-375x500.jpg 375w, https:\/\/www.kloster-metten.com\/wp-content\/uploads\/2018\/11\/SAM_3812_-768x1024.jpg 768w, https:\/\/www.kloster-metten.com\/wp-content\/uploads\/2018\/11\/SAM_3812_.jpg 821w\" sizes=\"auto, (max-width: 375px) 100vw, 375px\" \/><\/a><\/span><\/p>\n<p>Am vergangenen Donnerstag, den 22. November 2018 fand im Musiksaal das traditionelle Hauskonzert statt. In seiner Begr\u00fc\u00dfung dankte Schulleiter P. Erhard Hinrainer OSB allen Instrumentallehrkr\u00e4ften, die sich mit viel Geduld um die musikalische Erziehung k\u00fcmmern, sowie den Sch\u00fclerinnen und Sch\u00fclern, die ihre Freizeit zum Erlernen eines Musikinstrumentes aufbringen und so das Leben an der Schule aktiv mitgestalten. Vor einem aufmerksamen und interessierten Publikum aus Eltern, Lehrern und Mitsch\u00fclern pr\u00e4sentierten die Mitwirkenden von der 5. bis zur 12. Klasse ein buntes Programm in unterschiedlichen Besetzungen und gaben einen Einblick in das breit gef\u00e4cherte musikalische Angebot der Schule.<\/p>\n\r\n\t\t<style type='text\/css'>\r\n\t\t\t#gallery-1 {\r\n\t\t\t\tmargin: auto;\r\n\t\t\t}\r\n\t\t\t#gallery-1 .gallery-item {\r\n\t\t\t\tfloat: left;\r\n\t\t\t\tmargin-top: 10px;\r\n\t\t\t\ttext-align: center;\r\n\t\t\t\twidth: 33%;\r\n\t\t\t}\r\n\t\t\t#gallery-1 hr {\r\n\t\t\t\theight: 1px;\r\n\t\t\t}\r\n\t\t\t#gallery-1 .gallery-caption {\r\n\t\t\t\tmargin-left: 0;\r\n\t\t\t}\r\n\t\t\t\/* see gallery_shortcode() in wp-includes\/media.php *\/\r\n\t\t<\/style>\n\t\t<div id='gallery-1' class='gallery galleryid-11916 gallery-columns-3 gallery-size-thumbnail'><hr class='null'><dl class='gallery-item'>\r\n\t\t\t<dt class='gallery-icon landscape'>\r\n\t\t\t\t<a title=\"P1060168_\"  href='https:\/\/www.kloster-metten.com\/?attachment_id=11917'><img loading=\"lazy\" decoding=\"async\" width=\"170\" height=\"115\" src=\"https:\/\/www.kloster-metten.com\/wp-content\/uploads\/2018\/11\/P1060168_-170x115.jpg\" class=\"attachment-thumbnail size-thumbnail\" alt=\"\" srcset=\"https:\/\/www.kloster-metten.com\/wp-content\/uploads\/2018\/11\/P1060168_-170x115.jpg 170w, https:\/\/www.kloster-metten.com\/wp-content\/uploads\/2018\/11\/P1060168_-500x338.jpg 500w, https:\/\/www.kloster-metten.com\/wp-content\/uploads\/2018\/11\/P1060168_-768x519.jpg 768w, https:\/\/www.kloster-metten.com\/wp-content\/uploads\/2018\/11\/P1060168_.jpg 869w\" sizes=\"auto, (max-width: 170px) 100vw, 170px\" \/><\/a>\r\n\t\t\t<\/dt><\/dl><dl class='gallery-item'>\r\n\t\t\t<dt class='gallery-icon landscape'>\r\n\t\t\t\t<a title=\"SAM_3824_\"  href='https:\/\/www.kloster-metten.com\/?attachment_id=11920'><img loading=\"lazy\" decoding=\"async\" width=\"170\" height=\"115\" src=\"https:\/\/www.kloster-metten.com\/wp-content\/uploads\/2018\/11\/SAM_3824_-170x115.jpg\" class=\"attachment-thumbnail size-thumbnail\" alt=\"\" \/><\/a>\r\n\t\t\t<\/dt><\/dl><dl class='gallery-item'>\r\n\t\t\t<dt class='gallery-icon landscape'>\r\n\t\t\t\t<a title=\"SAM_3763_\"  href='https:\/\/www.kloster-metten.com\/?attachment_id=11918'><img loading=\"lazy\" decoding=\"async\" width=\"170\" height=\"115\" src=\"https:\/\/www.kloster-metten.com\/wp-content\/uploads\/2018\/11\/SAM_3763_-170x115.jpg\" class=\"attachment-thumbnail size-thumbnail\" alt=\"\" \/><\/a>\r\n\t\t\t<\/dt><\/dl><br style=\"clear: both\" \/>\r\n\t\t<\/div>\n\n<p><span style=\"color: #000000; font-family: Times New Roman;\">\u00a0<\/span><\/p>\n<p>&nbsp;<\/p>\n<p>&nbsp;<\/p>\n","protected":false},"excerpt":{"rendered":"<p>Hauskonzert Am vergangenen Donnerstag, den 22. November 2018 fand im Musiksaal das traditionelle Hauskonzert statt. In seiner Begr\u00fc\u00dfung dankte Schulleiter P. Erhard Hinrainer OSB allen Instrumentallehrkr\u00e4ften, die sich mit viel Geduld um die musikalische Erziehung k\u00fcmmern, sowie den Sch\u00fclerinnen und Sch\u00fclern, die ihre Freizeit zum Erlernen eines Musikinstrumentes aufbringen und so das Leben an der [&hellip;]<\/p>\n","protected":false},"author":5,"featured_media":0,"parent":12589,"menu_order":39,"comment_status":"closed","ping_status":"closed","template":"","meta":{"footnotes":""},"class_list":["post-11916","page","type-page","status-publish","hentry"],"_links":{"self":[{"href":"https:\/\/www.kloster-metten.com\/index.php?rest_route=\/wp\/v2\/pages\/11916","targetHints":{"allow":["GET"]}}],"collection":[{"href":"https:\/\/www.kloster-metten.com\/index.php?rest_route=\/wp\/v2\/pages"}],"about":[{"href":"https:\/\/www.kloster-metten.com\/index.php?rest_route=\/wp\/v2\/types\/page"}],"author":[{"embeddable":true,"href":"https:\/\/www.kloster-metten.com\/index.php?rest_route=\/wp\/v2\/users\/5"}],"replies":[{"embeddable":true,"href":"https:\/\/www.kloster-metten.com\/index.php?rest_route=%2Fwp%2Fv2%2Fcomments&post=11916"}],"version-history":[{"count":7,"href":"https:\/\/www.kloster-metten.com\/index.php?rest_route=\/wp\/v2\/pages\/11916\/revisions"}],"predecessor-version":[{"id":12742,"href":"https:\/\/www.kloster-metten.com\/index.php?rest_route=\/wp\/v2\/pages\/11916\/revisions\/12742"}],"up":[{"embeddable":true,"href":"https:\/\/www.kloster-metten.com\/index.php?rest_route=\/wp\/v2\/pages\/12589"}],"wp:attachment":[{"href":"https:\/\/www.kloster-metten.com\/index.php?rest_route=%2Fwp%2Fv2%2Fmedia&parent=11916"}],"curies":[{"name":"wp","href":"https:\/\/api.w.org\/{rel}","templated":true}]}}