{"id":12165,"date":"2019-02-17T20:58:48","date_gmt":"2019-02-17T19:58:48","guid":{"rendered":"http:\/\/www.kloster-metten.de\/?page_id=12165"},"modified":"2020-07-26T09:34:08","modified_gmt":"2020-07-26T07:34:08","slug":"erfolgreich-geknobelt-st-michaels-gymnasiasten-sahnen-beim-heureka-wettbewerb-viele-preise-ab","status":"publish","type":"page","link":"https:\/\/www.kloster-metten.com\/?page_id=12165","title":{"rendered":"Erfolgreich geknobelt: St.-Michaels-Gymnasiasten sahnen beim HEUREKA Wettbewerb viele Preise ab!"},"content":{"rendered":"<h2>Erfolgreich geknobelt: St.-Michaels-Gymnasiasten sahnen beim HEUREKA Wettbewerb viele Preise ab!<\/h2><p><strong><a href=\"https:\/\/www.kloster-metten.com\/wp-content\/uploads\/2019\/02\/01_20190212_102228_.jpg\"><img loading=\"lazy\" decoding=\"async\" class=\"size-medium wp-image-12166 alignnone\" title=\"01_20190212_102228_\" src=\"https:\/\/www.kloster-metten.com\/wp-content\/uploads\/2019\/02\/01_20190212_102228_-500x242.jpg\" alt=\"\" width=\"500\" height=\"242\" srcset=\"https:\/\/www.kloster-metten.com\/wp-content\/uploads\/2019\/02\/01_20190212_102228_-500x242.jpg 500w, https:\/\/www.kloster-metten.com\/wp-content\/uploads\/2019\/02\/01_20190212_102228_-768x372.jpg 768w, https:\/\/www.kloster-metten.com\/wp-content\/uploads\/2019\/02\/01_20190212_102228_-1024x495.jpg 1024w, https:\/\/www.kloster-metten.com\/wp-content\/uploads\/2019\/02\/01_20190212_102228_.jpg 1538w\" sizes=\"auto, (max-width: 500px) 100vw, 500px\" \/><\/a><\/strong><\/p>\n<p>Auch in diesem Schuljahr haben sich wieder mehr als 200 Sch\u00fclerinnen und Sch\u00fcler aus den Jahrgangsstufen 5 bis 8 am Wettbewerb \u201eHEUREKA! &#8211; Mensch und Natur\u201c beteiligt, erstmals fand der Wettbewerb nun auch online statt.<\/p>\n<p>HEUREKA ist ein Multiple Choice Wettbewerb, der dem Alter der Teilnehmer entsprechend s\u00e4mtliche naturwissenschaftliche Themen beinhaltet. Es werden knifflige Fragen zum Thema \u201eDer Mensch und seine Umwelt\u201c gestellt, die sowohl Tiere und ihre Rekorde, als auch Pflanzen betreffen. Au\u00dferdem werden das Wetter und mit den Themen Technik, Energie und Fortschritt auch chemische und physikalische Ph\u00e4nomene behandelt.<\/p>\n<p>Ins Leben gerufen wurde der Wettbewerb durch einen Zusammenschluss von einigen Eltern und Lehrer\/innen mit dem Ziel, weitere M\u00f6glichkeiten zu schaffen, den Unterrichtsalltag aufzulockern und die Sch\u00fclerinnen und Sch\u00fcler zu motivieren. Das ist am St.-Michaels-Gymnasium Metten mit einer Teilnehmerzahl von \u00fcber 200 Sch\u00fclerinnen und Sch\u00fclern sehr gut gelungen.<\/p>\n<p>Die verschiedenen Wertungsebenen auf Schul-, Landes- und Bundesebene werden jedem\/r einzelnen Sch\u00fcler\/in gerecht und f\u00f6rdern aber auch den Zusammenhalt und das Gemeinschaftsgef\u00fchl innerhalb einer Schule.<\/p>\n<p>Auf Landesebene belegten die Sch\u00fclerinnen Johanna Zellner und Lene Ammerer aus der Jahrgangsstufe 5 mit jeweils 156 Punkten den 2. Platz. Aus der Jahrgangsstufe 6 belegte Emma Kritsch den 2. Platz mit 160 Punkten, dicht gefolgt von Svea Jensen mit 156 Punkten auf dem 3. Platz. Hoch erfreut nahmen sie die Solarroboter bzw. das Spiel Exit entgegen. Neben diesen besonderen Auszeichnungen wurden die Sch\u00fclerinnen und Sch\u00fcler mit den besten drei Ergebnissen pro Jahrgangsstufe geehrt, die sich \u00fcber kniffelige Lernspiele und tolle B\u00fccher als Preise freuen konnten. Jeder Teilnehmer bekam eine Urkunde und ein Teilnahmegeschenk. Dieses Mal war es ein Kartenspiel mit dem Titel \u201eKrypsis\u201c.<\/p>\n<p><a href=\"https:\/\/www.kloster-metten.com\/wp-content\/uploads\/2019\/02\/02_20190212_102349_.jpg\"><img loading=\"lazy\" decoding=\"async\" class=\"alignleft size-medium wp-image-12167\" title=\"02_20190212_102349_\" src=\"https:\/\/www.kloster-metten.com\/wp-content\/uploads\/2019\/02\/02_20190212_102349_-500x330.jpg\" alt=\"\" width=\"500\" height=\"330\" srcset=\"https:\/\/www.kloster-metten.com\/wp-content\/uploads\/2019\/02\/02_20190212_102349_-500x330.jpg 500w, https:\/\/www.kloster-metten.com\/wp-content\/uploads\/2019\/02\/02_20190212_102349_-768x507.jpg 768w, https:\/\/www.kloster-metten.com\/wp-content\/uploads\/2019\/02\/02_20190212_102349_-1024x675.jpg 1024w, https:\/\/www.kloster-metten.com\/wp-content\/uploads\/2019\/02\/02_20190212_102349_.jpg 1313w\" sizes=\"auto, (max-width: 500px) 100vw, 500px\" \/><\/a><\/p>\n<p>&nbsp;<\/p>\n","protected":false},"excerpt":{"rendered":"<p>Erfolgreich geknobelt: St.-Michaels-Gymnasiasten sahnen beim HEUREKA Wettbewerb viele Preise ab! Auch in diesem Schuljahr haben sich wieder mehr als 200 Sch\u00fclerinnen und Sch\u00fcler aus den Jahrgangsstufen 5 bis 8 am Wettbewerb \u201eHEUREKA! &#8211; Mensch und Natur\u201c beteiligt, erstmals fand der Wettbewerb nun auch online statt. HEUREKA ist ein Multiple Choice Wettbewerb, der dem Alter der [&hellip;]<\/p>\n","protected":false},"author":5,"featured_media":0,"parent":12589,"menu_order":34,"comment_status":"closed","ping_status":"closed","template":"","meta":{"footnotes":""},"class_list":["post-12165","page","type-page","status-publish","hentry"],"_links":{"self":[{"href":"https:\/\/www.kloster-metten.com\/index.php?rest_route=\/wp\/v2\/pages\/12165","targetHints":{"allow":["GET"]}}],"collection":[{"href":"https:\/\/www.kloster-metten.com\/index.php?rest_route=\/wp\/v2\/pages"}],"about":[{"href":"https:\/\/www.kloster-metten.com\/index.php?rest_route=\/wp\/v2\/types\/page"}],"author":[{"embeddable":true,"href":"https:\/\/www.kloster-metten.com\/index.php?rest_route=\/wp\/v2\/users\/5"}],"replies":[{"embeddable":true,"href":"https:\/\/www.kloster-metten.com\/index.php?rest_route=%2Fwp%2Fv2%2Fcomments&post=12165"}],"version-history":[{"count":2,"href":"https:\/\/www.kloster-metten.com\/index.php?rest_route=\/wp\/v2\/pages\/12165\/revisions"}],"predecessor-version":[{"id":13027,"href":"https:\/\/www.kloster-metten.com\/index.php?rest_route=\/wp\/v2\/pages\/12165\/revisions\/13027"}],"up":[{"embeddable":true,"href":"https:\/\/www.kloster-metten.com\/index.php?rest_route=\/wp\/v2\/pages\/12589"}],"wp:attachment":[{"href":"https:\/\/www.kloster-metten.com\/index.php?rest_route=%2Fwp%2Fv2%2Fmedia&parent=12165"}],"curies":[{"name":"wp","href":"https:\/\/api.w.org\/{rel}","templated":true}]}}