{"id":12174,"date":"2019-02-24T18:28:25","date_gmt":"2019-02-24T17:28:25","guid":{"rendered":"https:\/\/www.kloster-metten.de\/?page_id=12174"},"modified":"2020-07-26T09:35:04","modified_gmt":"2020-07-26T07:35:04","slug":"niederbayerischer-meister-2","status":"publish","type":"page","link":"https:\/\/www.kloster-metten.com\/?page_id=12174","title":{"rendered":"Niederbayerischer Meister"},"content":{"rendered":"<a href=\"https:\/\/www.kloster-metten.com\/wp-content\/uploads\/2019\/02\/20190213_095944_.jpg\"><img loading=\"lazy\" decoding=\"async\" class=\"size-medium wp-image-12175 alignnone\" title=\"20190213_095944_\" src=\"https:\/\/www.kloster-metten.com\/wp-content\/uploads\/2019\/02\/20190213_095944_-500x281.jpg\" alt=\"\" width=\"500\" height=\"281\" srcset=\"https:\/\/www.kloster-metten.com\/wp-content\/uploads\/2019\/02\/20190213_095944_-500x281.jpg 500w, https:\/\/www.kloster-metten.com\/wp-content\/uploads\/2019\/02\/20190213_095944_-768x432.jpg 768w, https:\/\/www.kloster-metten.com\/wp-content\/uploads\/2019\/02\/20190213_095944_-1024x576.jpg 1024w\" sizes=\"auto, (max-width: 500px) 100vw, 500px\" \/><\/a><h2>Niederbayerischer Meister<\/h2><p><\/p>\n<p>Erneut gro\u00dfer Erfolg f\u00fcr die Schachgruppe unseres Gymnasiums. Bei den niederbayerischen Schulschachmeisterschaften 2019 in Dingolfing konnte die Mannschaft der h\u00f6chsten Altersklasse WK I bestehend aus Sebastian K\u00f6ck, Alexander Gigler, Tobias R\u00fcmmelein, Thomas Habedank und Mika Bachmeier alle Spielrunden f\u00fcr sich entscheiden und damit souver\u00e4n den niederbayerischen Meistertitel erringen.<br \/>\nEbenfalls zu \u00fcberzeugen wussten unsere j\u00fcngeren Sch\u00fcler der WK III. Die Mannschaft bestehend aus Alexander Gigler, Jonas Waas, Simon Tannert, Jakob R\u00fcmmelein und Georg Ketterl konnte den 2. Platz in ihrer Altersklasse erreichen und damit die Vizemeisterschaft feiern.<br \/>\nBesonders erfreulich ist auch das Abschneiden der neu gegr\u00fcndeten M\u00e4dchenmannschaft bestehend aus Emily Rosenkranz, C\u00e4cilie Saller, Hannah Bareuther und Carina Knauer, die sich bei ihrem ersten Turnier ebenfalls sofort mit dem 2. Platz belohnen konnte.<br \/>\nDes Weiteren waren auch zwei Mannschaften der WK IV mit Spielern der 5. und 6. Klassen im Einsatz. Unsere Nachwuchsspieler waren zum ersten Mal bei so einem gro\u00dfen Turnier dabei und konnten viele wertvolle Turniererfahrungen sammeln.<\/p>\n\r\n\t\t<style type='text\/css'>\r\n\t\t\t#gallery-1 {\r\n\t\t\t\tmargin: auto;\r\n\t\t\t}\r\n\t\t\t#gallery-1 .gallery-item {\r\n\t\t\t\tfloat: left;\r\n\t\t\t\tmargin-top: 10px;\r\n\t\t\t\ttext-align: center;\r\n\t\t\t\twidth: 33%;\r\n\t\t\t}\r\n\t\t\t#gallery-1 hr {\r\n\t\t\t\theight: 1px;\r\n\t\t\t}\r\n\t\t\t#gallery-1 .gallery-caption {\r\n\t\t\t\tmargin-left: 0;\r\n\t\t\t}\r\n\t\t\t\/* see gallery_shortcode() in wp-includes\/media.php *\/\r\n\t\t<\/style>\n\t\t<div id='gallery-1' class='gallery galleryid-12174 gallery-columns-3 gallery-size-thumbnail'><hr class='null'><dl class='gallery-item'>\r\n\t\t\t<dt class='gallery-icon landscape'>\r\n\t\t\t\t<a title=\"20190213_153309_\"  href='https:\/\/www.kloster-metten.com\/?attachment_id=12179'><img loading=\"lazy\" decoding=\"async\" width=\"170\" height=\"115\" src=\"https:\/\/www.kloster-metten.com\/wp-content\/uploads\/2019\/02\/20190213_153309_-170x115.jpg\" class=\"attachment-thumbnail size-thumbnail\" alt=\"\" \/><\/a>\r\n\t\t\t<\/dt><\/dl><dl class='gallery-item'>\r\n\t\t\t<dt class='gallery-icon landscape'>\r\n\t\t\t\t<a title=\"20190213_103503_\"  href='https:\/\/www.kloster-metten.com\/?attachment_id=12178'><img loading=\"lazy\" decoding=\"async\" width=\"170\" height=\"115\" src=\"https:\/\/www.kloster-metten.com\/wp-content\/uploads\/2019\/02\/20190213_103503_-170x115.jpg\" class=\"attachment-thumbnail size-thumbnail\" alt=\"\" \/><\/a>\r\n\t\t\t<\/dt><\/dl><dl class='gallery-item'>\r\n\t\t\t<dt class='gallery-icon landscape'>\r\n\t\t\t\t<a title=\"20190213_103311_\"  href='https:\/\/www.kloster-metten.com\/?attachment_id=12177'><img loading=\"lazy\" decoding=\"async\" width=\"170\" height=\"115\" src=\"https:\/\/www.kloster-metten.com\/wp-content\/uploads\/2019\/02\/20190213_103311_-170x115.jpg\" class=\"attachment-thumbnail size-thumbnail\" alt=\"\" \/><\/a>\r\n\t\t\t<\/dt><\/dl><br style=\"clear: both\" \/><dl class='gallery-item'>\r\n\t\t\t<dt class='gallery-icon landscape'>\r\n\t\t\t\t<a title=\"20190213_102949_\"  href='https:\/\/www.kloster-metten.com\/?attachment_id=12176'><img loading=\"lazy\" decoding=\"async\" width=\"170\" height=\"115\" src=\"https:\/\/www.kloster-metten.com\/wp-content\/uploads\/2019\/02\/20190213_102949_-170x115.jpg\" class=\"attachment-thumbnail size-thumbnail\" alt=\"\" \/><\/a>\r\n\t\t\t<\/dt><\/dl>\r\n\t\t\t<br style='clear: both' \/>\r\n\t\t<\/div>\n\n","protected":false},"excerpt":{"rendered":"<p>Niederbayerischer Meister Erneut gro\u00dfer Erfolg f\u00fcr die Schachgruppe unseres Gymnasiums. Bei den niederbayerischen Schulschachmeisterschaften 2019 in Dingolfing konnte die Mannschaft der h\u00f6chsten Altersklasse WK I bestehend aus Sebastian K\u00f6ck, Alexander Gigler, Tobias R\u00fcmmelein, Thomas Habedank und Mika Bachmeier alle Spielrunden f\u00fcr sich entscheiden und damit souver\u00e4n den niederbayerischen Meistertitel erringen. Ebenfalls zu \u00fcberzeugen wussten unsere [&hellip;]<\/p>\n","protected":false},"author":5,"featured_media":0,"parent":12589,"menu_order":33,"comment_status":"closed","ping_status":"closed","template":"","meta":{"footnotes":""},"class_list":["post-12174","page","type-page","status-publish","hentry"],"_links":{"self":[{"href":"https:\/\/www.kloster-metten.com\/index.php?rest_route=\/wp\/v2\/pages\/12174","targetHints":{"allow":["GET"]}}],"collection":[{"href":"https:\/\/www.kloster-metten.com\/index.php?rest_route=\/wp\/v2\/pages"}],"about":[{"href":"https:\/\/www.kloster-metten.com\/index.php?rest_route=\/wp\/v2\/types\/page"}],"author":[{"embeddable":true,"href":"https:\/\/www.kloster-metten.com\/index.php?rest_route=\/wp\/v2\/users\/5"}],"replies":[{"embeddable":true,"href":"https:\/\/www.kloster-metten.com\/index.php?rest_route=%2Fwp%2Fv2%2Fcomments&post=12174"}],"version-history":[{"count":2,"href":"https:\/\/www.kloster-metten.com\/index.php?rest_route=\/wp\/v2\/pages\/12174\/revisions"}],"predecessor-version":[{"id":13029,"href":"https:\/\/www.kloster-metten.com\/index.php?rest_route=\/wp\/v2\/pages\/12174\/revisions\/13029"}],"up":[{"embeddable":true,"href":"https:\/\/www.kloster-metten.com\/index.php?rest_route=\/wp\/v2\/pages\/12589"}],"wp:attachment":[{"href":"https:\/\/www.kloster-metten.com\/index.php?rest_route=%2Fwp%2Fv2%2Fmedia&parent=12174"}],"curies":[{"name":"wp","href":"https:\/\/api.w.org\/{rel}","templated":true}]}}