{"id":12181,"date":"2019-02-27T08:58:37","date_gmt":"2019-02-27T07:58:37","guid":{"rendered":"https:\/\/www.kloster-metten.de\/?page_id=12181"},"modified":"2020-07-26T09:36:20","modified_gmt":"2020-07-26T07:36:20","slug":"erfolg-fuer-mettener-schueler-im-landeswettbewerb-alte-sprachen","status":"publish","type":"page","link":"https:\/\/www.kloster-metten.com\/?page_id=12181","title":{"rendered":"Erfolg f\u00fcr Mettener Sch\u00fcler im Landeswettbewerb Alte Sprachen"},"content":{"rendered":"<h2>Erfolg f\u00fcr Mettener Sch\u00fcler im Landeswettbewerb Alte Sprachen<\/h2><p><strong><a href=\"https:\/\/www.kloster-metten.com\/wp-content\/uploads\/2019\/02\/wettbewerb-004_.jpg\"><img loading=\"lazy\" decoding=\"async\" class=\"size-medium wp-image-12182 alignnone\" title=\"wettbewerb 004_\" src=\"https:\/\/www.kloster-metten.com\/wp-content\/uploads\/2019\/02\/wettbewerb-004_-500x346.jpg\" alt=\"\" width=\"500\" height=\"346\" srcset=\"https:\/\/www.kloster-metten.com\/wp-content\/uploads\/2019\/02\/wettbewerb-004_-500x346.jpg 500w, https:\/\/www.kloster-metten.com\/wp-content\/uploads\/2019\/02\/wettbewerb-004_-768x531.jpg 768w, https:\/\/www.kloster-metten.com\/wp-content\/uploads\/2019\/02\/wettbewerb-004_-1024x709.jpg 1024w\" sizes=\"auto, (max-width: 500px) 100vw, 500px\" \/><\/a><\/strong><\/p>\n<p>Beim Landeswettbewerb Alte Sprachen, der allj\u00e4hrich f\u00fcr die Oberstufensch\u00fcler der bayerischen Gymnasien in den F\u00e4chern Latein und Altgriechisch ausgetragen wird, erreichte Korbinian Deutinger aus dem St.-Michaels-Gymnasium Metten im Fach Griechisch die zweite Runde. Das Motto des Wettbewerbs \u201eZukunft braucht Herkunft\u201c will vergegenw\u00e4rtigen, wie wichtig es f\u00fcr den Einzelnen und die Gemeinschaft ist, sich der Voraussetzungen des eigenen Denkens, Handelns und Seins bewusst zu sein. In der ersten Runde musste ein anspruchsvoller Text \u00fcbersetzt werden, an den sich dann inhaltliche, aber auch kreative Aufgabenstellungen anschlossen. Dabei gelangte Korbinian unter die besten f\u00fcnfzig Teilnehmer Bayerns. Als Anerkennung bekam er von der Elisabeth-J.-Saal-Stiftung, die den Wettbewerb ausrichtet, neben einer Urkunde auch einen Buchpreis, der von P. Erhard, dem Schulleiter des Gymnasiums, \u00fcberreicht wurde.<\/p>\n<p>&nbsp;<\/p>\n","protected":false},"excerpt":{"rendered":"<p>Erfolg f\u00fcr Mettener Sch\u00fcler im Landeswettbewerb Alte Sprachen Beim Landeswettbewerb Alte Sprachen, der allj\u00e4hrich f\u00fcr die Oberstufensch\u00fcler der bayerischen Gymnasien in den F\u00e4chern Latein und Altgriechisch ausgetragen wird, erreichte Korbinian Deutinger aus dem St.-Michaels-Gymnasium Metten im Fach Griechisch die zweite Runde. Das Motto des Wettbewerbs \u201eZukunft braucht Herkunft\u201c will vergegenw\u00e4rtigen, wie wichtig es f\u00fcr den [&hellip;]<\/p>\n","protected":false},"author":5,"featured_media":0,"parent":12589,"menu_order":31,"comment_status":"closed","ping_status":"closed","template":"","meta":{"footnotes":""},"class_list":["post-12181","page","type-page","status-publish","hentry"],"_links":{"self":[{"href":"https:\/\/www.kloster-metten.com\/index.php?rest_route=\/wp\/v2\/pages\/12181","targetHints":{"allow":["GET"]}}],"collection":[{"href":"https:\/\/www.kloster-metten.com\/index.php?rest_route=\/wp\/v2\/pages"}],"about":[{"href":"https:\/\/www.kloster-metten.com\/index.php?rest_route=\/wp\/v2\/types\/page"}],"author":[{"embeddable":true,"href":"https:\/\/www.kloster-metten.com\/index.php?rest_route=\/wp\/v2\/users\/5"}],"replies":[{"embeddable":true,"href":"https:\/\/www.kloster-metten.com\/index.php?rest_route=%2Fwp%2Fv2%2Fcomments&post=12181"}],"version-history":[{"count":2,"href":"https:\/\/www.kloster-metten.com\/index.php?rest_route=\/wp\/v2\/pages\/12181\/revisions"}],"predecessor-version":[{"id":13032,"href":"https:\/\/www.kloster-metten.com\/index.php?rest_route=\/wp\/v2\/pages\/12181\/revisions\/13032"}],"up":[{"embeddable":true,"href":"https:\/\/www.kloster-metten.com\/index.php?rest_route=\/wp\/v2\/pages\/12589"}],"wp:attachment":[{"href":"https:\/\/www.kloster-metten.com\/index.php?rest_route=%2Fwp%2Fv2%2Fmedia&parent=12181"}],"curies":[{"name":"wp","href":"https:\/\/api.w.org\/{rel}","templated":true}]}}