{"id":12304,"date":"2019-04-04T22:12:52","date_gmt":"2019-04-04T20:12:52","guid":{"rendered":"https:\/\/www.kloster-metten.de\/?page_id=12304"},"modified":"2020-07-26T09:39:10","modified_gmt":"2020-07-26T07:39:10","slug":"niederbayerischer-meister-3","status":"publish","type":"page","link":"https:\/\/www.kloster-metten.com\/?page_id=12304","title":{"rendered":"Niederbayerischer Meister"},"content":{"rendered":"<a href=\"https:\/\/www.kloster-metten.com\/wp-content\/uploads\/2019\/04\/IMG_3585.jpg\"><img loading=\"lazy\" decoding=\"async\" class=\"size-medium wp-image-12315 alignnone\" title=\"IMG_3585\" src=\"https:\/\/www.kloster-metten.com\/wp-content\/uploads\/2019\/04\/IMG_3585-500x245.jpg\" alt=\"\" width=\"500\" height=\"245\" srcset=\"https:\/\/www.kloster-metten.com\/wp-content\/uploads\/2019\/04\/IMG_3585-500x245.jpg 500w, https:\/\/www.kloster-metten.com\/wp-content\/uploads\/2019\/04\/IMG_3585-768x377.jpg 768w, https:\/\/www.kloster-metten.com\/wp-content\/uploads\/2019\/04\/IMG_3585-1024x503.jpg 1024w, https:\/\/www.kloster-metten.com\/wp-content\/uploads\/2019\/04\/IMG_3585.jpg 1402w\" sizes=\"auto, (max-width: 500px) 100vw, 500px\" \/><\/a><h2>Niederbayerischer Meister<\/h2><p><\/p>\n<p><strong><u>Mettener Handballer erreichen S\u00fcdbayerische<\/u><\/strong><\/p>\n<p>Die Mettener Handballer der Wettkampfklasse Jungen IV haben das Ticket zur S\u00fcdbayerischen Meisterschaft gel\u00f6st. In einem hochklassigen Bezirksfinale in Landshut konnten die Spiele gegen die Dauerrivalen aus Furth und Mainburg gewonnen werden, ehe es in einem dritten Spiel um die Entscheidung gegen das Hans-Leinberger Gymnasium aus Landshut ging, das ebenfalls ihre beiden Spiele gewinnen konnte. In 2x 10 Minuten setzten sich schlie\u00dflich die Mettener in einem mitrei\u00dfenden Spiel knapp, aber verdient mit 14:13 durch. Am 09.04.19 findet nun das S\u00fcdbayerische Qualifikationsturnier f\u00fcr das Bayerische Landesfinale in Metten statt. Der talentierte Jahrgang trifft dann auf die Vertreter Oberbayerns, Schwabens und der Stadt M\u00fcnchen. Eltern und Handballfans sind dazu herzlich eingeladen.<\/p>\n","protected":false},"excerpt":{"rendered":"<p>Niederbayerischer Meister Mettener Handballer erreichen S\u00fcdbayerische Die Mettener Handballer der Wettkampfklasse Jungen IV haben das Ticket zur S\u00fcdbayerischen Meisterschaft gel\u00f6st. In einem hochklassigen Bezirksfinale in Landshut konnten die Spiele gegen die Dauerrivalen aus Furth und Mainburg gewonnen werden, ehe es in einem dritten Spiel um die Entscheidung gegen das Hans-Leinberger Gymnasium aus Landshut ging, das [&hellip;]<\/p>\n","protected":false},"author":5,"featured_media":0,"parent":12589,"menu_order":23,"comment_status":"closed","ping_status":"closed","template":"","meta":{"footnotes":""},"class_list":["post-12304","page","type-page","status-publish","hentry"],"_links":{"self":[{"href":"https:\/\/www.kloster-metten.com\/index.php?rest_route=\/wp\/v2\/pages\/12304","targetHints":{"allow":["GET"]}}],"collection":[{"href":"https:\/\/www.kloster-metten.com\/index.php?rest_route=\/wp\/v2\/pages"}],"about":[{"href":"https:\/\/www.kloster-metten.com\/index.php?rest_route=\/wp\/v2\/types\/page"}],"author":[{"embeddable":true,"href":"https:\/\/www.kloster-metten.com\/index.php?rest_route=\/wp\/v2\/users\/5"}],"replies":[{"embeddable":true,"href":"https:\/\/www.kloster-metten.com\/index.php?rest_route=%2Fwp%2Fv2%2Fcomments&post=12304"}],"version-history":[{"count":4,"href":"https:\/\/www.kloster-metten.com\/index.php?rest_route=\/wp\/v2\/pages\/12304\/revisions"}],"predecessor-version":[{"id":13037,"href":"https:\/\/www.kloster-metten.com\/index.php?rest_route=\/wp\/v2\/pages\/12304\/revisions\/13037"}],"up":[{"embeddable":true,"href":"https:\/\/www.kloster-metten.com\/index.php?rest_route=\/wp\/v2\/pages\/12589"}],"wp:attachment":[{"href":"https:\/\/www.kloster-metten.com\/index.php?rest_route=%2Fwp%2Fv2%2Fmedia&parent=12304"}],"curies":[{"name":"wp","href":"https:\/\/api.w.org\/{rel}","templated":true}]}}