{"id":12784,"date":"2020-01-24T13:28:50","date_gmt":"2020-01-24T12:28:50","guid":{"rendered":"https:\/\/www.kloster-metten.de\/?page_id=12784"},"modified":"2023-02-18T09:56:20","modified_gmt":"2023-02-18T08:56:20","slug":"88-tasten-suchen-einen-paten","status":"publish","type":"page","link":"https:\/\/www.kloster-metten.com\/?page_id=12784","title":{"rendered":"88 Tasten suchen einen Paten"},"content":{"rendered":"<h2>88 Tasten suchen einen Paten<\/h2><p>Ein neuer Fl\u00fcgel f\u00fcr den Festsaal!<\/p>\n<p>Am Sonntag, den 29. Mai 2022 konnte endlich unser neuer Fl\u00fcgel der \u00d6ffentlichkeit pr\u00e4sentiert werden.<br \/>\n<a href=\"https:\/\/www.kloster-metten.com\/wp-content\/uploads\/2022\/07\/Tasten-Foto-1-scaled.jpg\"><img class=\"size-medium wp-image-13885 alignnone\" title=\"Tasten Foto 1\" src=\"https:\/\/www.kloster-metten.com\/wp-content\/uploads\/2022\/07\/Tasten-Foto-1-500x375.jpg\" alt=\"\" width=\"500\" height=\"375\" \/><\/a><br \/>\nBeim Vorstellungsnachmittag begr\u00fc\u00dfte Fachschaftsleiter Christoph Liebl P. Prior Erhard Hinrainer als Vertreter der Benediktinerabtei und dankte ihm f\u00fcr die Begleitung des Projekts \u201e88 Tasten suchen einen Paten\u201d mit gro\u00dfem Wohlwollen und Interesse von Anfang an. Im Advent 2020 empfing das Instrument durch P. Erhard den Segen der Kirche. Ebenso ging ein Dank an die Klosterverwaltung, vor allem an Cellerar P. Markus Haering OSB f\u00fcr die sehr gute Zusammenarbeit in allen betriebswirtschaftlichen Belangen, die bei einer Spendenaktion anfallen. Ein Willkommensgru\u00df galt Jirapa und Nikolaus Metz vom gleichnamigen Klavierhaus in Regensburg. Die Firma Metz, schon seit Jahrzehnten mit der Pflege der Instrumente im Haus beauftragt, betreute das Projekt in hervorragender Weise.<br \/>\n<a href=\"https:\/\/www.kloster-metten.com\/wp-content\/uploads\/2022\/07\/Tasten-Foto-2-scaled.jpg\"><img class=\"size-medium wp-image-13886 alignnone\" title=\"Tasten Foto 2\" src=\"https:\/\/www.kloster-metten.com\/wp-content\/uploads\/2022\/07\/Tasten-Foto-2-500x375.jpg\" alt=\"\" width=\"500\" height=\"375\" \/><\/a><br \/>\nChristoph Liebl dankte aber vor allem den Tastenpatinnen und \u2013paten. Als die Aktion \u201e88 Tasten suchen einen Paten\u201f im Jahr 2018 ins Leben gerufen wurde, war der Plan, die angestrebte Summe in etwa f\u00fcnf Jahren erreichen zu k\u00f6nnen. Aber die Resonanz war \u00fcberw\u00e4ltigend und bereits im Juni 2019 die H\u00e4lfte des Anschaffungspreises erreicht! Im November 2020 konnte das Instrument bei Steinway &amp; Sons in Hamburg ausgew\u00e4hlt und knapp drei Wochen sp\u00e4ter geliefert werden. Alle Spenderinnen und Spender zeigten mit der \u00dcbernahme einer Patenschaft, dass sie sich als Sch\u00fcler, Sch\u00fclereltern, Altmettener oder Freunde des Klosters in besonderer Weise mit unserem Haus verbunden f\u00fchlen. Sehr gerne wurden sie \u2013 ihr Einverst\u00e4ndnis vorausgesetzt \u2013 auf der Spendertastatur im Foyer verewigt.<br \/>\n<a href=\"https:\/\/www.kloster-metten.com\/wp-content\/uploads\/2022\/07\/Tasten-Foto-3.jpg\"><img class=\"size-medium wp-image-13887 alignnone\" title=\"Tasten Foto 3\" src=\"https:\/\/www.kloster-metten.com\/wp-content\/uploads\/2022\/07\/Tasten-Foto-3-353x500.jpg\" alt=\"\" width=\"353\" height=\"500\" \/><\/a><br \/>\nIn einem interessanten Vortrag gab J\u00f6rg Helmke, Area Manager Europe der Firma Steinway &amp; Sons, Einblicke in die Produktion, die Geschichte, die Materialien, in die besondere Bauweise und die Entwicklung des Klangs eines Steinway-Instruments. Nach Dankesworten von P. Erhard konnten sich die Tastenpatinnen und \u2013paten anschlie\u00dfend bei Kaffee und Kuchen im Speisesaal austauschen.<br \/>\n<a href=\"https:\/\/www.kloster-metten.com\/wp-content\/uploads\/2022\/07\/Tasten-Foto-45-scaled.jpg\"><img class=\"size-medium wp-image-13889 alignnone\" title=\"Tasten Foto 4+5\" src=\"https:\/\/www.kloster-metten.com\/wp-content\/uploads\/2022\/07\/Tasten-Foto-45-500x325.jpg\" alt=\"\" width=\"500\" height=\"325\" \/><\/a><br \/>\nAls H\u00f6hepunkt des Vorstellungsnachmittags fand im Festsaal ein Sinfoniekonzert unter der Leitung von Christoph Liebl statt. Bl\u00e4ser des Bayerischen Staatsorchesters M\u00fcnchen und das Kammerorchester Regensburg spielten die Sinfonie Nr. 84 Es-Dur von Joseph Haydn und die Sinfonie Nr. 5 B-Dur D 485 von Franz Schubert. Im Mittelpunkt stand das Klavierkonzert Nr. 2 B-Dur op. 19 von Ludwig van Beethoven. Der aus Straubing stammende und international gefragte Pianist Gerold Huber brillierte als Solist auf dem neuen Steinway-Fl\u00fcgel.<\/p>\n<p><a href=\"https:\/\/www.kloster-metten.com\/wp-content\/uploads\/2022\/07\/Tasten-Foto-6-scaled.jpg\"><img class=\"alignleft size-medium wp-image-13891\" title=\"Tasten Foto 6\" src=\"https:\/\/www.kloster-metten.com\/wp-content\/uploads\/2022\/07\/Tasten-Foto-6-500x235.jpg\" alt=\"\" width=\"500\" height=\"235\" \/><\/a><a href=\"https:\/\/www.kloster-metten.com\/wp-content\/uploads\/2022\/07\/Tasten-Foto-7.jpeg\"><img class=\"alignleft size-medium wp-image-13892\" title=\"Tasten Foto 7\" src=\"https:\/\/www.kloster-metten.com\/wp-content\/uploads\/2022\/07\/Tasten-Foto-7-500x375.jpeg\" alt=\"\" width=\"500\" height=\"375\" \/><\/a><\/p>\n","protected":false},"excerpt":{"rendered":"<p>88 Tasten suchen einen PatenEin neuer Fl\u00fcgel f\u00fcr den Festsaal! Am Sonntag, den 29. Mai 2022 konnte endlich unser neuer Fl\u00fcgel der \u00d6ffentlichkeit pr\u00e4sentiert werden. Beim Vorstellungsnachmittag begr\u00fc\u00dfte Fachschaftsleiter Christoph Liebl P. Prior Erhard Hinrainer als Vertreter der Benediktinerabtei und dankte ihm f\u00fcr die Begleitung des Projekts \u201e88 Tasten suchen einen Paten\u201d mit gro\u00dfem Wohlwollen [&hellip;]<\/p>\n","protected":false},"author":5,"featured_media":0,"parent":1120,"menu_order":-124,"comment_status":"closed","ping_status":"closed","template":"","meta":{"footnotes":""},"class_list":["post-12784","page","type-page","status-publish","hentry"],"_links":{"self":[{"href":"https:\/\/www.kloster-metten.com\/index.php?rest_route=\/wp\/v2\/pages\/12784","targetHints":{"allow":["GET"]}}],"collection":[{"href":"https:\/\/www.kloster-metten.com\/index.php?rest_route=\/wp\/v2\/pages"}],"about":[{"href":"https:\/\/www.kloster-metten.com\/index.php?rest_route=\/wp\/v2\/types\/page"}],"author":[{"embeddable":true,"href":"https:\/\/www.kloster-metten.com\/index.php?rest_route=\/wp\/v2\/users\/5"}],"replies":[{"embeddable":true,"href":"https:\/\/www.kloster-metten.com\/index.php?rest_route=%2Fwp%2Fv2%2Fcomments&post=12784"}],"version-history":[{"count":22,"href":"https:\/\/www.kloster-metten.com\/index.php?rest_route=\/wp\/v2\/pages\/12784\/revisions"}],"predecessor-version":[{"id":13932,"href":"https:\/\/www.kloster-metten.com\/index.php?rest_route=\/wp\/v2\/pages\/12784\/revisions\/13932"}],"up":[{"embeddable":true,"href":"https:\/\/www.kloster-metten.com\/index.php?rest_route=\/wp\/v2\/pages\/1120"}],"wp:attachment":[{"href":"https:\/\/www.kloster-metten.com\/index.php?rest_route=%2Fwp%2Fv2%2Fmedia&parent=12784"}],"curies":[{"name":"wp","href":"https:\/\/api.w.org\/{rel}","templated":true}]}}