{"id":12844,"date":"2020-02-19T22:41:42","date_gmt":"2020-02-19T21:41:42","guid":{"rendered":"https:\/\/www.kloster-metten.de\/?page_id=12844"},"modified":"2022-09-17T11:37:33","modified_gmt":"2022-09-17T09:37:33","slug":"niederbayerischer-meister","status":"publish","type":"page","link":"https:\/\/www.kloster-metten.com\/?page_id=12844","title":{"rendered":"Niederbayerischer Meister"},"content":{"rendered":"<h2>Niederbayerischer Meister<\/h2><p><strong><u><a href=\"https:\/\/www.kloster-metten.com\/wp-content\/uploads\/2020\/02\/20200217_153438.jpg\"><img loading=\"lazy\" decoding=\"async\" class=\"size-medium wp-image-12846 alignnone\" title=\"20200217_153438\" src=\"https:\/\/www.kloster-metten.com\/wp-content\/uploads\/2020\/02\/20200217_153438-500x281.jpg\" alt=\"\" width=\"500\" height=\"281\" srcset=\"https:\/\/www.kloster-metten.com\/wp-content\/uploads\/2020\/02\/20200217_153438-500x281.jpg 500w, https:\/\/www.kloster-metten.com\/wp-content\/uploads\/2020\/02\/20200217_153438-768x432.jpg 768w, https:\/\/www.kloster-metten.com\/wp-content\/uploads\/2020\/02\/20200217_153438-1024x576.jpg 1024w\" sizes=\"auto, (max-width: 500px) 100vw, 500px\" \/><\/a><\/u><\/strong><\/p>\n<p>Erneut gro\u00dfer Erfolg f\u00fcr die Schachgruppe unseres Gymnasiums. Bei den niederbayerischen Schulschachmeisterschaften 2020 in Dingolfing konnte unsere Mannschaft der Altersklasse WK III bestehend aus Simon Tannert, Alexander Gigler, Jonas Waas und Philipp K\u00f6ck alle Spielrunden ohne Niederlage \u00fcberstehen und damit souver\u00e4n unter 15 Mannschaften den niederbayerischen Meistertitel erringen.<\/p>\n<p><a href=\"https:\/\/www.kloster-metten.com\/wp-content\/uploads\/2020\/02\/20200217_114210.jpg\"><img loading=\"lazy\" decoding=\"async\" class=\"size-medium wp-image-12845 alignnone\" title=\"20200217_114210\" src=\"https:\/\/www.kloster-metten.com\/wp-content\/uploads\/2020\/02\/20200217_114210-500x281.jpg\" alt=\"\" width=\"500\" height=\"281\" srcset=\"https:\/\/www.kloster-metten.com\/wp-content\/uploads\/2020\/02\/20200217_114210-500x281.jpg 500w, https:\/\/www.kloster-metten.com\/wp-content\/uploads\/2020\/02\/20200217_114210-768x432.jpg 768w, https:\/\/www.kloster-metten.com\/wp-content\/uploads\/2020\/02\/20200217_114210-1024x576.jpg 1024w\" sizes=\"auto, (max-width: 500px) 100vw, 500px\" \/><\/a><\/p>\n<p>Insgesamt war unsere Schule in diesem Jahr mit der neuen Rekordzahl von sechs Mannschaften in den verschiedenen Altersklassen am Start, wobei alle Spielerinnen und Spieler eine sehr ansprechende Leistung zeigten. Insbesondere unsere Nachwuchsspieler der 5. und 6. Klassen, welche teilweise zum ersten Mal bei einem so gro\u00dfen Turnier dabei waren, konnten viele wertvolle Turniererfahrungen sammeln und erste Erfolgserlebnisse verbuchen.<\/p>\n<p>Rupert M\u00fcller<\/p>\n<p><a href=\"https:\/\/www.kloster-metten.com\/wp-content\/uploads\/2020\/02\/20200217_154409_.jpg\"><img loading=\"lazy\" decoding=\"async\" class=\"alignleft size-medium wp-image-12847\" title=\"20200217_154409_\" src=\"https:\/\/www.kloster-metten.com\/wp-content\/uploads\/2020\/02\/20200217_154409_-500x281.jpg\" alt=\"\" width=\"500\" height=\"281\" srcset=\"https:\/\/www.kloster-metten.com\/wp-content\/uploads\/2020\/02\/20200217_154409_-500x281.jpg 500w, https:\/\/www.kloster-metten.com\/wp-content\/uploads\/2020\/02\/20200217_154409_-768x432.jpg 768w, https:\/\/www.kloster-metten.com\/wp-content\/uploads\/2020\/02\/20200217_154409_-1024x576.jpg 1024w\" sizes=\"auto, (max-width: 500px) 100vw, 500px\" \/><\/a><\/p>\n","protected":false},"excerpt":{"rendered":"<p>Niederbayerischer Meister Erneut gro\u00dfer Erfolg f\u00fcr die Schachgruppe unseres Gymnasiums. Bei den niederbayerischen Schulschachmeisterschaften 2020 in Dingolfing konnte unsere Mannschaft der Altersklasse WK III bestehend aus Simon Tannert, Alexander Gigler, Jonas Waas und Philipp K\u00f6ck alle Spielrunden ohne Niederlage \u00fcberstehen und damit souver\u00e4n unter 15 Mannschaften den niederbayerischen Meistertitel erringen. Insgesamt war unsere Schule in [&hellip;]<\/p>\n","protected":false},"author":5,"featured_media":0,"parent":12589,"menu_order":-3,"comment_status":"closed","ping_status":"closed","template":"","meta":{"footnotes":""},"class_list":["post-12844","page","type-page","status-publish","hentry"],"_links":{"self":[{"href":"https:\/\/www.kloster-metten.com\/index.php?rest_route=\/wp\/v2\/pages\/12844","targetHints":{"allow":["GET"]}}],"collection":[{"href":"https:\/\/www.kloster-metten.com\/index.php?rest_route=\/wp\/v2\/pages"}],"about":[{"href":"https:\/\/www.kloster-metten.com\/index.php?rest_route=\/wp\/v2\/types\/page"}],"author":[{"embeddable":true,"href":"https:\/\/www.kloster-metten.com\/index.php?rest_route=\/wp\/v2\/users\/5"}],"replies":[{"embeddable":true,"href":"https:\/\/www.kloster-metten.com\/index.php?rest_route=%2Fwp%2Fv2%2Fcomments&post=12844"}],"version-history":[{"count":2,"href":"https:\/\/www.kloster-metten.com\/index.php?rest_route=\/wp\/v2\/pages\/12844\/revisions"}],"predecessor-version":[{"id":12849,"href":"https:\/\/www.kloster-metten.com\/index.php?rest_route=\/wp\/v2\/pages\/12844\/revisions\/12849"}],"up":[{"embeddable":true,"href":"https:\/\/www.kloster-metten.com\/index.php?rest_route=\/wp\/v2\/pages\/12589"}],"wp:attachment":[{"href":"https:\/\/www.kloster-metten.com\/index.php?rest_route=%2Fwp%2Fv2%2Fmedia&parent=12844"}],"curies":[{"name":"wp","href":"https:\/\/api.w.org\/{rel}","templated":true}]}}