{"id":12943,"date":"2020-04-16T19:25:59","date_gmt":"2020-04-16T17:25:59","guid":{"rendered":"https:\/\/www.kloster-metten.de\/?page_id=12943"},"modified":"2021-02-22T20:19:49","modified_gmt":"2021-02-22T19:19:49","slug":"neuanmeldungen-fuer-das-schuljahr-2020-2021","status":"publish","type":"page","link":"https:\/\/www.kloster-metten.com\/?page_id=12943","title":{"rendered":"Neuanmeldungen f\u00fcr das Schuljahr 2020\/2021"},"content":{"rendered":"<a href=\"https:\/\/www.kloster-metten.com\/wp-content\/uploads\/2020\/04\/Logo_gym_farb2.jpg\"><img loading=\"lazy\" decoding=\"async\" class=\"size-medium wp-image-12945 aligncenter\" title=\"Logo_gym_farb2\" src=\"https:\/\/www.kloster-metten.com\/wp-content\/uploads\/2020\/04\/Logo_gym_farb2-500x318.jpg\" alt=\"\" width=\"500\" height=\"318\" srcset=\"https:\/\/www.kloster-metten.com\/wp-content\/uploads\/2020\/04\/Logo_gym_farb2-500x318.jpg 500w, https:\/\/www.kloster-metten.com\/wp-content\/uploads\/2020\/04\/Logo_gym_farb2-768x488.jpg 768w, https:\/\/www.kloster-metten.com\/wp-content\/uploads\/2020\/04\/Logo_gym_farb2-1024x651.jpg 1024w, https:\/\/www.kloster-metten.com\/wp-content\/uploads\/2020\/04\/Logo_gym_farb2.jpg 1767w\" sizes=\"auto, (max-width: 500px) 100vw, 500px\" \/><\/a><h2>Neuanmeldungen f\u00fcr das Schuljahr 2020\/2021<\/h2><p><\/p>\n<p>Aufgrund der Allgemeinverf\u00fcgung des Bayerischen Staatsministeriums f\u00fcr Gesundheit und Pflege vom 24. April 2020 k\u00f6nnen erst ab Montag, 11. Mai 2020 Einzelf\u00fchrungen durch das Gymnasium vereinbart werden.<\/p>\n<p>Allen Eltern, die sich gemeinsam mit ihrem Kind bereits f\u00fcr eine Anmeldung am St.-Michaels-Gymnasium entschieden haben, werden die entsprechenden Anmeldeunterlagen auch gerne zugeschickt.<\/p>\n<p>Nehmen Sie bitte f\u00fcr eine Vereinbarung einer Einzelf\u00fchrung bzw. zur Anforderung der Anmeldeunterlagen mit dem Sekretariat (Tel. 0991\/9108-120 oder Mail: <a href=\"mailto:sekretariat@kloster-metten.de\">sekretariat@kloster-metten.de<\/a>) Kontakt auf!<\/p>\n","protected":false},"excerpt":{"rendered":"<p>Neuanmeldungen f\u00fcr das Schuljahr 2020\/2021 Aufgrund der Allgemeinverf\u00fcgung des Bayerischen Staatsministeriums f\u00fcr Gesundheit und Pflege vom 24. April 2020 k\u00f6nnen erst ab Montag, 11. Mai 2020 Einzelf\u00fchrungen durch das Gymnasium vereinbart werden. Allen Eltern, die sich gemeinsam mit ihrem Kind bereits f\u00fcr eine Anmeldung am St.-Michaels-Gymnasium entschieden haben, werden die entsprechenden Anmeldeunterlagen auch gerne zugeschickt. [&hellip;]<\/p>\n","protected":false},"author":5,"featured_media":0,"parent":12589,"menu_order":-6,"comment_status":"closed","ping_status":"closed","template":"","meta":{"footnotes":""},"class_list":["post-12943","page","type-page","status-publish","hentry"],"_links":{"self":[{"href":"https:\/\/www.kloster-metten.com\/index.php?rest_route=\/wp\/v2\/pages\/12943","targetHints":{"allow":["GET"]}}],"collection":[{"href":"https:\/\/www.kloster-metten.com\/index.php?rest_route=\/wp\/v2\/pages"}],"about":[{"href":"https:\/\/www.kloster-metten.com\/index.php?rest_route=\/wp\/v2\/types\/page"}],"author":[{"embeddable":true,"href":"https:\/\/www.kloster-metten.com\/index.php?rest_route=\/wp\/v2\/users\/5"}],"replies":[{"embeddable":true,"href":"https:\/\/www.kloster-metten.com\/index.php?rest_route=%2Fwp%2Fv2%2Fcomments&post=12943"}],"version-history":[{"count":8,"href":"https:\/\/www.kloster-metten.com\/index.php?rest_route=\/wp\/v2\/pages\/12943\/revisions"}],"predecessor-version":[{"id":13126,"href":"https:\/\/www.kloster-metten.com\/index.php?rest_route=\/wp\/v2\/pages\/12943\/revisions\/13126"}],"up":[{"embeddable":true,"href":"https:\/\/www.kloster-metten.com\/index.php?rest_route=\/wp\/v2\/pages\/12589"}],"wp:attachment":[{"href":"https:\/\/www.kloster-metten.com\/index.php?rest_route=%2Fwp%2Fv2%2Fmedia&parent=12943"}],"curies":[{"name":"wp","href":"https:\/\/api.w.org\/{rel}","templated":true}]}}