{"id":13249,"date":"2020-11-04T08:54:21","date_gmt":"2020-11-04T07:54:21","guid":{"rendered":"https:\/\/www.kloster-metten.de\/?page_id=13249"},"modified":"2022-09-17T11:41:50","modified_gmt":"2022-09-17T09:41:50","slug":"ein-hauch-von-schullandheim","status":"publish","type":"page","link":"https:\/\/www.kloster-metten.com\/?page_id=13249","title":{"rendered":"Ein Hauch von Schullandheim"},"content":{"rendered":"<h2>Ein Hauch von Schullandheim<\/h2><p><strong><a href=\"https:\/\/www.kloster-metten.com\/wp-content\/uploads\/2020\/11\/IMG_20201030_082303_1_.jpg\"><img loading=\"lazy\" decoding=\"async\" class=\"size-medium wp-image-13255 alignnone\" title=\"IMG_20201030_082303_1_\" src=\"https:\/\/www.kloster-metten.com\/wp-content\/uploads\/2020\/11\/IMG_20201030_082303_1_-500x375.jpg\" alt=\"\" width=\"500\" height=\"375\" srcset=\"https:\/\/www.kloster-metten.com\/wp-content\/uploads\/2020\/11\/IMG_20201030_082303_1_-500x375.jpg 500w, https:\/\/www.kloster-metten.com\/wp-content\/uploads\/2020\/11\/IMG_20201030_082303_1_-1024x768.jpg 1024w, https:\/\/www.kloster-metten.com\/wp-content\/uploads\/2020\/11\/IMG_20201030_082303_1_-768x576.jpg 768w, https:\/\/www.kloster-metten.com\/wp-content\/uploads\/2020\/11\/IMG_20201030_082303_1_.jpg 1040w\" sizes=\"auto, (max-width: 500px) 100vw, 500px\" \/><\/a><\/strong><\/p>\n<p>Eigentlich war f\u00fcr die letzte Woche vor den Allerheiligenferien ja ein Aufenthalt im Schullandheim f\u00fcr die f\u00fcnften Klassen geplant. Nachdem heuer aber alles anders ablaufen muss, fand am Freitag vor den Ferien ein Klassentag statt, an dem den Sch\u00fclerinnen und Sch\u00fclern wenigstens ein paar Programmpunkte aus dem Schullandheim erm\u00f6glicht wurden. So stand auf dem Stundenplan statt Latein, Deutsch und Mathe \u201ePack ma\u00b4s\u201c, ein Projekt zur St\u00e4rkung der Klassengemeinschaft, eine Schnitzeljagd durch das weitl\u00e4ufige Schul- und Klostergel\u00e4nde, ein kurzer Benimmkurs sowie \u00dcberlegungen und Entspannungs\u00fcbungen zur Stressbew\u00e4ltigung. Auch der schuleigene Sanit\u00e4tsdienst stellte sich an diesem Tag bei den f\u00fcnften Klassen vor, die sich \u00fcber den abwechslungsreichen Tag freuten und bei den verschiedenen Aufgaben mit Eifer dabei waren.<\/p>\n\r\n\t\t<style type='text\/css'>\r\n\t\t\t#gallery-1 {\r\n\t\t\t\tmargin: auto;\r\n\t\t\t}\r\n\t\t\t#gallery-1 .gallery-item {\r\n\t\t\t\tfloat: left;\r\n\t\t\t\tmargin-top: 10px;\r\n\t\t\t\ttext-align: center;\r\n\t\t\t\twidth: 33%;\r\n\t\t\t}\r\n\t\t\t#gallery-1 hr {\r\n\t\t\t\theight: 1px;\r\n\t\t\t}\r\n\t\t\t#gallery-1 .gallery-caption {\r\n\t\t\t\tmargin-left: 0;\r\n\t\t\t}\r\n\t\t\t\/* see gallery_shortcode() in wp-includes\/media.php *\/\r\n\t\t<\/style>\n\t\t<div id='gallery-1' class='gallery galleryid-13249 gallery-columns-3 gallery-size-thumbnail'><hr class='null'><dl class='gallery-item'>\r\n\t\t\t<dt class='gallery-icon landscape'>\r\n\t\t\t\t<a title=\"91AAD3DF-0BBB-4624-A073-33BF304E5F20_\"  href='https:\/\/www.kloster-metten.com\/?attachment_id=13256'><img loading=\"lazy\" decoding=\"async\" width=\"170\" height=\"115\" src=\"https:\/\/www.kloster-metten.com\/wp-content\/uploads\/2020\/11\/91AAD3DF-0BBB-4624-A073-33BF304E5F20_-170x115.jpg\" class=\"attachment-thumbnail size-thumbnail\" alt=\"\" \/><\/a>\r\n\t\t\t<\/dt><\/dl><dl class='gallery-item'>\r\n\t\t\t<dt class='gallery-icon landscape'>\r\n\t\t\t\t<a title=\"IMG_20201030_092042_\"  href='https:\/\/www.kloster-metten.com\/?attachment_id=13254'><img loading=\"lazy\" decoding=\"async\" width=\"170\" height=\"115\" src=\"https:\/\/www.kloster-metten.com\/wp-content\/uploads\/2020\/11\/IMG_20201030_092042_-170x115.jpg\" class=\"attachment-thumbnail size-thumbnail\" alt=\"\" \/><\/a>\r\n\t\t\t<\/dt><\/dl><dl class='gallery-item'>\r\n\t\t\t<dt class='gallery-icon landscape'>\r\n\t\t\t\t<a title=\"58D9BF5C-6055-42E8-9AE5-8F574B53FBEF_\"  href='https:\/\/www.kloster-metten.com\/?attachment_id=13253'><img loading=\"lazy\" decoding=\"async\" width=\"170\" height=\"115\" src=\"https:\/\/www.kloster-metten.com\/wp-content\/uploads\/2020\/11\/58D9BF5C-6055-42E8-9AE5-8F574B53FBEF_-170x115.jpg\" class=\"attachment-thumbnail size-thumbnail\" alt=\"\" \/><\/a>\r\n\t\t\t<\/dt><\/dl><br style=\"clear: both\" \/>\r\n\t\t<\/div>\n\n","protected":false},"excerpt":{"rendered":"<p>Ein Hauch von Schullandheim Eigentlich war f\u00fcr die letzte Woche vor den Allerheiligenferien ja ein Aufenthalt im Schullandheim f\u00fcr die f\u00fcnften Klassen geplant. Nachdem heuer aber alles anders ablaufen muss, fand am Freitag vor den Ferien ein Klassentag statt, an dem den Sch\u00fclerinnen und Sch\u00fclern wenigstens ein paar Programmpunkte aus dem Schullandheim erm\u00f6glicht wurden. So [&hellip;]<\/p>\n","protected":false},"author":5,"featured_media":0,"parent":12589,"menu_order":-15,"comment_status":"closed","ping_status":"closed","template":"","meta":{"footnotes":""},"class_list":["post-13249","page","type-page","status-publish","hentry"],"_links":{"self":[{"href":"https:\/\/www.kloster-metten.com\/index.php?rest_route=\/wp\/v2\/pages\/13249","targetHints":{"allow":["GET"]}}],"collection":[{"href":"https:\/\/www.kloster-metten.com\/index.php?rest_route=\/wp\/v2\/pages"}],"about":[{"href":"https:\/\/www.kloster-metten.com\/index.php?rest_route=\/wp\/v2\/types\/page"}],"author":[{"embeddable":true,"href":"https:\/\/www.kloster-metten.com\/index.php?rest_route=\/wp\/v2\/users\/5"}],"replies":[{"embeddable":true,"href":"https:\/\/www.kloster-metten.com\/index.php?rest_route=%2Fwp%2Fv2%2Fcomments&post=13249"}],"version-history":[{"count":1,"href":"https:\/\/www.kloster-metten.com\/index.php?rest_route=\/wp\/v2\/pages\/13249\/revisions"}],"predecessor-version":[{"id":13257,"href":"https:\/\/www.kloster-metten.com\/index.php?rest_route=\/wp\/v2\/pages\/13249\/revisions\/13257"}],"up":[{"embeddable":true,"href":"https:\/\/www.kloster-metten.com\/index.php?rest_route=\/wp\/v2\/pages\/12589"}],"wp:attachment":[{"href":"https:\/\/www.kloster-metten.com\/index.php?rest_route=%2Fwp%2Fv2%2Fmedia&parent=13249"}],"curies":[{"name":"wp","href":"https:\/\/api.w.org\/{rel}","templated":true}]}}