{"id":13362,"date":"2020-12-09T20:20:00","date_gmt":"2020-12-09T19:20:00","guid":{"rendered":"https:\/\/www.kloster-metten.de\/?page_id=13362"},"modified":"2022-09-17T11:43:39","modified_gmt":"2022-09-17T09:43:39","slug":"erneute-auszeichnung-als-mint-freundliche-schule","status":"publish","type":"page","link":"https:\/\/www.kloster-metten.com\/?page_id=13362","title":{"rendered":"Erneute Auszeichnung als MINT-freundliche Schule"},"content":{"rendered":"<a href=\"https:\/\/www.kloster-metten.com\/wp-content\/uploads\/2021\/02\/00MINT-freundliche_Schule_Logo.jpg\"><img loading=\"lazy\" decoding=\"async\" class=\"aligncenter wp-image-13417 size-medium\" title=\"00MINT-freundliche_Schule_Logo\" src=\"https:\/\/www.kloster-metten.com\/wp-content\/uploads\/2021\/02\/00MINT-freundliche_Schule_Logo-e1614021257434-500x215.jpg\" alt=\"\" width=\"500\" height=\"215\" srcset=\"https:\/\/www.kloster-metten.com\/wp-content\/uploads\/2021\/02\/00MINT-freundliche_Schule_Logo-e1614021257434-500x215.jpg 500w, https:\/\/www.kloster-metten.com\/wp-content\/uploads\/2021\/02\/00MINT-freundliche_Schule_Logo-e1614021257434-768x330.jpg 768w, https:\/\/www.kloster-metten.com\/wp-content\/uploads\/2021\/02\/00MINT-freundliche_Schule_Logo-e1614021257434.jpg 939w\" sizes=\"auto, (max-width: 500px) 100vw, 500px\" \/><\/a><h2>Erneute Auszeichnung als MINT-freundliche Schule<\/h2><p>Am Freitag, den 04.12. wurden von der Initiative \u201eMINT Zukunft schaffen\u201c insgesamt 83 bayerische Schulen als \u201eMINT-freundlich\u201c geehrt. Das St.-Michaels-Gymnasium erhielt diese Auszeichnung, die anhand eines 14 Punkte umfassenden Kriterienkatalogs alle drei Jahre vergeben wird, bereits zum dritten Mal. An der als Videokonferenz durchgef\u00fchrten Ehrung mit Gru\u00dfworten u. a. von Judith Gerlach, der bayerischen Staatsministerin f\u00fcr Digitales, und Kultusstaatssekret\u00e4rin Anna Stolz nahmen vom St.-Michaels-Gymnasium die beiden MINT-Beauftragten Carmen Prinz und Sebastian Liebl teil. Die virtuelle Feier wurde auch auf Twitch und Youtube \u00fcbertragen. Einen ausf\u00fchrlichen Pressebericht finden Sie unter <a href=\"https:\/\/mintzukunftschaffen.de\/2020\/12\/04\/auszeichnung-mint-freundliche-schulen-und-digitale-schulen-in-bayern\/\">https:\/\/mintzukunftschaffen.de\/2020\/12\/04\/auszeichnung-mint-freundliche-schulen-und-digitale-schulen-in-bayern\/<\/a><\/p>\n","protected":false},"excerpt":{"rendered":"<p>Erneute Auszeichnung als MINT-freundliche SchuleAm Freitag, den 04.12. wurden von der Initiative \u201eMINT Zukunft schaffen\u201c insgesamt 83 bayerische Schulen als \u201eMINT-freundlich\u201c geehrt. Das St.-Michaels-Gymnasium erhielt diese Auszeichnung, die anhand eines 14 Punkte umfassenden Kriterienkatalogs alle drei Jahre vergeben wird, bereits zum dritten Mal. An der als Videokonferenz durchgef\u00fchrten Ehrung mit Gru\u00dfworten u. a. von Judith [&hellip;]<\/p>\n","protected":false},"author":5,"featured_media":0,"parent":12589,"menu_order":-21,"comment_status":"closed","ping_status":"closed","template":"","meta":{"footnotes":""},"class_list":["post-13362","page","type-page","status-publish","hentry"],"_links":{"self":[{"href":"https:\/\/www.kloster-metten.com\/index.php?rest_route=\/wp\/v2\/pages\/13362","targetHints":{"allow":["GET"]}}],"collection":[{"href":"https:\/\/www.kloster-metten.com\/index.php?rest_route=\/wp\/v2\/pages"}],"about":[{"href":"https:\/\/www.kloster-metten.com\/index.php?rest_route=\/wp\/v2\/types\/page"}],"author":[{"embeddable":true,"href":"https:\/\/www.kloster-metten.com\/index.php?rest_route=\/wp\/v2\/users\/5"}],"replies":[{"embeddable":true,"href":"https:\/\/www.kloster-metten.com\/index.php?rest_route=%2Fwp%2Fv2%2Fcomments&post=13362"}],"version-history":[{"count":4,"href":"https:\/\/www.kloster-metten.com\/index.php?rest_route=\/wp\/v2\/pages\/13362\/revisions"}],"predecessor-version":[{"id":13418,"href":"https:\/\/www.kloster-metten.com\/index.php?rest_route=\/wp\/v2\/pages\/13362\/revisions\/13418"}],"up":[{"embeddable":true,"href":"https:\/\/www.kloster-metten.com\/index.php?rest_route=\/wp\/v2\/pages\/12589"}],"wp:attachment":[{"href":"https:\/\/www.kloster-metten.com\/index.php?rest_route=%2Fwp%2Fv2%2Fmedia&parent=13362"}],"curies":[{"name":"wp","href":"https:\/\/api.w.org\/{rel}","templated":true}]}}