{"id":13804,"date":"2022-03-11T07:38:39","date_gmt":"2022-03-11T06:38:39","guid":{"rendered":"https:\/\/www.kloster-metten.de\/?page_id=13804"},"modified":"2022-03-11T07:39:18","modified_gmt":"2022-03-11T06:39:18","slug":"zufaellig-genial-jugend-forscht","status":"publish","type":"page","link":"https:\/\/www.kloster-metten.com\/?page_id=13804","title":{"rendered":"\u201ezuf\u00e4llig genial?\u201c &#8211; Jugend forscht"},"content":{"rendered":"<a href=\"https:\/\/www.kloster-metten.com\/wp-content\/uploads\/2022\/03\/Rosenkranz-BottleCheck-scaled.jpg\"><img class=\"alignleft wp-image-13802 size-medium\" title=\"Rosenkranz-BottleCheck\" src=\"https:\/\/www.kloster-metten.com\/wp-content\/uploads\/2022\/03\/Rosenkranz-BottleCheck-384x500.jpg\" alt=\"\" width=\"384\" height=\"500\" \/><\/a><h2>\u201ezuf\u00e4llig genial?\u201c &#8211; Jugend forscht<\/h2><p><\/p>\n<p>Kurz vor den Faschingsferien fand der Regionalwettbewerb Niederbayern \u201eJugend forscht \u2013 Sch\u00fcler experimentieren\u201c statt \u2013 heuer unter dem Motto \u201ezuf\u00e4llig genial?\u201c und wie schon im letzten Jahr coronabedingt als Online-Veranstaltung. Emily Rosenkranz aus der Klasse 9b des St.-Michaels-Gymnasiums Metten erzielte dabei mit ihrem Projekt \u201eBottleCheck\u201c den Regionalsieg in der Sparte Technik und qualifizierte sich somit f\u00fcr den Landeswettbewerb.<\/p>\n<p>Ausgehend von der Beobachtung des eigenen Trinkverhaltens entstand die dem siegreichen Projekt zugrunde liegende Idee, die Menschen an regelm\u00e4\u00dfiges und vor allem ausreichendes Trinken zu erinnern. F\u00fcr die Realisierung baute Emily Rosenkranz aus einem Mikrocontroller und einer W\u00e4gezelle eine \"Mini-Waage\u201c, die per Bluetooth mit dem Handy verbunden werden kann. Passend dazu programmierte sie eine App, die aus den Messdaten der Waage die insgesamt getrunkene Wassermenge berechnet, wobei auch Nachf\u00fcllvorg\u00e4nge verarbeitet werden k\u00f6nnen, und davon ausgehend gegebenenfalls Benachrichtigungen zur Erinnerung an regelm\u00e4\u00dfiges Trinken an den Nutzer der App verschickt. So kann mittels \u201eBottleCheck\u201c das eigene Trinkverhalten ohne gr\u00f6\u00dferen Aufwand beobachtet und verbessert werden.<\/p>\n<p>Die Teilnehmerinnen und Teilnehmer verschiedenster Schulen aus ganz Niederbayern konnten beim Regionalwettbewerb an virtuellen St\u00e4nden ihre Projekte in den Bereichen Arbeitswelt, Biologie, Chemie, Geo- und Raumwissenschaften, Mathematik\/Informatik, Physik und Technik einem interessierten Publikum vorstellen und mussten sich den Fragen einer fachkundigen Jury stellen.<\/p>\n<p>Emily Rosenkranz beeindruckte mit der technischen Umsetzung ihrer Projektidee, dem ausgekl\u00fcgelten Zusammenspiel von Messvorgang, Datenerfassung und \u2013\u00fcbertragung mittels Microcontroller sowie mit der Funktionalit\u00e4t der App und wurde daf\u00fcr mit dem 1. Preis, gleichbedeutend mit dem Regionalsieg, im Bereich Technik ausgezeichnet. Nun verpasst sie ihrem \u201eBottleCheck\u201c-Projekt den letzten Feinschliff f\u00fcr den Landeswettbewerb, der vom 28. bis 30. M\u00e4rz wiederum im Online-Format stattfinden wird.<\/p>\n","protected":false},"excerpt":{"rendered":"<p>\u201ezuf\u00e4llig genial?\u201c &#8211; Jugend forscht Kurz vor den Faschingsferien fand der Regionalwettbewerb Niederbayern \u201eJugend forscht \u2013 Sch\u00fcler experimentieren\u201c statt \u2013 heuer unter dem Motto \u201ezuf\u00e4llig genial?\u201c und wie schon im letzten Jahr coronabedingt als Online-Veranstaltung. Emily Rosenkranz aus der Klasse 9b des St.-Michaels-Gymnasiums Metten erzielte dabei mit ihrem Projekt \u201eBottleCheck\u201c den Regionalsieg in der Sparte [&hellip;]<\/p>\n","protected":false},"author":5,"featured_media":0,"parent":5394,"menu_order":-82,"comment_status":"closed","ping_status":"closed","template":"","meta":{"footnotes":""},"class_list":["post-13804","page","type-page","status-publish","hentry"],"_links":{"self":[{"href":"https:\/\/www.kloster-metten.com\/index.php?rest_route=\/wp\/v2\/pages\/13804","targetHints":{"allow":["GET"]}}],"collection":[{"href":"https:\/\/www.kloster-metten.com\/index.php?rest_route=\/wp\/v2\/pages"}],"about":[{"href":"https:\/\/www.kloster-metten.com\/index.php?rest_route=\/wp\/v2\/types\/page"}],"author":[{"embeddable":true,"href":"https:\/\/www.kloster-metten.com\/index.php?rest_route=\/wp\/v2\/users\/5"}],"replies":[{"embeddable":true,"href":"https:\/\/www.kloster-metten.com\/index.php?rest_route=%2Fwp%2Fv2%2Fcomments&post=13804"}],"version-history":[{"count":1,"href":"https:\/\/www.kloster-metten.com\/index.php?rest_route=\/wp\/v2\/pages\/13804\/revisions"}],"predecessor-version":[{"id":13805,"href":"https:\/\/www.kloster-metten.com\/index.php?rest_route=\/wp\/v2\/pages\/13804\/revisions\/13805"}],"up":[{"embeddable":true,"href":"https:\/\/www.kloster-metten.com\/index.php?rest_route=\/wp\/v2\/pages\/5394"}],"wp:attachment":[{"href":"https:\/\/www.kloster-metten.com\/index.php?rest_route=%2Fwp%2Fv2%2Fmedia&parent=13804"}],"curies":[{"name":"wp","href":"https:\/\/api.w.org\/{rel}","templated":true}]}}