{"id":143,"date":"2008-08-11T16:55:00","date_gmt":"2008-08-11T14:55:00","guid":{"rendered":"http:\/\/kloster-metten.de\/?page_id=143"},"modified":"2020-11-19T14:33:58","modified_gmt":"2020-11-19T13:33:58","slug":"pater-hering","status":"publish","type":"page","link":"https:\/\/www.kloster-metten.com\/?page_id=143","title":{"rendered":"Pater Stephan Haering"},"content":{"rendered":"<a href=\"https:\/\/www.kloster-metten.com\/wp-content\/uploads\/2020\/11\/Stephan2-1.jpg\"><img loading=\"lazy\" decoding=\"async\" class=\"alignleft size-medium wp-image-13267\" title=\"Stephan2\" src=\"https:\/\/www.kloster-metten.com\/wp-content\/uploads\/2020\/11\/Stephan2-1-374x500.jpg\" alt=\"\" width=\"374\" height=\"500\" srcset=\"https:\/\/www.kloster-metten.com\/wp-content\/uploads\/2020\/11\/Stephan2-1-374x500.jpg 374w, https:\/\/www.kloster-metten.com\/wp-content\/uploads\/2020\/11\/Stephan2-1-767x1024.jpg 767w, https:\/\/www.kloster-metten.com\/wp-content\/uploads\/2020\/11\/Stephan2-1-768x1026.jpg 768w, https:\/\/www.kloster-metten.com\/wp-content\/uploads\/2020\/11\/Stephan2-1.jpg 1135w\" sizes=\"auto, (max-width: 374px) 100vw, 374px\" \/><\/a><h2>Pater Stephan Haering<\/h2><p><\/p>\n<p>Als Experte f\u00fcr Kirchenrecht wurde allseits der Mettener Pater Stephan Haering gesch\u00e4tzt. Seit 2001 war er Inhaber des Lehrstuhls f\u00fcr Kirchenrecht, insbesondere Verwaltungsrecht sowie Kirchliche Rechtsgeschichte an der Ludwig-Maximilians-Universit\u00e4t M\u00fcnchen. Jura habe ihn schon immer interessiert, sagte der 1959 in Grafenau geborene Haering: \u201eWenn ich mich nicht f\u00fcrs Kloster entschieden h\u00e4tte, w\u00e4re ich wohl Rechtsanwalt geworden.\u201c<\/p>\n<p>So aber trat er 1978 gleich nach dem Abitur am St. Michaels-Gymnasium in Metten in den Benediktinerorden ein, studierte Theologie und wurde 1984 zum Priester geweiht. Zudem absolvierte er ein Studium der Geschichte und Germanistik. Im Recht sah er keinen Gegensatz zur christlichen N\u00e4chstenliebe, Recht sei vielmehr \u201edas Minimum an Liebe\u201c, das einem Menschen geschuldet wird und damit Schutz f\u00fcr den Schw\u00e4cheren.<\/p>\n<p>Von 1997 bis 2001 war der Pater Ordentlicher Universit\u00e4tsprofessor f\u00fcr Kirchenrecht in W\u00fcrzburg, danach folgte der Ruf nach M\u00fcnchen. Zudem war Haering Richter am Erzbisch\u00f6flichen Konsistorium und Metropolitangericht M\u00fcnchen, Berater der Glaubenskommission der Deutschen Bischofskonferenz, Mitglied der Arbeitsgruppe Kirchenrecht der Deutschen Bischofskonferenz und Gesch\u00e4ftsf\u00fchrender Herausgeber und Schriftleiter der Zeitschrift \u201eArchiv f\u00fcr katholisches Kirchenrecht\u201c.<\/p>\n<p>Papst Benedikt XVI. berief ihn im Oktober 2005 als Mitarbeiter des Sondersekretariats f\u00fcr die XI. Ordentliche Generalversammlung der Bischofssynode. Haering war Mitherausgebern des Lexikons f\u00fcr Kirchenrecht und Autor vieler kirchenrechtlicher sowie kirchen- und ordenshistorischer Schriften. Seit 2007 geh\u00f6rte er dem Hochschulrat der Katholischen Universit\u00e4t Eichst\u00e4tt-Ingolstadt (KU) an, der einzigen katholischen Universit\u00e4t im deutschsprachigen Raum.<\/p>\n<p>Die kl\u00f6sterliche Gemeinschaft war f\u00fcr Pater Stephan im wahrsten Sinn des Wortes \u201eFamilie\u201c. Denn auch sein sechs Jahre \u00e4lterer Bruder trat nach seinem BWL-Studium 1979 dem Benediktinerorden bei. Pater Markus Haering ist als Cellerar f\u00fcr die wirtschaftlichen Angelegenheiten des Konvents verantwortlich. Er unterrichtet am Gymnasium Wirtschaft- und Rechtslehre.<\/p>\n<p>Er starb v\u00f6llig \u00fcberraschend am 18. 11. 2020 in M\u00fcnchen.<\/p>\n","protected":false},"excerpt":{"rendered":"<p>Pater Stephan Haering Als Experte f\u00fcr Kirchenrecht wurde allseits der Mettener Pater Stephan Haering gesch\u00e4tzt. Seit 2001 war er Inhaber des Lehrstuhls f\u00fcr Kirchenrecht, insbesondere Verwaltungsrecht sowie Kirchliche Rechtsgeschichte an der Ludwig-Maximilians-Universit\u00e4t M\u00fcnchen. Jura habe ihn schon immer interessiert, sagte der 1959 in Grafenau geborene Haering: \u201eWenn ich mich nicht f\u00fcrs Kloster entschieden h\u00e4tte, w\u00e4re [&hellip;]<\/p>\n","protected":false},"author":5,"featured_media":0,"parent":141,"menu_order":0,"comment_status":"closed","ping_status":"closed","template":"","meta":{"footnotes":""},"class_list":["post-143","page","type-page","status-publish","hentry"],"_links":{"self":[{"href":"https:\/\/www.kloster-metten.com\/index.php?rest_route=\/wp\/v2\/pages\/143","targetHints":{"allow":["GET"]}}],"collection":[{"href":"https:\/\/www.kloster-metten.com\/index.php?rest_route=\/wp\/v2\/pages"}],"about":[{"href":"https:\/\/www.kloster-metten.com\/index.php?rest_route=\/wp\/v2\/types\/page"}],"author":[{"embeddable":true,"href":"https:\/\/www.kloster-metten.com\/index.php?rest_route=\/wp\/v2\/users\/5"}],"replies":[{"embeddable":true,"href":"https:\/\/www.kloster-metten.com\/index.php?rest_route=%2Fwp%2Fv2%2Fcomments&post=143"}],"version-history":[{"count":6,"href":"https:\/\/www.kloster-metten.com\/index.php?rest_route=\/wp\/v2\/pages\/143\/revisions"}],"predecessor-version":[{"id":13268,"href":"https:\/\/www.kloster-metten.com\/index.php?rest_route=\/wp\/v2\/pages\/143\/revisions\/13268"}],"up":[{"embeddable":true,"href":"https:\/\/www.kloster-metten.com\/index.php?rest_route=\/wp\/v2\/pages\/141"}],"wp:attachment":[{"href":"https:\/\/www.kloster-metten.com\/index.php?rest_route=%2Fwp%2Fv2%2Fmedia&parent=143"}],"curies":[{"name":"wp","href":"https:\/\/api.w.org\/{rel}","templated":true}]}}

<a href="https://www.kloster-metten.com/wp-content/uploads/2020/11/Stephan2-1.jpg"><img loading="lazy" decoding="async" class="alignleft size-medium wp-image-13267" title="Stephan2" src="https://www.kloster-metten.com/wp-content/uploads/2020/11/Stephan2-1-374x500.jpg" alt="" width="374" height="500" srcset="https://www.kloster-metten.com/wp-content/uploads/2020/11/Stephan2-1-374x500.jpg 374w, https://www.kloster-metten.com/wp-content/uploads/2020/11/Stephan2-1-767x1024.jpg 767w, https://www.kloster-metten.com/wp-content/uploads/2020/11/Stephan2-1-768x1026.jpg 768w, https://www.kloster-metten.com/wp-content/uploads/2020/11/Stephan2-1.jpg 1135w" sizes="auto, (max-width: 374px) 100vw, 374px" /></a><h2>Pater Stephan Haering</h2><p></p>
<p>Als Experte für Kirchenrecht wurde allseits der Mettener Pater Stephan Haering geschätzt. Seit 2001 war er Inhaber des Lehrstuhls für Kirchenrecht, insbesondere Verwaltungsrecht sowie Kirchliche Rechtsgeschichte an der Ludwig-Maximilians-Universität München. Jura habe ihn schon immer interessiert, sagte der 1959 in Grafenau geborene Haering: „Wenn ich mich nicht fürs Kloster entschieden hätte, wäre ich wohl Rechtsanwalt geworden.“</p>
<p>So aber trat er 1978 gleich nach dem Abitur am St. Michaels-Gymnasium in Metten in den Benediktinerorden ein, studierte Theologie und wurde 1984 zum Priester geweiht. Zudem absolvierte er ein Studium der Geschichte und Germanistik. Im Recht sah er keinen Gegensatz zur christlichen Nächstenliebe, Recht sei vielmehr „das Minimum an Liebe“, das einem Menschen geschuldet wird und damit Schutz für den Schwächeren.</p>
<p>Von 1997 bis 2001 war der Pater Ordentlicher Universitätsprofessor für Kirchenrecht in Würzburg, danach folgte der Ruf nach München. Zudem war Haering Richter am Erzbischöflichen Konsistorium und Metropolitangericht München, Berater der Glaubenskommission der Deutschen Bischofskonferenz, Mitglied der Arbeitsgruppe Kirchenrecht der Deutschen Bischofskonferenz und Geschäftsführender Herausgeber und Schriftleiter der Zeitschrift „Archiv für katholisches Kirchenrecht“.</p>
<p>Papst Benedikt XVI. berief ihn im Oktober 2005 als Mitarbeiter des Sondersekretariats für die XI. Ordentliche Generalversammlung der Bischofssynode. Haering war Mitherausgebern des Lexikons für Kirchenrecht und Autor vieler kirchenrechtlicher sowie kirchen- und ordenshistorischer Schriften. Seit 2007 gehörte er dem Hochschulrat der Katholischen Universität Eichstätt-Ingolstadt (KU) an, der einzigen katholischen Universität im deutschsprachigen Raum.</p>
<p>Die klösterliche Gemeinschaft war für Pater Stephan im wahrsten Sinn des Wortes „Familie“. Denn auch sein sechs Jahre älterer Bruder trat nach seinem BWL-Studium 1979 dem Benediktinerorden bei. Pater Markus Haering ist als Cellerar für die wirtschaftlichen Angelegenheiten des Konvents verantwortlich. Er unterrichtet am Gymnasium Wirtschaft- und Rechtslehre.</p>
<p>Er starb völlig überraschend am 18. 11. 2020 in München.</p>

<p>Pater Stephan Haering Als Experte für Kirchenrecht wurde allseits der Mettener Pater Stephan Haering geschätzt. Seit 2001 war er Inhaber des Lehrstuhls für Kirchenrecht, insbesondere Verwaltungsrecht sowie Kirchliche Rechtsgeschichte an der Ludwig-Maximilians-Universität München. Jura habe ihn schon immer interessiert, sagte der 1959 in Grafenau geborene Haering: „Wenn ich mich nicht fürs Kloster entschieden hätte, wäre [&hellip;]</p>
