{"id":149,"date":"2008-08-11T16:56:41","date_gmt":"2008-08-11T14:56:41","guid":{"rendered":"http:\/\/kloster-metten.de\/?page_id=149"},"modified":"2025-01-01T16:40:48","modified_gmt":"2025-01-01T15:40:48","slug":"seelsorge","status":"publish","type":"page","link":"https:\/\/www.kloster-metten.com\/?page_id=149","title":{"rendered":"Seelsorge"},"content":{"rendered":"<a href=\"http:\/\/kloster-metten.de\/wp-content\/uploads\/2008\/09\/_atk3144.jpg\"><img loading=\"lazy\" decoding=\"async\" class=\"alignleft size-medium wp-image-1278\" title=\"_atk3144\" src=\"http:\/\/kloster-metten.de\/wp-content\/uploads\/2008\/09\/_atk3144-332x500.jpg\" alt=\"\" width=\"230\" height=\"347\" srcset=\"https:\/\/www.kloster-metten.com\/wp-content\/uploads\/2008\/09\/_atk3144-332x500.jpg 332w, https:\/\/www.kloster-metten.com\/wp-content\/uploads\/2008\/09\/_atk3144.jpg 665w\" sizes=\"auto, (max-width: 230px) 100vw, 230px\" \/><\/a><h2>Seelsorge<\/h2><p>Vom Kloster Metten werden die Pfarrei Metten mit der Filialkirche Berg, die Pfarrei Neuhausen, die Pfarrei Michaelsbuch mit der Filiale Rettenbach und die Pfarrei Stephansposching mit der Filiale Loh betreut. Daneben leisten Mitbr\u00fcder Seelsorgsaushilfen inner- und au\u00dferhalb des Dekanates Deggendorf. Der Abt ist zudem h\u00e4ufig im Auftrag von Bischof Rudolf Voderholzer zur Firmspendung in der Di\u00f6zese Regensburg im Einsatz.<\/p>\n","protected":false},"excerpt":{"rendered":"<p>SeelsorgeVom Kloster Metten werden die Pfarrei Metten mit der Filialkirche Berg, die Pfarrei Neuhausen, die Pfarrei Michaelsbuch mit der Filiale Rettenbach und die Pfarrei Stephansposching mit der Filiale Loh betreut. Daneben leisten Mitbr\u00fcder Seelsorgsaushilfen inner- und au\u00dferhalb des Dekanates Deggendorf. Der Abt ist zudem h\u00e4ufig im Auftrag von Bischof Rudolf Voderholzer zur Firmspendung in der [&hellip;]<\/p>\n","protected":false},"author":5,"featured_media":0,"parent":119,"menu_order":0,"comment_status":"closed","ping_status":"closed","template":"","meta":{"footnotes":""},"class_list":["post-149","page","type-page","status-publish","hentry"],"_links":{"self":[{"href":"https:\/\/www.kloster-metten.com\/index.php?rest_route=\/wp\/v2\/pages\/149","targetHints":{"allow":["GET"]}}],"collection":[{"href":"https:\/\/www.kloster-metten.com\/index.php?rest_route=\/wp\/v2\/pages"}],"about":[{"href":"https:\/\/www.kloster-metten.com\/index.php?rest_route=\/wp\/v2\/types\/page"}],"author":[{"embeddable":true,"href":"https:\/\/www.kloster-metten.com\/index.php?rest_route=\/wp\/v2\/users\/5"}],"replies":[{"embeddable":true,"href":"https:\/\/www.kloster-metten.com\/index.php?rest_route=%2Fwp%2Fv2%2Fcomments&post=149"}],"version-history":[{"count":3,"href":"https:\/\/www.kloster-metten.com\/index.php?rest_route=\/wp\/v2\/pages\/149\/revisions"}],"predecessor-version":[{"id":49018,"href":"https:\/\/www.kloster-metten.com\/index.php?rest_route=\/wp\/v2\/pages\/149\/revisions\/49018"}],"up":[{"embeddable":true,"href":"https:\/\/www.kloster-metten.com\/index.php?rest_route=\/wp\/v2\/pages\/119"}],"wp:attachment":[{"href":"https:\/\/www.kloster-metten.com\/index.php?rest_route=%2Fwp%2Fv2%2Fmedia&parent=149"}],"curies":[{"name":"wp","href":"https:\/\/api.w.org\/{rel}","templated":true}]}}