{"id":155,"date":"2008-08-11T16:57:24","date_gmt":"2008-08-11T14:57:24","guid":{"rendered":"http:\/\/kloster-metten.de\/?page_id=155"},"modified":"2024-12-18T14:16:49","modified_gmt":"2024-12-18T13:16:49","slug":"gymnasium","status":"publish","type":"page","link":"https:\/\/www.kloster-metten.com\/?page_id=155","title":{"rendered":"Gymnasium"},"content":{"rendered":"<a href=\"https:\/\/www.kloster-metten.com\/wp-content\/uploads\/2024\/12\/LieblS-scaled.jpg\"><img loading=\"lazy\" decoding=\"async\" class=\"alignleft size-medium wp-image-48970\" title=\"LieblS\" src=\"https:\/\/www.kloster-metten.com\/wp-content\/uploads\/2024\/12\/LieblS-500x334.jpg\" alt=\"\" width=\"500\" height=\"334\" srcset=\"https:\/\/www.kloster-metten.com\/wp-content\/uploads\/2024\/12\/LieblS-500x334.jpg 500w, https:\/\/www.kloster-metten.com\/wp-content\/uploads\/2024\/12\/LieblS-1024x684.jpg 1024w, https:\/\/www.kloster-metten.com\/wp-content\/uploads\/2024\/12\/LieblS-170x115.jpg 170w, https:\/\/www.kloster-metten.com\/wp-content\/uploads\/2024\/12\/LieblS-768x513.jpg 768w, https:\/\/www.kloster-metten.com\/wp-content\/uploads\/2024\/12\/LieblS-1536x1025.jpg 1536w, https:\/\/www.kloster-metten.com\/wp-content\/uploads\/2024\/12\/LieblS-2048x1367.jpg 2048w\" sizes=\"auto, (max-width: 500px) 100vw, 500px\" \/><\/a><h2>Gymnasium<\/h2><p>Mit der Wiedererrichtung des Klosters Metten nach der S\u00e4kularisation 1830 durch K\u00f6nig Ludwig I. war den Benediktinern auch die Aufgabe zugefallen, eine Schule aufzubauen. Schon fr\u00fcher hatte ein Seminar f\u00fcr S\u00e4ngerknaben existiert aus dem sich nun bis heute das St.-Michaels-Gymnasium entwickelt hat. Es ist eine kleine Schule mit pers\u00f6nlicher Atmosph\u00e4re f\u00fcr M\u00e4dchen und Jungen und verf\u00fcgt \u00fcber einen humanistischen, einen neusprachlichen und einen naturwissenschaftlich-technologischen Zweig. Schulleiter ist Sebastian Liebl.<\/p>\n<p>Am Gymnasium unterrichten P. Erhard Hinrainer, der katholische Religionslehre erteilt, P. Thomas Winter gibt die F\u00e4cher Mathe und Physik und Informatik. Abt Athanasius Berggold unterrichtet Religion .<\/p>\n<p class=\"Absatzlinks\">St.-Michaels-Gymnasium Metten<br \/>\nAbteistr. 3<br \/>\n94526 Metten<\/p>\n<p><strong>Ansprechpartner: <\/strong>Schulleiter Sebastian Liebl<br \/>\nTel. (09 91) 91 08 \u2013 1 20<br \/>\nFax (09 91) 91 08 \u2013 1 78<br \/>\nE-Mail: <a href=\"mailto:sekretariat@kloster-metten.de\">sekretariat@kloster-metten.de<\/a><\/p>\n<p><a href=\"?page_id=8\">St. Michaels-Gymnasium Metten<\/a><\/p>\n","protected":false},"excerpt":{"rendered":"<p>GymnasiumMit der Wiedererrichtung des Klosters Metten nach der S\u00e4kularisation 1830 durch K\u00f6nig Ludwig I. war den Benediktinern auch die Aufgabe zugefallen, eine Schule aufzubauen. Schon fr\u00fcher hatte ein Seminar f\u00fcr S\u00e4ngerknaben existiert aus dem sich nun bis heute das St.-Michaels-Gymnasium entwickelt hat. Es ist eine kleine Schule mit pers\u00f6nlicher Atmosph\u00e4re f\u00fcr M\u00e4dchen und Jungen und [&hellip;]<\/p>\n","protected":false},"author":5,"featured_media":0,"parent":119,"menu_order":0,"comment_status":"closed","ping_status":"closed","template":"","meta":{"footnotes":""},"class_list":["post-155","page","type-page","status-publish","hentry"],"_links":{"self":[{"href":"https:\/\/www.kloster-metten.com\/index.php?rest_route=\/wp\/v2\/pages\/155","targetHints":{"allow":["GET"]}}],"collection":[{"href":"https:\/\/www.kloster-metten.com\/index.php?rest_route=\/wp\/v2\/pages"}],"about":[{"href":"https:\/\/www.kloster-metten.com\/index.php?rest_route=\/wp\/v2\/types\/page"}],"author":[{"embeddable":true,"href":"https:\/\/www.kloster-metten.com\/index.php?rest_route=\/wp\/v2\/users\/5"}],"replies":[{"embeddable":true,"href":"https:\/\/www.kloster-metten.com\/index.php?rest_route=%2Fwp%2Fv2%2Fcomments&post=155"}],"version-history":[{"count":7,"href":"https:\/\/www.kloster-metten.com\/index.php?rest_route=\/wp\/v2\/pages\/155\/revisions"}],"predecessor-version":[{"id":48971,"href":"https:\/\/www.kloster-metten.com\/index.php?rest_route=\/wp\/v2\/pages\/155\/revisions\/48971"}],"up":[{"embeddable":true,"href":"https:\/\/www.kloster-metten.com\/index.php?rest_route=\/wp\/v2\/pages\/119"}],"wp:attachment":[{"href":"https:\/\/www.kloster-metten.com\/index.php?rest_route=%2Fwp%2Fv2%2Fmedia&parent=155"}],"curies":[{"name":"wp","href":"https:\/\/api.w.org\/{rel}","templated":true}]}}

<a href="https://www.kloster-metten.com/wp-content/uploads/2024/12/LieblS-scaled.jpg"><img loading="lazy" decoding="async" class="alignleft size-medium wp-image-48970" title="LieblS" src="https://www.kloster-metten.com/wp-content/uploads/2024/12/LieblS-500x334.jpg" alt="" width="500" height="334" srcset="https://www.kloster-metten.com/wp-content/uploads/2024/12/LieblS-500x334.jpg 500w, https://www.kloster-metten.com/wp-content/uploads/2024/12/LieblS-1024x684.jpg 1024w, https://www.kloster-metten.com/wp-content/uploads/2024/12/LieblS-170x115.jpg 170w, https://www.kloster-metten.com/wp-content/uploads/2024/12/LieblS-768x513.jpg 768w, https://www.kloster-metten.com/wp-content/uploads/2024/12/LieblS-1536x1025.jpg 1536w, https://www.kloster-metten.com/wp-content/uploads/2024/12/LieblS-2048x1367.jpg 2048w" sizes="auto, (max-width: 500px) 100vw, 500px" /></a><h2>Gymnasium</h2><p>Mit der Wiedererrichtung des Klosters Metten nach der Säkularisation 1830 durch König Ludwig I. war den Benediktinern auch die Aufgabe zugefallen, eine Schule aufzubauen. Schon früher hatte ein Seminar für Sängerknaben existiert aus dem sich nun bis heute das St.-Michaels-Gymnasium entwickelt hat. Es ist eine kleine Schule mit persönlicher Atmosphäre für Mädchen und Jungen und verfügt über einen humanistischen, einen neusprachlichen und einen naturwissenschaftlich-technologischen Zweig. Schulleiter ist Sebastian Liebl.</p>
<p>Am Gymnasium unterrichten P. Erhard Hinrainer, der katholische Religionslehre erteilt, P. Thomas Winter gibt die Fächer Mathe und Physik und Informatik. Abt Athanasius Berggold unterrichtet Religion .</p>
<p class="Absatzlinks">St.-Michaels-Gymnasium Metten<br />
Abteistr. 3<br />
94526 Metten</p>
<p><strong>Ansprechpartner: </strong>Schulleiter Sebastian Liebl<br />
Tel. (09 91) 91 08 – 1 20<br />
Fax (09 91) 91 08 – 1 78<br />
E-Mail: <a href="mailto:sekretariat@kloster-metten.de">sekretariat@kloster-metten.de</a></p>
<p><a href="?page_id=8">St. Michaels-Gymnasium Metten</a></p>

<p>GymnasiumMit der Wiedererrichtung des Klosters Metten nach der Säkularisation 1830 durch König Ludwig I. war den Benediktinern auch die Aufgabe zugefallen, eine Schule aufzubauen. Schon früher hatte ein Seminar für Sängerknaben existiert aus dem sich nun bis heute das St.-Michaels-Gymnasium entwickelt hat. Es ist eine kleine Schule mit persönlicher Atmosphäre für Mädchen und Jungen und [&hellip;]</p>
