{"id":163,"date":"2008-08-11T16:58:02","date_gmt":"2008-08-11T14:58:02","guid":{"rendered":"http:\/\/kloster-metten.de\/?page_id=163"},"modified":"2025-12-21T15:24:47","modified_gmt":"2025-12-21T14:24:47","slug":"gartnerei","status":"publish","type":"page","link":"https:\/\/www.kloster-metten.com\/?page_id=163","title":{"rendered":"G\u00e4rtnerei"},"content":{"rendered":"<a href=\"http:\/\/kloster-metten.de\/wp-content\/uploads\/2008\/09\/_atk1338.jpg\"><img loading=\"lazy\" decoding=\"async\" class=\"alignleft wp-image-1292 size-medium\" title=\"_atk1338\" src=\"https:\/\/www.kloster-metten.com\/wp-content\/uploads\/2008\/09\/_atk1338-332x500.jpg\" alt=\"\" width=\"332\" height=\"500\" srcset=\"https:\/\/www.kloster-metten.com\/wp-content\/uploads\/2008\/09\/_atk1338-332x500.jpg 332w, https:\/\/www.kloster-metten.com\/wp-content\/uploads\/2008\/09\/_atk1338.jpg 665w\" sizes=\"auto, (max-width: 332px) 100vw, 332px\" \/><\/a><h2>G\u00e4rtnerei<\/h2><p><\/p>\n<p>S\u00fcdwestlich unserer Pfarr- und Klosterkirche St. Michael, dort wo sich einst Teile des barocken Klostergartens befanden, gr\u00fcnt und bl\u00fcht es heute noch immer. 3.000 Quadratmeter gro\u00df ist der kl\u00f6sterliche G\u00e4rtnereibetrieb, davon 2.500 unter Glas. F\u00fcr Gartenfreunde l\u00e4sst dieses Angebot keine W\u00fcnsche \u00fcbrig. Wir setzen uns mit unserem Mitarbeiterteam f\u00fcr eine umweltfreundliche und naturbezogene Produktion ein. So werden beispielsweise gegen Sch\u00e4dlinge lieber N\u00fctzlinge eingesetzt als chemische Mittel.<\/p>\n<p>In unserer Klosterg\u00e4rtnerei finden unsere Kundinnen und Kunden eine gro\u00dfe Auswahl an Beet- und Balkonpflanzen sowie Topfpflanzen in vielen Arten. Au\u00dferdem werden Gem\u00fcsejungpflanzen f\u00fcr den Hausgarten, aber auch Gem\u00fcse, Salat, Tomaten und Gurken aus dem eigenen Anbau sowie bl\u00fchende Pflanzen f\u00fcr den heimischen Garten und Balkon verkauft. Frische Schnittblumen, aus denen Gestecke und Str\u00e4u\u00dfe f\u00fcr alle Anl\u00e4sse gefertigt werden, gibt es selbstverst\u00e4ndlich ebenso. Wer das Besondere sucht, findet es in Kr\u00e4utern wie Ananassalbei oder aztekischem S\u00fc\u00dfkraut. Je nach Jahreszeit bietet unsere G\u00e4rtnerei passende Blumen und Pflanzen. Gern k\u00f6nnen bei uns auch Palmen und andere temperaturempfindliche Pflanzen \u00fcberwintert werden. Fragen Sie einfach bei unserem G\u00e4rtnereiteam nach.<\/p>\n<p>Besucherinnen und Besucher k\u00f6nnen sich im ger\u00e4umigen Laden, in dem auch Zubeh\u00f6r angeboten wird, und auf dem Freigel\u00e4nde umsehen. F\u00fcr Kinder gibt es einen kleinen Streichelzoo mit zwei frechen, aber freundlichen Ziegen. Unser Team von der Klosterg\u00e4rtnerei sorgt daf\u00fcr, dass alles zur Zufriedenheit l\u00e4uft.<\/p>\n<p><strong>Das Team der Klosterg\u00e4rtnerei Metten w\u00fcnscht allen Kundinnen und Kunden frohe Weihnachten und f\u00fcr 2026 alles Gute!<\/strong><\/p>\n<p>Unsere \u00d6ffnungszeiten am Heiligen Abend: 8 Uhr bis 12 Uhr<\/p>\n<p>Am Samstag, den 27. Dezember 2025 ist unsere G\u00e4rtnerei geschlossen.<br \/>\nAb Montag, den 29. Dezember 2025, sind wir wieder f\u00fcr Sie da.<\/p>\n<p>Unsere \u00d6ffnungszeiten an Silvester: 8 Uhr bis 12 Uhr<\/p>\n<p>Hinweis bei Trauerf\u00e4llen:<br \/>\nBestellung von Trauerschmuck zwischen den Jahren \u00fcber gaertnerei@kloster-metten.de durchgehend m\u00f6glich.<\/p>\n<p><strong>Unsere \u00d6ffnungszeiten:<\/strong><\/p>\n<p>1. November bis 28.\/29. Februar<\/p>\n<p>Montag bis Freitag von 8 Uhr bis 17 Uhr.<br \/>\nSamstag von 8 Uhr bis 12 Uhr.<\/p>\n<p>1. M\u00e4rz bis 31. Oktober<\/p>\n<p>Montag bis Freitag von 8 Uhr bis 18 Uhr.<br \/>\nSamstag von 8 Uhr bis 12 Uhr.<\/p>\n<p><strong>Hier finden Sie uns:<\/strong><\/p>\n<p>Klosterg\u00e4rtnerei Metten<br \/>\nMarktplatz 1<br \/>\n94526 Metten<\/p>\n<p><strong>Hier erreichen Sie uns:<\/strong><\/p>\n<p>Tel. (09 91) 9108 \u2013 103<br \/>\nFax (09 91) 9108 \u2013 203<br \/>\n<a href=\"mailto:gaertnerei@kloster-metten.de\"><span style=\"color: windowtext; text-decoration: none; text-underline: none;\">gaertnerei@kloster-metten.de<\/span><\/a><\/p>\n\r\n\t\t<style type='text\/css'>\r\n\t\t\t#gallery-1 {\r\n\t\t\t\tmargin: auto;\r\n\t\t\t}\r\n\t\t\t#gallery-1 .gallery-item {\r\n\t\t\t\tfloat: left;\r\n\t\t\t\tmargin-top: 10px;\r\n\t\t\t\ttext-align: center;\r\n\t\t\t\twidth: 33%;\r\n\t\t\t}\r\n\t\t\t#gallery-1 hr {\r\n\t\t\t\theight: 1px;\r\n\t\t\t}\r\n\t\t\t#gallery-1 .gallery-caption {\r\n\t\t\t\tmargin-left: 0;\r\n\t\t\t}\r\n\t\t\t\/* see gallery_shortcode() in wp-includes\/media.php *\/\r\n\t\t<\/style>\n\t\t<div id='gallery-1' class='gallery galleryid-163 gallery-columns-3 gallery-size-thumbnail'><hr class='null'><dl class='gallery-item'>\r\n\t\t\t<dt class='gallery-icon portrait'>\r\n\t\t\t\t<a title=\"image00022_\"  href='https:\/\/www.kloster-metten.com\/?attachment_id=48609'><img loading=\"lazy\" decoding=\"async\" width=\"170\" height=\"115\" src=\"https:\/\/www.kloster-metten.com\/wp-content\/uploads\/2024\/04\/image00022_-170x115.jpg\" class=\"attachment-thumbnail size-thumbnail\" alt=\"\" \/><\/a>\r\n\t\t\t<\/dt><\/dl><dl class='gallery-item'>\r\n\t\t\t<dt class='gallery-icon portrait'>\r\n\t\t\t\t<a title=\"G\u00e4rnterei_3_\"  href='https:\/\/www.kloster-metten.com\/?attachment_id=48607'><img loading=\"lazy\" decoding=\"async\" width=\"170\" height=\"115\" src=\"https:\/\/www.kloster-metten.com\/wp-content\/uploads\/2024\/04\/Gaernterei_3_-170x115.jpg\" class=\"attachment-thumbnail size-thumbnail\" alt=\"\" \/><\/a>\r\n\t\t\t<\/dt><\/dl><dl class='gallery-item'>\r\n\t\t\t<dt class='gallery-icon landscape'>\r\n\t\t\t\t<a title=\"G\u00e4rtnerteam-1_\"  href='https:\/\/www.kloster-metten.com\/?attachment_id=48606'><img loading=\"lazy\" decoding=\"async\" width=\"170\" height=\"115\" src=\"https:\/\/www.kloster-metten.com\/wp-content\/uploads\/2024\/04\/Gaertnerteam-1_-170x115.jpg\" class=\"attachment-thumbnail size-thumbnail\" alt=\"\" \/><\/a>\r\n\t\t\t<\/dt><\/dl><br style=\"clear: both\" \/><dl class='gallery-item'>\r\n\t\t\t<dt class='gallery-icon portrait'>\r\n\t\t\t\t<a title=\"Gesteck1_\"  href='https:\/\/www.kloster-metten.com\/?attachment_id=48605'><img loading=\"lazy\" decoding=\"async\" width=\"170\" height=\"115\" src=\"https:\/\/www.kloster-metten.com\/wp-content\/uploads\/2024\/04\/Gesteck1_-170x115.jpg\" class=\"attachment-thumbnail size-thumbnail\" alt=\"\" \/><\/a>\r\n\t\t\t<\/dt><\/dl><dl class='gallery-item'>\r\n\t\t\t<dt class='gallery-icon portrait'>\r\n\t\t\t\t<a title=\"Schubkarre5_\"  href='https:\/\/www.kloster-metten.com\/?attachment_id=48604'><img loading=\"lazy\" decoding=\"async\" width=\"170\" height=\"115\" src=\"https:\/\/www.kloster-metten.com\/wp-content\/uploads\/2024\/04\/Schubkarre5_-170x115.jpg\" class=\"attachment-thumbnail size-thumbnail\" alt=\"\" \/><\/a>\r\n\t\t\t<\/dt><\/dl><dl class='gallery-item'>\r\n\t\t\t<dt class='gallery-icon landscape'>\r\n\t\t\t\t<a title=\"Einkaufsbereich_G\u00e4rtnerei3_\"  href='https:\/\/www.kloster-metten.com\/?attachment_id=48551'><img loading=\"lazy\" decoding=\"async\" width=\"170\" height=\"115\" src=\"https:\/\/www.kloster-metten.com\/wp-content\/uploads\/2024\/03\/Einkaufsbereich_Gaertnerei3_-170x115.jpg\" class=\"attachment-thumbnail size-thumbnail\" alt=\"\" \/><\/a>\r\n\t\t\t<\/dt><\/dl><br style=\"clear: both\" \/>\r\n\t\t<\/div>\n\n","protected":false},"excerpt":{"rendered":"<p>G\u00e4rtnerei S\u00fcdwestlich unserer Pfarr- und Klosterkirche St. Michael, dort wo sich einst Teile des barocken Klostergartens befanden, gr\u00fcnt und bl\u00fcht es heute noch immer. 3.000 Quadratmeter gro\u00df ist der kl\u00f6sterliche G\u00e4rtnereibetrieb, davon 2.500 unter Glas. F\u00fcr Gartenfreunde l\u00e4sst dieses Angebot keine W\u00fcnsche \u00fcbrig. Wir setzen uns mit unserem Mitarbeiterteam f\u00fcr eine umweltfreundliche und naturbezogene Produktion [&hellip;]<\/p>\n","protected":false},"author":5,"featured_media":0,"parent":119,"menu_order":0,"comment_status":"closed","ping_status":"closed","template":"","meta":{"footnotes":""},"class_list":["post-163","page","type-page","status-publish","hentry"],"_links":{"self":[{"href":"https:\/\/www.kloster-metten.com\/index.php?rest_route=\/wp\/v2\/pages\/163","targetHints":{"allow":["GET"]}}],"collection":[{"href":"https:\/\/www.kloster-metten.com\/index.php?rest_route=\/wp\/v2\/pages"}],"about":[{"href":"https:\/\/www.kloster-metten.com\/index.php?rest_route=\/wp\/v2\/types\/page"}],"author":[{"embeddable":true,"href":"https:\/\/www.kloster-metten.com\/index.php?rest_route=\/wp\/v2\/users\/5"}],"replies":[{"embeddable":true,"href":"https:\/\/www.kloster-metten.com\/index.php?rest_route=%2Fwp%2Fv2%2Fcomments&post=163"}],"version-history":[{"count":13,"href":"https:\/\/www.kloster-metten.com\/index.php?rest_route=\/wp\/v2\/pages\/163\/revisions"}],"predecessor-version":[{"id":49575,"href":"https:\/\/www.kloster-metten.com\/index.php?rest_route=\/wp\/v2\/pages\/163\/revisions\/49575"}],"up":[{"embeddable":true,"href":"https:\/\/www.kloster-metten.com\/index.php?rest_route=\/wp\/v2\/pages\/119"}],"wp:attachment":[{"href":"https:\/\/www.kloster-metten.com\/index.php?rest_route=%2Fwp%2Fv2%2Fmedia&parent=163"}],"curies":[{"name":"wp","href":"https:\/\/api.w.org\/{rel}","templated":true}]}}

Gärtnerei

<a href="http://kloster-metten.de/wp-content/uploads/2008/09/_atk1338.jpg"><img loading="lazy" decoding="async" class="alignleft wp-image-1292 size-medium" title="_atk1338" src="https://www.kloster-metten.com/wp-content/uploads/2008/09/_atk1338-332x500.jpg" alt="" width="332" height="500" srcset="https://www.kloster-metten.com/wp-content/uploads/2008/09/_atk1338-332x500.jpg 332w, https://www.kloster-metten.com/wp-content/uploads/2008/09/_atk1338.jpg 665w" sizes="auto, (max-width: 332px) 100vw, 332px" /></a><h2>Gärtnerei</h2><p></p>
<p>Südwestlich unserer Pfarr- und Klosterkirche St. Michael, dort wo sich einst Teile des barocken Klostergartens befanden, grünt und blüht es heute noch immer. 3.000 Quadratmeter groß ist der klösterliche Gärtnereibetrieb, davon 2.500 unter Glas. Für Gartenfreunde lässt dieses Angebot keine Wünsche übrig. Wir setzen uns mit unserem Mitarbeiterteam für eine umweltfreundliche und naturbezogene Produktion ein. So werden beispielsweise gegen Schädlinge lieber Nützlinge eingesetzt als chemische Mittel.</p>
<p>In unserer Klostergärtnerei finden unsere Kundinnen und Kunden eine große Auswahl an Beet- und Balkonpflanzen sowie Topfpflanzen in vielen Arten. Außerdem werden Gemüsejungpflanzen für den Hausgarten, aber auch Gemüse, Salat, Tomaten und Gurken aus dem eigenen Anbau sowie blühende Pflanzen für den heimischen Garten und Balkon verkauft. Frische Schnittblumen, aus denen Gestecke und Sträuße für alle Anlässe gefertigt werden, gibt es selbstverständlich ebenso. Wer das Besondere sucht, findet es in Kräutern wie Ananassalbei oder aztekischem Süßkraut. Je nach Jahreszeit bietet unsere Gärtnerei passende Blumen und Pflanzen. Gern können bei uns auch Palmen und andere temperaturempfindliche Pflanzen überwintert werden. Fragen Sie einfach bei unserem Gärtnereiteam nach.</p>
<p>Besucherinnen und Besucher können sich im geräumigen Laden, in dem auch Zubehör angeboten wird, und auf dem Freigelände umsehen. Für Kinder gibt es einen kleinen Streichelzoo mit zwei frechen, aber freundlichen Ziegen. Unser Team von der Klostergärtnerei sorgt dafür, dass alles zur Zufriedenheit läuft.</p>
<p><strong>Das Team der Klostergärtnerei Metten wünscht allen Kundinnen und Kunden frohe Weihnachten und für 2026 alles Gute!</strong></p>
<p>Unsere Öffnungszeiten am Heiligen Abend: 8 Uhr bis 12 Uhr</p>
<p>Am Samstag, den 27. Dezember 2025 ist unsere Gärtnerei geschlossen.<br />
Ab Montag, den 29. Dezember 2025, sind wir wieder für Sie da.</p>
<p>Unsere Öffnungszeiten an Silvester: 8 Uhr bis 12 Uhr</p>
<p>Hinweis bei Trauerfällen:<br />
Bestellung von Trauerschmuck zwischen den Jahren über gaertnerei@kloster-metten.de durchgehend möglich.</p>
<p><strong>Unsere Öffnungszeiten:</strong></p>
<p>1. November bis 28./29. Februar</p>
<p>Montag bis Freitag von 8 Uhr bis 17 Uhr.<br />
Samstag von 8 Uhr bis 12 Uhr.</p>
<p>1. März bis 31. Oktober</p>
<p>Montag bis Freitag von 8 Uhr bis 18 Uhr.<br />
Samstag von 8 Uhr bis 12 Uhr.</p>
<p><strong>Hier finden Sie uns:</strong></p>
<p>Klostergärtnerei Metten<br />
Marktplatz 1<br />
94526 Metten</p>
<p><strong>Hier erreichen Sie uns:</strong></p>
<p>Tel. (09 91) 9108 – 103<br />
Fax (09 91) 9108 – 203<br />
<a href="mailto:gaertnerei@kloster-metten.de"><span style="color: windowtext; text-decoration: none; text-underline: none;">gaertnerei@kloster-metten.de</span></a></p>

		<style type='text/css'>
			#gallery-1 {
				margin: auto;
			}
			#gallery-1 .gallery-item {
				float: left;
				margin-top: 10px;
				text-align: center;
				width: 33%;
			}
			#gallery-1 hr {
				height: 1px;
			}
			#gallery-1 .gallery-caption {
				margin-left: 0;
			}
			/* see gallery_shortcode() in wp-includes/media.php */
		</style>
		<div id='gallery-1' class='gallery galleryid-163 gallery-columns-3 gallery-size-thumbnail'><hr class='null'><dl class='gallery-item'>
			<dt class='gallery-icon portrait'>
				<a title="image00022_"  href='https://www.kloster-metten.com/?attachment_id=48609'><img loading="lazy" decoding="async" width="170" height="115" src="https://www.kloster-metten.com/wp-content/uploads/2024/04/image00022_-170x115.jpg" class="attachment-thumbnail size-thumbnail" alt="" /></a>
			</dt></dl><dl class='gallery-item'>
			<dt class='gallery-icon portrait'>
				<a title="Gärnterei_3_"  href='https://www.kloster-metten.com/?attachment_id=48607'><img loading="lazy" decoding="async" width="170" height="115" src="https://www.kloster-metten.com/wp-content/uploads/2024/04/Gaernterei_3_-170x115.jpg" class="attachment-thumbnail size-thumbnail" alt="" /></a>
			</dt></dl><dl class='gallery-item'>
			<dt class='gallery-icon landscape'>
				<a title="Gärtnerteam-1_"  href='https://www.kloster-metten.com/?attachment_id=48606'><img loading="lazy" decoding="async" width="170" height="115" src="https://www.kloster-metten.com/wp-content/uploads/2024/04/Gaertnerteam-1_-170x115.jpg" class="attachment-thumbnail size-thumbnail" alt="" /></a>
			</dt></dl><br style="clear: both" /><dl class='gallery-item'>
			<dt class='gallery-icon portrait'>
				<a title="Gesteck1_"  href='https://www.kloster-metten.com/?attachment_id=48605'><img loading="lazy" decoding="async" width="170" height="115" src="https://www.kloster-metten.com/wp-content/uploads/2024/04/Gesteck1_-170x115.jpg" class="attachment-thumbnail size-thumbnail" alt="" /></a>
			</dt></dl><dl class='gallery-item'>
			<dt class='gallery-icon portrait'>
				<a title="Schubkarre5_"  href='https://www.kloster-metten.com/?attachment_id=48604'><img loading="lazy" decoding="async" width="170" height="115" src="https://www.kloster-metten.com/wp-content/uploads/2024/04/Schubkarre5_-170x115.jpg" class="attachment-thumbnail size-thumbnail" alt="" /></a>
			</dt></dl><dl class='gallery-item'>
			<dt class='gallery-icon landscape'>
				<a title="Einkaufsbereich_Gärtnerei3_"  href='https://www.kloster-metten.com/?attachment_id=48551'><img loading="lazy" decoding="async" width="170" height="115" src="https://www.kloster-metten.com/wp-content/uploads/2024/03/Einkaufsbereich_Gaertnerei3_-170x115.jpg" class="attachment-thumbnail size-thumbnail" alt="" /></a>
			</dt></dl><br style="clear: both" />
		</div>

<p>Gärtnerei Südwestlich unserer Pfarr- und Klosterkirche St. Michael, dort wo sich einst Teile des barocken Klostergartens befanden, grünt und blüht es heute noch immer. 3.000 Quadratmeter groß ist der klösterliche Gärtnereibetrieb, davon 2.500 unter Glas. Für Gartenfreunde lässt dieses Angebot keine Wünsche übrig. Wir setzen uns mit unserem Mitarbeiterteam für eine umweltfreundliche und naturbezogene Produktion [&hellip;]</p>
