{"id":209,"date":"2008-08-11T17:04:19","date_gmt":"2008-08-11T15:04:19","guid":{"rendered":"http:\/\/kloster-metten.de\/?page_id=209"},"modified":"2023-02-18T09:28:39","modified_gmt":"2023-02-18T08:28:39","slug":"tradition","status":"publish","type":"page","link":"https:\/\/www.kloster-metten.com\/?page_id=209","title":{"rendered":"Tradition"},"content":{"rendered":"<a href=\"http:\/\/kloster-metten.de\/wp-content\/uploads\/2008\/09\/2-cben1-kopie.jpg\"><img loading=\"lazy\" decoding=\"async\" class=\"alignleft size-medium wp-image-1225\" title=\"2-cben1-kopie\" src=\"http:\/\/kloster-metten.de\/wp-content\/uploads\/2008\/09\/2-cben1-kopie-415x500.jpg\" alt=\"\" width=\"230\" height=\"278\" srcset=\"https:\/\/www.kloster-metten.com\/wp-content\/uploads\/2008\/09\/2-cben1-kopie-415x500.jpg 415w, https:\/\/www.kloster-metten.com\/wp-content\/uploads\/2008\/09\/2-cben1-kopie.jpg 830w\" sizes=\"auto, (max-width: 230px) 100vw, 230px\" \/><\/a><h2>Tradition<\/h2><p>Als das Kloster Metten im 8. Jahrhundert gegr\u00fcndet wurde, d\u00fcrften Abt Utto und seine M\u00f6nche wahrscheinlich die ersten in dieser Gegend gewesen sein, die schreiben, lesen und rechnen konnten. Sie wollten aber nicht die einzigen bleiben. Deshalb gr\u00fcndeten die Ordensleute sehr bald eine Schule f\u00fcr die intelligenten S\u00f6hne der neuen Siedler. Dieses Seminar f\u00fcr S\u00e4ngerknaben bestand bis zur S\u00e4kularisation 1803.<\/p>\n<p>Nach der Wiedererrichtung des Klosters durch K\u00f6nig Ludwig I. im Jahr 1830 entwickelte sich ein Gymnasium mit Internat. 1851 fand die erste Reifepr\u00fcfung statt. Unter den Nationalsozialisten kam der Schulbetrieb jedoch ab 1939 erneut f\u00fcr sieben Jahre zum Erliegen. Nach dem Ende des Zweiten Weltkriegs ging es dann zuerst mit einer reinen Internatsschule f\u00fcr Jungen weiter. Ab den 1960-er Jahren \u00f6ffnete man sich auch f\u00fcr externe Sch\u00fcler und f\u00fcr M\u00e4dchen. 1970 wurde dem Humanistischen Gymnasium ein neusprachlicher Zweig angegliedert, 2010 auch ein naturwissenschaftlich-technologischer.<\/p>\n<p>Mehr \u00fcber die Geschichte der Klosterschule und dar\u00fcber, wie die Benediktinerabtei Metten ihre Aufgaben von Erziehung und Unterricht sieht, enth\u00e4lt dieser Vortrag des heutigen Schulleiters Pater Erhard Hinrainer aus dem Jahr 1995. <a href=\"http:\/\/kloster-metten.de\/wp-content\/uploads\/2008\/09\/geschichteundgegenwart.pdf\">GeschichteundGegenwart.pdf<\/a><\/p>\n\r\n\t\t<style type='text\/css'>\r\n\t\t\t#gallery-1 {\r\n\t\t\t\tmargin: auto;\r\n\t\t\t}\r\n\t\t\t#gallery-1 .gallery-item {\r\n\t\t\t\tfloat: left;\r\n\t\t\t\tmargin-top: 10px;\r\n\t\t\t\ttext-align: center;\r\n\t\t\t\twidth: 33%;\r\n\t\t\t}\r\n\t\t\t#gallery-1 hr {\r\n\t\t\t\theight: 1px;\r\n\t\t\t}\r\n\t\t\t#gallery-1 .gallery-caption {\r\n\t\t\t\tmargin-left: 0;\r\n\t\t\t}\r\n\t\t\t\/* see gallery_shortcode() in wp-includes\/media.php *\/\r\n\t\t<\/style>\n\t\t<div id='gallery-1' class='gallery galleryid-209 gallery-columns-3 gallery-size-thumbnail'><hr class='null'><dl class='gallery-item'>\r\n\t\t\t<dt class='gallery-icon landscape'>\r\n\t\t\t\t<a title=\"1-stapel0001\"  href='https:\/\/www.kloster-metten.com\/?attachment_id=2054'><img loading=\"lazy\" decoding=\"async\" width=\"170\" height=\"115\" src=\"https:\/\/www.kloster-metten.com\/wp-content\/uploads\/2008\/09\/1-stapel0001-170x115.jpg\" class=\"attachment-thumbnail size-thumbnail\" alt=\"\" srcset=\"https:\/\/www.kloster-metten.com\/wp-content\/uploads\/2008\/09\/1-stapel0001-170x115.jpg 170w, https:\/\/www.kloster-metten.com\/wp-content\/uploads\/2008\/09\/1-stapel0001-500x336.jpg 500w, https:\/\/www.kloster-metten.com\/wp-content\/uploads\/2008\/09\/1-stapel0001.jpg 700w\" sizes=\"auto, (max-width: 170px) 100vw, 170px\" \/><\/a>\r\n\t\t\t<\/dt><\/dl><dl class='gallery-item'>\r\n\t\t\t<dt class='gallery-icon landscape'>\r\n\t\t\t\t<a title=\"3_atk2926\"  href='https:\/\/www.kloster-metten.com\/?attachment_id=2055'><img loading=\"lazy\" decoding=\"async\" width=\"170\" height=\"115\" src=\"https:\/\/www.kloster-metten.com\/wp-content\/uploads\/2008\/09\/3_atk2926-170x115.jpg\" class=\"attachment-thumbnail size-thumbnail\" alt=\"\" \/><\/a>\r\n\t\t\t<\/dt><\/dl><dl class='gallery-item'>\r\n\t\t\t<dt class='gallery-icon landscape'>\r\n\t\t\t\t<a title=\"4_atk2149\"  href='https:\/\/www.kloster-metten.com\/?attachment_id=2056'><img loading=\"lazy\" decoding=\"async\" width=\"170\" height=\"115\" src=\"https:\/\/www.kloster-metten.com\/wp-content\/uploads\/2008\/09\/4_atk2149-170x115.jpg\" class=\"attachment-thumbnail size-thumbnail\" alt=\"\" \/><\/a>\r\n\t\t\t<\/dt><\/dl><br style=\"clear: both\" \/><dl class='gallery-item'>\r\n\t\t\t<dt class='gallery-icon landscape'>\r\n\t\t\t\t<a title=\"sta0009\"  href='https:\/\/www.kloster-metten.com\/?attachment_id=2057'><img loading=\"lazy\" decoding=\"async\" width=\"170\" height=\"115\" src=\"https:\/\/www.kloster-metten.com\/wp-content\/uploads\/2008\/09\/sta0009-170x115.jpg\" class=\"attachment-thumbnail size-thumbnail\" alt=\"\" \/><\/a>\r\n\t\t\t<\/dt><\/dl>\r\n\t\t\t<br style='clear: both' \/>\r\n\t\t<\/div>\n\n","protected":false},"excerpt":{"rendered":"<p>TraditionAls das Kloster Metten im 8. Jahrhundert gegr\u00fcndet wurde, d\u00fcrften Abt Utto und seine M\u00f6nche wahrscheinlich die ersten in dieser Gegend gewesen sein, die schreiben, lesen und rechnen konnten. Sie wollten aber nicht die einzigen bleiben. Deshalb gr\u00fcndeten die Ordensleute sehr bald eine Schule f\u00fcr die intelligenten S\u00f6hne der neuen Siedler. Dieses Seminar f\u00fcr S\u00e4ngerknaben [&hellip;]<\/p>\n","protected":false},"author":5,"featured_media":0,"parent":66,"menu_order":1,"comment_status":"closed","ping_status":"closed","template":"","meta":{"footnotes":""},"class_list":["post-209","page","type-page","status-publish","hentry"],"_links":{"self":[{"href":"https:\/\/www.kloster-metten.com\/index.php?rest_route=\/wp\/v2\/pages\/209","targetHints":{"allow":["GET"]}}],"collection":[{"href":"https:\/\/www.kloster-metten.com\/index.php?rest_route=\/wp\/v2\/pages"}],"about":[{"href":"https:\/\/www.kloster-metten.com\/index.php?rest_route=\/wp\/v2\/types\/page"}],"author":[{"embeddable":true,"href":"https:\/\/www.kloster-metten.com\/index.php?rest_route=\/wp\/v2\/users\/5"}],"replies":[{"embeddable":true,"href":"https:\/\/www.kloster-metten.com\/index.php?rest_route=%2Fwp%2Fv2%2Fcomments&post=209"}],"version-history":[{"count":1,"href":"https:\/\/www.kloster-metten.com\/index.php?rest_route=\/wp\/v2\/pages\/209\/revisions"}],"predecessor-version":[{"id":47577,"href":"https:\/\/www.kloster-metten.com\/index.php?rest_route=\/wp\/v2\/pages\/209\/revisions\/47577"}],"up":[{"embeddable":true,"href":"https:\/\/www.kloster-metten.com\/index.php?rest_route=\/wp\/v2\/pages\/66"}],"wp:attachment":[{"href":"https:\/\/www.kloster-metten.com\/index.php?rest_route=%2Fwp%2Fv2%2Fmedia&parent=209"}],"curies":[{"name":"wp","href":"https:\/\/api.w.org\/{rel}","templated":true}]}}