{"id":225,"date":"2008-08-11T17:05:45","date_gmt":"2008-08-11T15:05:45","guid":{"rendered":"http:\/\/kloster-metten.de\/?page_id=225"},"modified":"2024-01-09T16:15:18","modified_gmt":"2024-01-09T15:15:18","slug":"schultrager","status":"publish","type":"page","link":"https:\/\/www.kloster-metten.com\/?page_id=225","title":{"rendered":"Schultr\u00e4ger"},"content":{"rendered":"<h2>Schultr\u00e4ger<\/h2><p>Das St.-Michaels-Gymnasium ist eine staatlich anerkannte Schule in Tr\u00e4gerschaft der Benediktinerabtei Metten.<\/p>\n<p>Das Gymnasium ist Mitglied im Katholischen Schulwerk in Bayern. Dem seit 1982 bestehenden Verband aller bayerischen Di\u00f6zesen geh\u00f6ren mehr als 50 Schultr\u00e4ger aus dem kirchlichen Bereich an.<\/p>\n","protected":false},"excerpt":{"rendered":"<p>Schultr\u00e4gerDas St.-Michaels-Gymnasium ist eine staatlich anerkannte Schule in Tr\u00e4gerschaft der Benediktinerabtei Metten. Das Gymnasium ist Mitglied im Katholischen Schulwerk in Bayern. Dem seit 1982 bestehenden Verband aller bayerischen Di\u00f6zesen geh\u00f6ren mehr als 50 Schultr\u00e4ger aus dem kirchlichen Bereich an.<\/p>\n","protected":false},"author":5,"featured_media":0,"parent":68,"menu_order":1,"comment_status":"closed","ping_status":"closed","template":"","meta":{"footnotes":""},"class_list":["post-225","page","type-page","status-publish","hentry"],"_links":{"self":[{"href":"https:\/\/www.kloster-metten.com\/index.php?rest_route=\/wp\/v2\/pages\/225","targetHints":{"allow":["GET"]}}],"collection":[{"href":"https:\/\/www.kloster-metten.com\/index.php?rest_route=\/wp\/v2\/pages"}],"about":[{"href":"https:\/\/www.kloster-metten.com\/index.php?rest_route=\/wp\/v2\/types\/page"}],"author":[{"embeddable":true,"href":"https:\/\/www.kloster-metten.com\/index.php?rest_route=\/wp\/v2\/users\/5"}],"replies":[{"embeddable":true,"href":"https:\/\/www.kloster-metten.com\/index.php?rest_route=%2Fwp%2Fv2%2Fcomments&post=225"}],"version-history":[{"count":2,"href":"https:\/\/www.kloster-metten.com\/index.php?rest_route=\/wp\/v2\/pages\/225\/revisions"}],"predecessor-version":[{"id":48272,"href":"https:\/\/www.kloster-metten.com\/index.php?rest_route=\/wp\/v2\/pages\/225\/revisions\/48272"}],"up":[{"embeddable":true,"href":"https:\/\/www.kloster-metten.com\/index.php?rest_route=\/wp\/v2\/pages\/68"}],"wp:attachment":[{"href":"https:\/\/www.kloster-metten.com\/index.php?rest_route=%2Fwp%2Fv2%2Fmedia&parent=225"}],"curies":[{"name":"wp","href":"https:\/\/api.w.org\/{rel}","templated":true}]}}