{"id":235,"date":"2008-08-11T17:06:41","date_gmt":"2008-08-11T15:06:41","guid":{"rendered":"http:\/\/kloster-metten.de\/?page_id=235"},"modified":"2024-12-13T17:53:14","modified_gmt":"2024-12-13T16:53:14","slug":"smv","status":"publish","type":"page","link":"https:\/\/www.kloster-metten.com\/?page_id=235","title":{"rendered":"SMV"},"content":{"rendered":"<h2>SMV<\/h2><p>Unter SMV wird die Sch\u00fclermitverantwortung und damit die Vertretung der Sch\u00fcler an einer Schule verstanden. Die SMV versucht durch Aktionen oder Feiern den Schulalltag lebendiger zu machen. Au\u00dferdem vertreten die Sch\u00fclersprecher die Interessen und Rechte ihrer Mitsch\u00fcler bei den Besprechungen mit der Schulleitung und im Schulforum.<\/p>\n<p>Die Mitglieder der SMV werden jeweils f\u00fcr ein Schuljahr von den\u00a0Sch\u00fclern gew\u00e4hlt.<\/p>\n<p>F\u00fcr das Schuljahr 2024\/25:<\/p>\n<p>Carina Steininger, Lenox Joachim, Sophia Krieger<\/p>\n","protected":false},"excerpt":{"rendered":"<p>SMVUnter SMV wird die Sch\u00fclermitverantwortung und damit die Vertretung der Sch\u00fcler an einer Schule verstanden. Die SMV versucht durch Aktionen oder Feiern den Schulalltag lebendiger zu machen. Au\u00dferdem vertreten die Sch\u00fclersprecher die Interessen und Rechte ihrer Mitsch\u00fcler bei den Besprechungen mit der Schulleitung und im Schulforum. Die Mitglieder der SMV werden jeweils f\u00fcr ein Schuljahr [&hellip;]<\/p>\n","protected":false},"author":5,"featured_media":0,"parent":68,"menu_order":6,"comment_status":"closed","ping_status":"closed","template":"","meta":{"footnotes":""},"class_list":["post-235","page","type-page","status-publish","hentry"],"_links":{"self":[{"href":"https:\/\/www.kloster-metten.com\/index.php?rest_route=\/wp\/v2\/pages\/235","targetHints":{"allow":["GET"]}}],"collection":[{"href":"https:\/\/www.kloster-metten.com\/index.php?rest_route=\/wp\/v2\/pages"}],"about":[{"href":"https:\/\/www.kloster-metten.com\/index.php?rest_route=\/wp\/v2\/types\/page"}],"author":[{"embeddable":true,"href":"https:\/\/www.kloster-metten.com\/index.php?rest_route=\/wp\/v2\/users\/5"}],"replies":[{"embeddable":true,"href":"https:\/\/www.kloster-metten.com\/index.php?rest_route=%2Fwp%2Fv2%2Fcomments&post=235"}],"version-history":[{"count":11,"href":"https:\/\/www.kloster-metten.com\/index.php?rest_route=\/wp\/v2\/pages\/235\/revisions"}],"predecessor-version":[{"id":48963,"href":"https:\/\/www.kloster-metten.com\/index.php?rest_route=\/wp\/v2\/pages\/235\/revisions\/48963"}],"up":[{"embeddable":true,"href":"https:\/\/www.kloster-metten.com\/index.php?rest_route=\/wp\/v2\/pages\/68"}],"wp:attachment":[{"href":"https:\/\/www.kloster-metten.com\/index.php?rest_route=%2Fwp%2Fv2%2Fmedia&parent=235"}],"curies":[{"name":"wp","href":"https:\/\/api.w.org\/{rel}","templated":true}]}}