{"id":245,"date":"2008-08-11T17:08:26","date_gmt":"2008-08-11T15:08:26","guid":{"rendered":"http:\/\/kloster-metten.de\/?page_id=245"},"modified":"2024-02-18T21:14:27","modified_gmt":"2024-02-18T20:14:27","slug":"gottesdienste","status":"publish","type":"page","link":"https:\/\/www.kloster-metten.com\/?page_id=245","title":{"rendered":"Gottesdienste"},"content":{"rendered":"<a href=\"http:\/\/kloster-metten.de\/wp-content\/uploads\/2008\/09\/1_atk2064.jpg\"><img loading=\"lazy\" decoding=\"async\" class=\"alignleft size-medium wp-image-1892\" title=\"1_atk2064\" src=\"http:\/\/kloster-metten.de\/wp-content\/uploads\/2008\/09\/1_atk2064-500x332.jpg\" alt=\"\" width=\"300\" height=\"199\" srcset=\"https:\/\/www.kloster-metten.com\/wp-content\/uploads\/2008\/09\/1_atk2064-500x332.jpg 500w, https:\/\/www.kloster-metten.com\/wp-content\/uploads\/2008\/09\/1_atk2064.jpg 700w\" sizes=\"auto, (max-width: 300px) 100vw, 300px\" \/><\/a><h2>Gottesdienste<\/h2><p>Selbstverst\u00e4ndlich wird das Schuljahr mit einem Gottesdienst begonnen und beendet, auch am letzten Schultag vor den Osterferien wird Gottesdienst gefeiert. Vor Weihnachten und Ostern gibt es auch Beichtgelegenheiten.\u00a0<\/p>\n<p>Allj\u00e4hrlich feiern die M\u00f6nche au\u00dferdem das <strong>Fest des heiligen Benedikt<\/strong>, des Ordensgr\u00fcnders, mit einem Gottesdienst. Abh\u00e4ngig von den Schulferien wird der Tag entweder am 21. M\u00e4rz (Sterbetag Benedikts) oder am 11. Juli (Benedikt \u2013 Patron Europas) begangen.<\/p>\n<p>Mit einem festlichen Gottesdienst und anschlie\u00dfendem gem\u00fctlichen Beisammensein wird am 29. September stets das <strong>Fest des heiligen Erzengels Michael<\/strong>, des Namensgebers f\u00fcr Schule, Kirche und Kloster, gefeiert. Dazu sind immer die Eltern der Sch\u00fclerinnen und Sch\u00fcler eingeladen.<\/p>\n<p>Das gleiche gilt f\u00fcr den <strong>adventlichen Gottesdienst<\/strong>, der immer am letzten Schulsamstag vor den Weihnachtferien angesetzt ist. Anschlie\u00dfend findet der j\u00e4hrliche Weihnachtsbazar statt.<\/p>\n\r\n\t\t<style type='text\/css'>\r\n\t\t\t#gallery-1 {\r\n\t\t\t\tmargin: auto;\r\n\t\t\t}\r\n\t\t\t#gallery-1 .gallery-item {\r\n\t\t\t\tfloat: left;\r\n\t\t\t\tmargin-top: 10px;\r\n\t\t\t\ttext-align: center;\r\n\t\t\t\twidth: 33%;\r\n\t\t\t}\r\n\t\t\t#gallery-1 hr {\r\n\t\t\t\theight: 1px;\r\n\t\t\t}\r\n\t\t\t#gallery-1 .gallery-caption {\r\n\t\t\t\tmargin-left: 0;\r\n\t\t\t}\r\n\t\t\t\/* see gallery_shortcode() in wp-includes\/media.php *\/\r\n\t\t<\/style>\n\t\t<div id='gallery-1' class='gallery galleryid-245 gallery-columns-3 gallery-size-thumbnail'><hr class='null'><dl class='gallery-item'>\r\n\t\t\t<dt class='gallery-icon landscape'>\r\n\t\t\t\t<a title=\"_atk2178\"  href='https:\/\/www.kloster-metten.com\/?attachment_id=1891'><img loading=\"lazy\" decoding=\"async\" width=\"170\" height=\"115\" src=\"https:\/\/www.kloster-metten.com\/wp-content\/uploads\/2008\/09\/_atk2178-170x115.jpg\" class=\"attachment-thumbnail size-thumbnail\" alt=\"\" \/><\/a>\r\n\t\t\t<\/dt><\/dl><dl class='gallery-item'>\r\n\t\t\t<dt class='gallery-icon landscape'>\r\n\t\t\t\t<a title=\"2_atk2065\"  href='https:\/\/www.kloster-metten.com\/?attachment_id=1893'><img loading=\"lazy\" decoding=\"async\" width=\"170\" height=\"115\" src=\"https:\/\/www.kloster-metten.com\/wp-content\/uploads\/2008\/09\/2_atk2065-170x115.jpg\" class=\"attachment-thumbnail size-thumbnail\" alt=\"\" \/><\/a>\r\n\t\t\t<\/dt><\/dl>\r\n\t\t\t<br style='clear: both' \/>\r\n\t\t<\/div>\n\n","protected":false},"excerpt":{"rendered":"<p>GottesdiensteSelbstverst\u00e4ndlich wird das Schuljahr mit einem Gottesdienst begonnen und beendet, auch am letzten Schultag vor den Osterferien wird Gottesdienst gefeiert. Vor Weihnachten und Ostern gibt es auch Beichtgelegenheiten.\u00a0 Allj\u00e4hrlich feiern die M\u00f6nche au\u00dferdem das Fest des heiligen Benedikt, des Ordensgr\u00fcnders, mit einem Gottesdienst. Abh\u00e4ngig von den Schulferien wird der Tag entweder am 21. M\u00e4rz (Sterbetag [&hellip;]<\/p>\n","protected":false},"author":5,"featured_media":0,"parent":243,"menu_order":0,"comment_status":"closed","ping_status":"closed","template":"","meta":{"footnotes":""},"class_list":["post-245","page","type-page","status-publish","hentry"],"_links":{"self":[{"href":"https:\/\/www.kloster-metten.com\/index.php?rest_route=\/wp\/v2\/pages\/245","targetHints":{"allow":["GET"]}}],"collection":[{"href":"https:\/\/www.kloster-metten.com\/index.php?rest_route=\/wp\/v2\/pages"}],"about":[{"href":"https:\/\/www.kloster-metten.com\/index.php?rest_route=\/wp\/v2\/types\/page"}],"author":[{"embeddable":true,"href":"https:\/\/www.kloster-metten.com\/index.php?rest_route=\/wp\/v2\/users\/5"}],"replies":[{"embeddable":true,"href":"https:\/\/www.kloster-metten.com\/index.php?rest_route=%2Fwp%2Fv2%2Fcomments&post=245"}],"version-history":[{"count":4,"href":"https:\/\/www.kloster-metten.com\/index.php?rest_route=\/wp\/v2\/pages\/245\/revisions"}],"predecessor-version":[{"id":48391,"href":"https:\/\/www.kloster-metten.com\/index.php?rest_route=\/wp\/v2\/pages\/245\/revisions\/48391"}],"up":[{"embeddable":true,"href":"https:\/\/www.kloster-metten.com\/index.php?rest_route=\/wp\/v2\/pages\/243"}],"wp:attachment":[{"href":"https:\/\/www.kloster-metten.com\/index.php?rest_route=%2Fwp%2Fv2%2Fmedia&parent=245"}],"curies":[{"name":"wp","href":"https:\/\/api.w.org\/{rel}","templated":true}]}}