{"id":259,"date":"2008-08-11T17:09:37","date_gmt":"2008-08-11T15:09:37","guid":{"rendered":"http:\/\/kloster-metten.de\/?page_id=259"},"modified":"2023-02-12T18:23:20","modified_gmt":"2023-02-12T17:23:20","slug":"sanitatsdienst","status":"publish","type":"page","link":"https:\/\/www.kloster-metten.com\/?page_id=259","title":{"rendered":"Sanit\u00e4tsdienst"},"content":{"rendered":"<h2>Sanit\u00e4tsdienst<\/h2><p><strong>Schulsanit\u00e4ter des St.-Michaels-Gymnasiums Metten<\/strong><\/p>\n<p><a href=\"https:\/\/www.kloster-metten.com\/wp-content\/uploads\/2023\/02\/Sanitaetsdienst-k.jpg\"><img loading=\"lazy\" decoding=\"async\" class=\"size-medium wp-image-47545 alignnone\" title=\"Sanit\u00e4tsdienst k\" src=\"https:\/\/www.kloster-metten.com\/wp-content\/uploads\/2023\/02\/Sanitaetsdienst-k-500x375.jpg\" alt=\"\" width=\"500\" height=\"375\" srcset=\"https:\/\/www.kloster-metten.com\/wp-content\/uploads\/2023\/02\/Sanitaetsdienst-k-500x375.jpg 500w, https:\/\/www.kloster-metten.com\/wp-content\/uploads\/2023\/02\/Sanitaetsdienst-k-1024x768.jpg 1024w, https:\/\/www.kloster-metten.com\/wp-content\/uploads\/2023\/02\/Sanitaetsdienst-k-768x576.jpg 768w, https:\/\/www.kloster-metten.com\/wp-content\/uploads\/2023\/02\/Sanitaetsdienst-k-1536x1152.jpg 1536w, https:\/\/www.kloster-metten.com\/wp-content\/uploads\/2023\/02\/Sanitaetsdienst-k.jpg 1672w\" sizes=\"auto, (max-width: 500px) 100vw, 500px\" \/><\/a><\/p>\n<p><strong>Warum gibt es uns?<\/strong><\/p>\n<p>Unsere Aufgabe ist es, die Erstversorgung bei Unf\u00e4llen, Verletzungen und Erkrankungen an unserer Schule zu \u00fcbernehmen. Dabei versorgen wir Sch\u00fcrfwunden bis hin zu akuten Erkrankungen von Mitsch\u00fclern oder Lehrkr\u00e4ften, wie etwa einen Asthma-Anfall oder eine Kreislaufschw\u00e4che. Als qualifizierte Ersthelfer k\u00f6nnen wir hier direkt an unserer Schule Hilfe leisten.<\/p>\n<p>Dass wir unsere Verantwortung im Umgang mit unseren Patienten sehr ernst nehmen, zeigt die umfangreiche Ausbildung, die wir durchlaufen haben. Viele von uns haben neben einem Erste-Hilfe-Kurs auch eine Sanit\u00e4tsdienstausbildung (Stufe A und B) absolviert.<\/p>\n<p><strong>Wo sind wir zu finden?<\/strong><\/p>\n<p>Im eigens daf\u00fcr eingerichteten Sanit\u00e4tsdienstzimmer. Dieses findet ihr im 1. Stock auf der Nordseite. Au\u00dferdem findet ihr uns \u00fcberall dort, wo unsere Hilfe ben\u00f6tigt wird. Bei einem Unfall werden wir durch das Sekretariat \u00fcber Handy alarmiert, dann findet ihr uns an der Einsatzstelle.<\/p>\n<p><a href=\"https:\/\/www.kloster-metten.com\/wp-content\/uploads\/2008\/08\/Sanit\u00e4tszimmer_.jpg\"><img loading=\"lazy\" decoding=\"async\" class=\"alignnone size-medium wp-image-9989\" title=\"Sanit\u00e4tszimmer_\" src=\"https:\/\/www.kloster-metten.com\/wp-content\/uploads\/2008\/08\/Sanit\u00e4tszimmer_-500x374.jpg\" alt=\"Sanit\u00e4tszimmer_\" width=\"500\" height=\"374\" srcset=\"https:\/\/www.kloster-metten.com\/wp-content\/uploads\/2008\/08\/Sanit\u00e4tszimmer_-500x374.jpg 500w, https:\/\/www.kloster-metten.com\/wp-content\/uploads\/2008\/08\/Sanit\u00e4tszimmer_-768x575.jpg 768w, https:\/\/www.kloster-metten.com\/wp-content\/uploads\/2008\/08\/Sanit\u00e4tszimmer_-1024x766.jpg 1024w, https:\/\/www.kloster-metten.com\/wp-content\/uploads\/2008\/08\/Sanit\u00e4tszimmer_.jpg 1473w\" sizes=\"auto, (max-width: 500px) 100vw, 500px\" \/><\/a><\/p>\n<p><strong>Wann sind wir im Einsatz?<\/strong><\/p>\n<p>Immer! Unser Dienstplan sieht vor, dass jeden Schultag mindestens zwei Sanit\u00e4ter f\u00fcr Notrufe erreichbar sind. Zudem sind wir bei allen schulischen Veranstaltungen (z.B. Tag der offenen T\u00fcr) und sportlichen Ereignissen (z.B. Sponsorenlauf) im Einsatz.<\/p>\n<p><strong>Wie kannst auch du Schulsanit\u00e4ter werden?<\/strong><\/p>\n<p>Wollt auch ihr Ersthelfer werden, dann wendet euch bitte an die betreuende Lehrkraft Frau Schwarz.<\/p>\n<p>&nbsp;<\/p>\n<p>&nbsp;<\/p>\n","protected":false},"excerpt":{"rendered":"<p>Sanit\u00e4tsdienstSchulsanit\u00e4ter des St.-Michaels-Gymnasiums Metten Warum gibt es uns? Unsere Aufgabe ist es, die Erstversorgung bei Unf\u00e4llen, Verletzungen und Erkrankungen an unserer Schule zu \u00fcbernehmen. Dabei versorgen wir Sch\u00fcrfwunden bis hin zu akuten Erkrankungen von Mitsch\u00fclern oder Lehrkr\u00e4ften, wie etwa einen Asthma-Anfall oder eine Kreislaufschw\u00e4che. Als qualifizierte Ersthelfer k\u00f6nnen wir hier direkt an unserer Schule Hilfe [&hellip;]<\/p>\n","protected":false},"author":5,"featured_media":0,"parent":70,"menu_order":15,"comment_status":"closed","ping_status":"closed","template":"","meta":{"footnotes":""},"class_list":["post-259","page","type-page","status-publish","hentry"],"_links":{"self":[{"href":"https:\/\/www.kloster-metten.com\/index.php?rest_route=\/wp\/v2\/pages\/259","targetHints":{"allow":["GET"]}}],"collection":[{"href":"https:\/\/www.kloster-metten.com\/index.php?rest_route=\/wp\/v2\/pages"}],"about":[{"href":"https:\/\/www.kloster-metten.com\/index.php?rest_route=\/wp\/v2\/types\/page"}],"author":[{"embeddable":true,"href":"https:\/\/www.kloster-metten.com\/index.php?rest_route=\/wp\/v2\/users\/5"}],"replies":[{"embeddable":true,"href":"https:\/\/www.kloster-metten.com\/index.php?rest_route=%2Fwp%2Fv2%2Fcomments&post=259"}],"version-history":[{"count":8,"href":"https:\/\/www.kloster-metten.com\/index.php?rest_route=\/wp\/v2\/pages\/259\/revisions"}],"predecessor-version":[{"id":47569,"href":"https:\/\/www.kloster-metten.com\/index.php?rest_route=\/wp\/v2\/pages\/259\/revisions\/47569"}],"up":[{"embeddable":true,"href":"https:\/\/www.kloster-metten.com\/index.php?rest_route=\/wp\/v2\/pages\/70"}],"wp:attachment":[{"href":"https:\/\/www.kloster-metten.com\/index.php?rest_route=%2Fwp%2Fv2%2Fmedia&parent=259"}],"curies":[{"name":"wp","href":"https:\/\/api.w.org\/{rel}","templated":true}]}}