{"id":33,"date":"2008-08-04T17:15:15","date_gmt":"2008-08-04T15:15:15","guid":{"rendered":"http:\/\/kloster-metten.de\/?page_id=33"},"modified":"2026-01-23T21:36:21","modified_gmt":"2026-01-23T20:36:21","slug":"alt-und-jung-metten","status":"publish","type":"page","link":"https:\/\/www.kloster-metten.com\/?page_id=33","title":{"rendered":"Alt und Jung Metten"},"content":{"rendered":"<img loading=\"lazy\" decoding=\"async\" class=\"alignleft size-medium wp-image-1397\" title=\"ajmetten\" src=\"http:\/\/kloster-metten.com\/wp-content\/uploads\/2008\/09\/ajmetten-346x500.jpg\" alt=\"\" width=\"230\" height=\"333\" srcset=\"https:\/\/www.kloster-metten.com\/wp-content\/uploads\/2008\/09\/ajmetten-346x500.jpg 346w, https:\/\/www.kloster-metten.com\/wp-content\/uploads\/2008\/09\/ajmetten.jpg 465w\" sizes=\"auto, (max-width: 230px) 100vw, 230px\" \/><h2>Alt und Jung Metten<\/h2><p>Zweimal im Jahr, im Juli und im Dezember, erscheint \u201eAlt und Jung Metten\u201c. Insider aber sprechen nur vom AJM. Die Zeitschrift f\u00fcr Altmettener und Freunde der Abtei Metten will die Verbindung des Michaelsklosters an der Donau zu den fr\u00fcheren Absolventen und den vielen Freunden der Abtei ausdr\u00fccken und best\u00e4rken. Berichtet wird Neues aus Kloster, Schule und Internat. Dazu kommen historische Beitr\u00e4ge, Nachrichten aus den Klosterpfarreien, Chroniken, Berichte von Klassentreffen sowie Nachrufe auf Verstorbene.<\/p>\n<p>Erstmals erschien die Zeitschrift 1926. Eine Zwangspause gab es nur in den Jahren 1940 bis 1948. Inzwischen erscheint das Heft im 89. Jahrgang (2022\/2023) mit der ISSN 0949-8869.<\/p>\n<p>Der Bezugspreis betr\u00e4gt pro Jahr 11 Euro (5,50 Euro f\u00fcr Studierende)<\/p>\n<p class=\"Absatzlinks\"><strong>Schriftleitung: <br \/>\n<\/strong>P. Markus Haering<br \/>\nTel. (09 91) 91 08 \u2013 0<br \/>\nE-Mail: <a href=\"mailto:abt.wolfgang@kloster-metten.de\">verwaltung@kloster-metten.de<\/a><\/p>\n<p><strong>Technische Leitung und Administration<\/strong><br \/>\nP. Norbert Pfeiffer<br \/>\nTel. (09 91) 91 08 \u2013 1 55<br \/>\nE-Mail: <a href=\"mailto:ajm@kloster-metten.de\">ajm@kloster-metten.de<\/a><\/p>\n<p>St\u00e4ndiger Mitarbeiter der Redaktion ist Christoph Liebl (Schulchronik)<\/p>\n","protected":false},"excerpt":{"rendered":"<p>Alt und Jung MettenZweimal im Jahr, im Juli und im Dezember, erscheint \u201eAlt und Jung Metten\u201c. Insider aber sprechen nur vom AJM. Die Zeitschrift f\u00fcr Altmettener und Freunde der Abtei Metten will die Verbindung des Michaelsklosters an der Donau zu den fr\u00fcheren Absolventen und den vielen Freunden der Abtei ausdr\u00fccken und best\u00e4rken. Berichtet wird Neues [&hellip;]<\/p>\n","protected":false},"author":5,"featured_media":0,"parent":31,"menu_order":15,"comment_status":"closed","ping_status":"closed","template":"","meta":{"footnotes":""},"class_list":["post-33","page","type-page","status-publish","hentry"],"_links":{"self":[{"href":"https:\/\/www.kloster-metten.com\/index.php?rest_route=\/wp\/v2\/pages\/33","targetHints":{"allow":["GET"]}}],"collection":[{"href":"https:\/\/www.kloster-metten.com\/index.php?rest_route=\/wp\/v2\/pages"}],"about":[{"href":"https:\/\/www.kloster-metten.com\/index.php?rest_route=\/wp\/v2\/types\/page"}],"author":[{"embeddable":true,"href":"https:\/\/www.kloster-metten.com\/index.php?rest_route=\/wp\/v2\/users\/5"}],"replies":[{"embeddable":true,"href":"https:\/\/www.kloster-metten.com\/index.php?rest_route=%2Fwp%2Fv2%2Fcomments&post=33"}],"version-history":[{"count":8,"href":"https:\/\/www.kloster-metten.com\/index.php?rest_route=\/wp\/v2\/pages\/33\/revisions"}],"predecessor-version":[{"id":49634,"href":"https:\/\/www.kloster-metten.com\/index.php?rest_route=\/wp\/v2\/pages\/33\/revisions\/49634"}],"up":[{"embeddable":true,"href":"https:\/\/www.kloster-metten.com\/index.php?rest_route=\/wp\/v2\/pages\/31"}],"wp:attachment":[{"href":"https:\/\/www.kloster-metten.com\/index.php?rest_route=%2Fwp%2Fv2%2Fmedia&parent=33"}],"curies":[{"name":"wp","href":"https:\/\/api.w.org\/{rel}","templated":true}]}}