{"id":4463,"date":"2012-05-13T22:37:01","date_gmt":"2012-05-13T20:37:01","guid":{"rendered":"http:\/\/www.kloster-metten.de\/?page_id=4463"},"modified":"2016-05-16T21:47:57","modified_gmt":"2016-05-16T19:47:57","slug":"klostermarkt-8-10-juni","status":"publish","type":"page","link":"https:\/\/www.kloster-metten.com\/?page_id=4463","title":{"rendered":"Klostermarkt 8. &#8211; 10. Juni"},"content":{"rendered":"<h2>Klostermarkt 8. &#8211; 10. Juni<\/h2><h2><\/h2>\n<h2><a href=\"https:\/\/www.kloster-metten.com\/wp-content\/uploads\/2012\/05\/markt9.jpg\"><img loading=\"lazy\" decoding=\"async\" class=\"alignnone size-medium wp-image-4476\" title=\"markt9\" src=\"https:\/\/www.kloster-metten.com\/wp-content\/uploads\/2012\/05\/markt9-500x393.jpg\" alt=\"\" width=\"500\" height=\"393\" srcset=\"https:\/\/www.kloster-metten.com\/wp-content\/uploads\/2012\/05\/markt9-500x393.jpg 500w, https:\/\/www.kloster-metten.com\/wp-content\/uploads\/2012\/05\/markt9.jpg 862w\" sizes=\"auto, (max-width: 500px) 100vw, 500px\" \/><\/a><\/h2>\n<h2>PROGRAMM<\/h2>\n<h3>Freitag, 8. Juni 2012<\/h3>\n<p>14:00 Uhr\u00a0\u00a0\u00a0\u00a0\u00a0\u00a0\u00a0 \u00a0\u00a0\u00a0\u00a0\u00a0\u00a0\u00a0\u00a0\u00a0\u00a0\u00a0 Er\u00f6ffnung des Klostermarktes<br \/>\nKlostermarkt bis 17:00 Uhr<br \/>\n17:45 Uhr\u00a0\u00a0\u00a0\u00a0\u00a0\u00a0\u00a0 \u00a0\u00a0\u00a0\u00a0\u00a0\u00a0\u00a0\u00a0\u00a0\u00a0\u00a0 Vesper in der Klosterkirche<\/p>\n<h3>Samstag, 9. Juni 2012<\/h3>\n<p>10:00 &#8211; 17:00 Uhr\u00a0\u00a0\u00a0\u00a0\u00a0\u00a0\u00a0\u00a0Klostermarkt<br \/>\n\u201eOchs am Spie\u00df&#8220; aus der Benediktinerabtei Plankstetten in Zusammenarbeit mit der Ochsenbraterei Graf aus Hemau<br \/>\n14:00 &#8211; 16:00 Uhr: eigenes Kinderprogramm<br \/>\n17:00- 17:45 Uhr\u00a0\u00a0\u00a0\u00a0\u00a0\u00a0\u00a0\u00a0Orgelkonzert in der Klosterkirche<br \/>\n17:45 Uhr\u00a0\u00a0\u00a0\u00a0\u00a0\u00a0\u00a0 \u00a0\u00a0\u00a0\u00a0\u00a0\u00a0\u00a0\u00a0\u00a0\u00a0\u00a0 Vesper in der Klosterkirche<\/p>\n<h3>Sonntag, 10. Juni 2012<\/h3>\n<p>9:00 Uhr\u00a0\u00a0\u00a0\u00a0\u00a0\u00a0\u00a0\u00a0\u00a0 \u00a0\u00a0\u00a0\u00a0\u00a0\u00a0\u00a0\u00a0\u00a0\u00a0\u00a0 festlicher Gottesdienst in der Klosterkirche<br \/>\n10:00 &#8211; 17:00 Uhr\u00a0\u00a0\u00a0\u00a0\u00a0\u00a0\u00a0Klostermarkt<br \/>\n\u201eOchs am Spie\u00df&#8220; aus der Benediktinerabtei Plankstetten in Zusammenarbeit mit der Ochsenbraterei Graf aus Hemau<br \/>\n14:00 &#8211; 16:00 Uhr:\u00a0\u00a0\u00a0\u00a0\u00a0 eigenes Kinderprogramm<br \/>\n17:45 Uhr\u00a0\u00a0\u00a0\u00a0\u00a0\u00a0\u00a0 \u00a0\u00a0\u00a0\u00a0\u00a0\u00a0\u00a0\u00a0\u00a0\u00a0\u00a0 Vesper in der Klosterkirche<\/p>\n<p><a href=\"https:\/\/www.kloster-metten.com\/wp-content\/uploads\/2012\/05\/markt2.jpg\"><img loading=\"lazy\" decoding=\"async\" class=\"alignnone size-medium wp-image-4466\" title=\"markt2\" src=\"https:\/\/www.kloster-metten.com\/wp-content\/uploads\/2012\/05\/markt2-500x399.jpg\" alt=\"\" width=\"500\" height=\"399\" srcset=\"https:\/\/www.kloster-metten.com\/wp-content\/uploads\/2012\/05\/markt2-500x399.jpg 500w, https:\/\/www.kloster-metten.com\/wp-content\/uploads\/2012\/05\/markt2.jpg 856w\" sizes=\"auto, (max-width: 500px) 100vw, 500px\" \/><\/a><\/p>\n<h2>Kl\u00f6ster und Produkte<\/h2>\n<h4>Barmherzige Br\u00fcder, Algasing<\/h4>\n<p>Klosterlik\u00f6r, Granatapfellik\u00f6r, versch. Essig, \u00d6le, Dips, Haushaltswaren und Spielzeug aus Holz, Gartenb\u00e4nke und Liegest\u00fchle aus Holz<\/p>\n<h4><a href=\"https:\/\/www.kloster-metten.com\/wp-content\/uploads\/2012\/05\/markt7.jpg\"><img loading=\"lazy\" decoding=\"async\" class=\"alignnone size-medium wp-image-4471\" title=\"markt7\" src=\"https:\/\/www.kloster-metten.com\/wp-content\/uploads\/2012\/05\/markt7-500x399.jpg\" alt=\"\" width=\"500\" height=\"399\" srcset=\"https:\/\/www.kloster-metten.com\/wp-content\/uploads\/2012\/05\/markt7-500x399.jpg 500w, https:\/\/www.kloster-metten.com\/wp-content\/uploads\/2012\/05\/markt7.jpg 856w\" sizes=\"auto, (max-width: 500px) 100vw, 500px\" \/><\/a><\/h4>\n<h4>Benediktiner-Kloster Andechs<\/h4>\n<p>Wallfahrtstaferl, Klosterarbeiten, Kunstgewerbe, Andechser Klosterbiere<\/p>\n<h4>Kloster Beuerberg<\/h4>\n<p>Kloster Beuerberger Naturkraft<\/p>\n<h4>Kloster Brandenburg<\/h4>\n<p>Marmelade, Lik\u00f6r, Strickwaren, K-Lumet-Ofenanz\u00fcnder, Insektenhotel<\/p>\n<h4><a href=\"https:\/\/www.kloster-metten.com\/wp-content\/uploads\/2012\/05\/markt4.jpg\"><img loading=\"lazy\" decoding=\"async\" class=\"alignnone size-medium wp-image-4469\" title=\"markt4\" src=\"https:\/\/www.kloster-metten.com\/wp-content\/uploads\/2012\/05\/markt4-500x383.jpg\" alt=\"\" width=\"500\" height=\"383\" srcset=\"https:\/\/www.kloster-metten.com\/wp-content\/uploads\/2012\/05\/markt4-500x383.jpg 500w, https:\/\/www.kloster-metten.com\/wp-content\/uploads\/2012\/05\/markt4.jpg 788w\" sizes=\"auto, (max-width: 500px) 100vw, 500px\" \/><\/a><\/h4>\n<h4>Stift Engelszell<\/h4>\n<p>Engelszeller Klosterlik\u00f6re, Engelszeller Trappistenk\u00e4se, Trappistenbier<\/p>\n<h4>Augustiner Chorherrenstift St. Florian<\/h4>\n<p>Bio-Brote, Bio-Geb\u00e4cke, Bio-Mehlspeisen<\/p>\n<h4>Maristenkloster Furth<\/h4>\n<p>\u201eArquebuse und Hermite&#8220; &#8211; Reindestillate aus \u00fcber 30 Kr\u00e4utern, Wurzeln und Gew\u00fcrzen<\/p>\n<h4>Europakloster Gut Aich, St. Gilgen<\/h4>\n<p>Lik\u00f6re, Tees, Marmeladen, Salze, Essig, Olivenblattprodukte<\/p>\n<h4>Koptisch-orthodoxes Kloster H\u00f6xter<\/h4>\n<p>aus \u00c4gypten: die ber\u00fchmten \u00e4gyptischen Gew\u00fcrze, Teppiche, Tischdecken, Papyrus<br \/>\naus dem Heiligen Land: Olivenholz<br \/>\naus verschiedenen L\u00e4ndern: Schmuck aus Edelsteinen und Silber<\/p>\n<h4><a href=\"https:\/\/www.kloster-metten.com\/wp-content\/uploads\/2012\/05\/markt1.jpg\"><img loading=\"lazy\" decoding=\"async\" class=\"alignnone size-medium wp-image-4465\" title=\"markt1\" src=\"https:\/\/www.kloster-metten.com\/wp-content\/uploads\/2012\/05\/markt1-500x445.jpg\" alt=\"\" width=\"500\" height=\"445\" srcset=\"https:\/\/www.kloster-metten.com\/wp-content\/uploads\/2012\/05\/markt1-500x445.jpg 500w, https:\/\/www.kloster-metten.com\/wp-content\/uploads\/2012\/05\/markt1.jpg 1256w\" sizes=\"auto, (max-width: 500px) 100vw, 500px\" \/><\/a><\/h4>\n<h4>Kloster Mallersdorf<\/h4>\n<p>Brauerei: Klosterbier, Limonaden, Wasser<\/p>\n<h4>Benediktinerabtei Metten<\/h4>\n<p>G\u00e4rtnereiprodukte, B\u00fccher, Imbissangebot durch die Klosterk\u00fcche: Pichelsteiner, Gem\u00fcseeintopf, Kaffee und Kuchen<\/p>\n<h4><a href=\"https:\/\/www.kloster-metten.com\/wp-content\/uploads\/2012\/05\/markt5.jpg\"><img loading=\"lazy\" decoding=\"async\" class=\"alignnone size-medium wp-image-4467\" title=\"markt5\" src=\"https:\/\/www.kloster-metten.com\/wp-content\/uploads\/2012\/05\/markt5-500x437.jpg\" alt=\"\" width=\"500\" height=\"437\" srcset=\"https:\/\/www.kloster-metten.com\/wp-content\/uploads\/2012\/05\/markt5-500x437.jpg 500w, https:\/\/www.kloster-metten.com\/wp-content\/uploads\/2012\/05\/markt5.jpg 747w\" sizes=\"auto, (max-width: 500px) 100vw, 500px\" \/><\/a><\/h4>\n<h4>Schwestern vom guten Hirten, M\u00fcnchen<\/h4>\n<p>Sterne aus Recyclingmaterial, textile Handarbeiten, Bastelarbeiten<\/p>\n<h4>Steyler Missionare, Nettetal<\/h4>\n<p>Zeitschriften, Kalender, B\u00fccher<\/p>\n<h4>Benediktinerabtei Niederaltaich<\/h4>\n<p>Klosterwurst und Klosterspitz, Weihrauch, CDs, B\u00fccher, Ikonen, Lik\u00f6re<\/p>\n<h4><a href=\"https:\/\/www.kloster-metten.com\/wp-content\/uploads\/2012\/05\/markt6.jpg\"><img loading=\"lazy\" decoding=\"async\" class=\"alignnone size-medium wp-image-4470\" title=\"markt6\" src=\"https:\/\/www.kloster-metten.com\/wp-content\/uploads\/2012\/05\/markt6-500x356.jpg\" alt=\"\" width=\"500\" height=\"356\" srcset=\"https:\/\/www.kloster-metten.com\/wp-content\/uploads\/2012\/05\/markt6-500x356.jpg 500w, https:\/\/www.kloster-metten.com\/wp-content\/uploads\/2012\/05\/markt6.jpg 765w\" sizes=\"auto, (max-width: 500px) 100vw, 500px\" \/><\/a><\/h4>\n<h4>Dominikanerinnen Niederviehbach<\/h4>\n<p>Fr\u00fchlingsr\u00f6llchen, Klosterlik\u00f6r, verzierte Kerzen, Rosenkr\u00e4nze, Bastelarbeiten<\/p>\n<h4>Klosterweingut Jakobsberg, Ockenheim<\/h4>\n<p>Wein, Secco, Spirituosen, Essig<\/p>\n<h4>Kloster St. Marienthal, Ostritz<\/h4>\n<p>Honig, Tee, Handarbeiten, Backwaren aus der Klosterb\u00e4ckerei, Klosterbier (Verkauf und Ausschank), Imbissangebot (Bratwurst und Kr\u00e4utersteak vom Grill)<\/p>\n<h4>Erzabtei St. Ottilien<\/h4>\n<p>K\u00e4se, Lik\u00f6r, Br\u00e4nde, Wurstwaren, 3.-Welt-Produkte<\/p>\n<h4>Schwerster Pietro Prechtl, Parsberg<\/h4>\n<p>Keramik, Handarbeiten, Steckenpferde, Kunst und Krempel vom Klosterspeicher<\/p>\n<h4><a href=\"https:\/\/www.kloster-metten.com\/wp-content\/uploads\/2012\/05\/markt3.jpg\"><img loading=\"lazy\" decoding=\"async\" class=\"alignnone size-medium wp-image-4468\" title=\"markt3\" src=\"https:\/\/www.kloster-metten.com\/wp-content\/uploads\/2012\/05\/markt3-499x417.jpg\" alt=\"\" width=\"499\" height=\"417\" srcset=\"https:\/\/www.kloster-metten.com\/wp-content\/uploads\/2012\/05\/markt3-499x417.jpg 499w, https:\/\/www.kloster-metten.com\/wp-content\/uploads\/2012\/05\/markt3.jpg 769w\" sizes=\"auto, (max-width: 499px) 100vw, 499px\" \/><\/a>Benediktinerabtei Plankstetten<\/h4>\n<p>\u00d6kologische Spezialit\u00e4ten aus Metzgerei und B\u00e4ckerei in Bioland-Qualit\u00e4t, Ochsenbraterei: Bioland-Ochse vom Klostergut Staudenhof<\/p>\n<h4>Karmelitenkloster Regensburg<\/h4>\n<p>Karmelitengeist, Karmelitentr\u00fcffel<\/p>\n<h4>Augustiner-Chorherrenstift Reichersberg<\/h4>\n<p>Lik\u00f6re, Br\u00e4nde, Wein, Klosterw\u00fcrstel<\/p>\n<h4>Benediktinerabtei Schweiklberg<\/h4>\n<p>Schweiklberger Geist, Bienenwachskerzen, Imkereiprodukte<\/p>\n<h4>Karmelitenkloster Straubing<\/h4>\n<p>Olivenholzschnitzereien, Oliven\u00f6lseife, ScherbenEngel, gestickte Gotteslobh\u00fcllen, Olivenholzherzen (Musa\u00b4ade: Hilfsaktion f\u00fcr 50 Bethlehemer Schnitzerfamilien)<\/p>\n<h4>Eremiten des Hl. Chariton, Lavra Maria Saal, Sonntag<\/h4>\n<p>Schmuckobjekte inspiriert aus der Symbolsprache der Heiligen Schrift, hergestellt in unserem Atelier<\/p>\n<h4>Benediktinerabtei Weltenburg<\/h4>\n<p>Weltenburger Klosterbiere, Weltenburger Klosterlik\u00f6r, alkoholfreie Getr\u00e4nke<\/p>\n<h4>Pr\u00e4monstratenserabtei Windberg<\/h4>\n<p>Honig, Senf, Klosterlik\u00f6r<\/p>\n<p><a href=\"https:\/\/www.kloster-metten.com\/wp-content\/uploads\/2012\/05\/markt8.jpg\"><img loading=\"lazy\" decoding=\"async\" class=\"alignnone size-medium wp-image-4472\" title=\"markt8\" src=\"https:\/\/www.kloster-metten.com\/wp-content\/uploads\/2012\/05\/markt8-500x429.jpg\" alt=\"\" width=\"500\" height=\"429\" srcset=\"https:\/\/www.kloster-metten.com\/wp-content\/uploads\/2012\/05\/markt8-500x429.jpg 500w, https:\/\/www.kloster-metten.com\/wp-content\/uploads\/2012\/05\/markt8.jpg 781w\" sizes=\"auto, (max-width: 500px) 100vw, 500px\" \/><\/a><\/p>\n","protected":false},"excerpt":{"rendered":"<p>Klostermarkt 8. &#8211; 10. Juni PROGRAMM Freitag, 8. Juni 2012 14:00 Uhr\u00a0\u00a0\u00a0\u00a0\u00a0\u00a0\u00a0 \u00a0\u00a0\u00a0\u00a0\u00a0\u00a0\u00a0\u00a0\u00a0\u00a0\u00a0 Er\u00f6ffnung des Klostermarktes Klostermarkt bis 17:00 Uhr 17:45 Uhr\u00a0\u00a0\u00a0\u00a0\u00a0\u00a0\u00a0 \u00a0\u00a0\u00a0\u00a0\u00a0\u00a0\u00a0\u00a0\u00a0\u00a0\u00a0 Vesper in der Klosterkirche Samstag, 9. Juni 2012 10:00 &#8211; 17:00 Uhr\u00a0\u00a0\u00a0\u00a0\u00a0\u00a0\u00a0\u00a0Klostermarkt \u201eOchs am Spie\u00df&#8220; aus der Benediktinerabtei Plankstetten in Zusammenarbeit mit der Ochsenbraterei Graf aus Hemau 14:00 &#8211; 16:00 Uhr: eigenes [&hellip;]<\/p>\n","protected":false},"author":5,"featured_media":0,"parent":9796,"menu_order":-210,"comment_status":"closed","ping_status":"open","template":"","meta":{"footnotes":""},"class_list":["post-4463","page","type-page","status-publish","hentry"],"_links":{"self":[{"href":"https:\/\/www.kloster-metten.com\/index.php?rest_route=\/wp\/v2\/pages\/4463","targetHints":{"allow":["GET"]}}],"collection":[{"href":"https:\/\/www.kloster-metten.com\/index.php?rest_route=\/wp\/v2\/pages"}],"about":[{"href":"https:\/\/www.kloster-metten.com\/index.php?rest_route=\/wp\/v2\/types\/page"}],"author":[{"embeddable":true,"href":"https:\/\/www.kloster-metten.com\/index.php?rest_route=\/wp\/v2\/users\/5"}],"replies":[{"embeddable":true,"href":"https:\/\/www.kloster-metten.com\/index.php?rest_route=%2Fwp%2Fv2%2Fcomments&post=4463"}],"version-history":[{"count":1,"href":"https:\/\/www.kloster-metten.com\/index.php?rest_route=\/wp\/v2\/pages\/4463\/revisions"}],"predecessor-version":[{"id":9858,"href":"https:\/\/www.kloster-metten.com\/index.php?rest_route=\/wp\/v2\/pages\/4463\/revisions\/9858"}],"up":[{"embeddable":true,"href":"https:\/\/www.kloster-metten.com\/index.php?rest_route=\/wp\/v2\/pages\/9796"}],"wp:attachment":[{"href":"https:\/\/www.kloster-metten.com\/index.php?rest_route=%2Fwp%2Fv2%2Fmedia&parent=4463"}],"curies":[{"name":"wp","href":"https:\/\/api.w.org\/{rel}","templated":true}]}}