{"id":4648,"date":"2012-11-04T19:31:44","date_gmt":"2012-11-04T17:31:44","guid":{"rendered":"http:\/\/www.kloster-metten.de\/?page_id=4648"},"modified":"2016-05-16T21:46:53","modified_gmt":"2016-05-16T19:46:53","slug":"mettener-konventualen-bei-der-heiligsprechung-anna-schaffers","status":"publish","type":"page","link":"https:\/\/www.kloster-metten.com\/?page_id=4648","title":{"rendered":"Mettener Konventualen bei der Heiligsprechung Anna Sch\u00e4ffers"},"content":{"rendered":"<a href=\"https:\/\/www.kloster-metten.com\/wp-content\/uploads\/2012\/11\/as3.jpg\"><img loading=\"lazy\" decoding=\"async\" class=\"alignleft size-medium wp-image-4649\" title=\"as3\" src=\"https:\/\/www.kloster-metten.com\/wp-content\/uploads\/2012\/11\/as3-500x375.jpg\" alt=\"\" width=\"500\" height=\"375\" srcset=\"https:\/\/www.kloster-metten.com\/wp-content\/uploads\/2012\/11\/as3-500x375.jpg 500w, https:\/\/www.kloster-metten.com\/wp-content\/uploads\/2012\/11\/as3.jpg 1024w\" sizes=\"auto, (max-width: 500px) 100vw, 500px\" \/><\/a><h2>Mettener Konventualen bei der Heiligsprechung Anna Sch\u00e4ffers<\/h2><p>Am 21. Oktober sprach Papst Benedikt XVI. auf dem Petersplatz in Rom Anna Sch\u00e4ffer aus Mindelstetten (Landkreis Eichst\u00e4tt, Bistum Regensburg) und sechs weitere Glaubenszeugen heilig. Dies war f\u00fcr die Gl\u00e4ubigen der Kirche von Regensburg und dar\u00fcber hinaus ein besonderer Freudentag, da dies die erste Heiligsprechung f\u00fcr diese Di\u00f6zese seit 1000 Jahren war.<\/p>\n<p>Auch Abt Wolfgang, Fr. Konrad und Fr. Gregor wallfahrteten zu diesem Ereignis nach Rom. Bei der Hinfahrt am 18. Oktober besuchten sie Maria Trens (bei Sterzing), den Geburtsort Innozenz War\u00e4this, des Freskanten der Mettener Barockbibliothek. Nach einer \u00dcbernachtung im Kloster Muri-Gries in Bozen, erreichten die Wallfahrer die ewige Stadt Rom. Zun\u00e4chst stand die Besichtigung einiger wichtiger Kirchen, wie Santa Maria Maggiore und der Lateranbasilika, auf dem Programm. Auch das antike Rom wurde durch den Besuch des Forum Romanum und des Circus Maximus entsprechend gew\u00fcrdigt.<\/p>\n<p><a href=\"https:\/\/www.kloster-metten.com\/wp-content\/uploads\/2012\/11\/as1.jpg\"><img loading=\"lazy\" decoding=\"async\" class=\"alignleft size-medium wp-image-4651\" title=\"as1\" src=\"https:\/\/www.kloster-metten.com\/wp-content\/uploads\/2012\/11\/as1-500x278.jpg\" alt=\"\" width=\"670\" height=\"387\" \/><\/a>Zum Auftakt der Heiligsprechungsfeierlichkeiten fand am Samstag, dem 20. Oktober, in St. Paul vor den Mauern eine Vigilmesse statt. Zu diesem Gottesdienst, der vom neuen Pr\u00e4fekten der Glaubenskongregation, Erzbischof Dr. Gerhard Ludwig M\u00fcller, zelebriert wurde, kamen alle 2000 Pilger aus dem Bistum Regensburg.<\/p>\n<p>H\u00f6hepunkt der Reise war nat\u00fcrlich der Gottesdienst zur Heiligsprechung am Sonntagvormittag, den die Mettener Konventualen aufgrund ihrer hervorragenden Pl\u00e4tze aus n\u00e4chster N\u00e4he miterleben konnten. Auf dem Petersplatz fanden sich dazu ca. 80 000 &#8211; 100 000 Gl\u00e4ubige ein.<a href=\"https:\/\/www.kloster-metten.com\/wp-content\/uploads\/2012\/11\/as2.jpg\"><img loading=\"lazy\" decoding=\"async\" class=\"alignleft size-medium wp-image-4650\" title=\"as2\" src=\"https:\/\/www.kloster-metten.com\/wp-content\/uploads\/2012\/11\/as2-500x364.jpg\" alt=\"\" width=\"672\" height=\"483\" \/><\/a><\/p>\n<p>Zum Abschluss der Feierlichkeiten fand am Montag, dem 22. Oktober, am Kathedraaltar von St. Peter der Dankgottesdienst der Regensburger Pilger, wiederum mit Erzbischof Gerhard Ludwig M\u00fcller statt.<\/p>\n<p>Reich an Eindr\u00fccken und gest\u00e4rkt durch dieses Fest des Glaubens kehrte Abt Wolfgang mit seinen beiden Fratres schlie\u00dflich wieder in das heimatliche Kloster Metten zur\u00fcck.<\/p>\n","protected":false},"excerpt":{"rendered":"<p>Mettener Konventualen bei der Heiligsprechung Anna Sch\u00e4ffersAm 21. Oktober sprach Papst Benedikt XVI. auf dem Petersplatz in Rom Anna Sch\u00e4ffer aus Mindelstetten (Landkreis Eichst\u00e4tt, Bistum Regensburg) und sechs weitere Glaubenszeugen heilig. Dies war f\u00fcr die Gl\u00e4ubigen der Kirche von Regensburg und dar\u00fcber hinaus ein besonderer Freudentag, da dies die erste Heiligsprechung f\u00fcr diese Di\u00f6zese seit [&hellip;]<\/p>\n","protected":false},"author":5,"featured_media":0,"parent":9796,"menu_order":-213,"comment_status":"closed","ping_status":"open","template":"","meta":{"footnotes":""},"class_list":["post-4648","page","type-page","status-publish","hentry"],"_links":{"self":[{"href":"https:\/\/www.kloster-metten.com\/index.php?rest_route=\/wp\/v2\/pages\/4648","targetHints":{"allow":["GET"]}}],"collection":[{"href":"https:\/\/www.kloster-metten.com\/index.php?rest_route=\/wp\/v2\/pages"}],"about":[{"href":"https:\/\/www.kloster-metten.com\/index.php?rest_route=\/wp\/v2\/types\/page"}],"author":[{"embeddable":true,"href":"https:\/\/www.kloster-metten.com\/index.php?rest_route=\/wp\/v2\/users\/5"}],"replies":[{"embeddable":true,"href":"https:\/\/www.kloster-metten.com\/index.php?rest_route=%2Fwp%2Fv2%2Fcomments&post=4648"}],"version-history":[{"count":1,"href":"https:\/\/www.kloster-metten.com\/index.php?rest_route=\/wp\/v2\/pages\/4648\/revisions"}],"predecessor-version":[{"id":9855,"href":"https:\/\/www.kloster-metten.com\/index.php?rest_route=\/wp\/v2\/pages\/4648\/revisions\/9855"}],"up":[{"embeddable":true,"href":"https:\/\/www.kloster-metten.com\/index.php?rest_route=\/wp\/v2\/pages\/9796"}],"wp:attachment":[{"href":"https:\/\/www.kloster-metten.com\/index.php?rest_route=%2Fwp%2Fv2%2Fmedia&parent=4648"}],"curies":[{"name":"wp","href":"https:\/\/api.w.org\/{rel}","templated":true}]}}