{"id":48548,"date":"2024-03-28T18:30:11","date_gmt":"2024-03-28T17:30:11","guid":{"rendered":"https:\/\/www.kloster-metten.de\/?page_id=48548"},"modified":"2024-03-28T18:30:11","modified_gmt":"2024-03-28T17:30:11","slug":"die-klostergaertnerei-metten-wuenscht-allen-kundinnen-und-kunden-frohe-ostern","status":"publish","type":"page","link":"https:\/\/www.kloster-metten.com\/?page_id=48548","title":{"rendered":"Die Klosterg\u00e4rtnerei Metten w\u00fcnscht allen Kundinnen und Kunden frohe Ostern!"},"content":{"rendered":"<h2>Die Klosterg\u00e4rtnerei Metten w\u00fcnscht allen Kundinnen und Kunden frohe Ostern!<\/h2><p><strong><a href=\"https:\/\/www.kloster-metten.com\/wp-content\/uploads\/2024\/03\/Einkaufsbereich_Gaertnerei3_.jpg\"><img loading=\"lazy\" decoding=\"async\" class=\"size-medium wp-image-48551 alignnone\" title=\"Einkaufsbereich_G\u00e4rtnerei3_\" src=\"https:\/\/www.kloster-metten.com\/wp-content\/uploads\/2024\/03\/Einkaufsbereich_Gaertnerei3_-500x375.jpg\" alt=\"\" width=\"500\" height=\"375\" srcset=\"https:\/\/www.kloster-metten.com\/wp-content\/uploads\/2024\/03\/Einkaufsbereich_Gaertnerei3_-500x375.jpg 500w, https:\/\/www.kloster-metten.com\/wp-content\/uploads\/2024\/03\/Einkaufsbereich_Gaertnerei3_-1024x768.jpg 1024w, https:\/\/www.kloster-metten.com\/wp-content\/uploads\/2024\/03\/Einkaufsbereich_Gaertnerei3_-768x576.jpg 768w, https:\/\/www.kloster-metten.com\/wp-content\/uploads\/2024\/03\/Einkaufsbereich_Gaertnerei3_-1536x1152.jpg 1536w, https:\/\/www.kloster-metten.com\/wp-content\/uploads\/2024\/03\/Einkaufsbereich_Gaertnerei3_.jpg 1613w\" sizes=\"auto, (max-width: 500px) 100vw, 500px\" \/><\/a><\/strong><\/p>\n<p>Das Team der Klosterg\u00e4rtnerei Metten freut sich \u00fcber die ersten Fr\u00fchlingstage.<\/p>\n<p>Eine tolle Bl\u00fctenpracht beginnt dieser Tage viel Farbe in den Alltag zu bringen.<\/p>\n<p>Sch\u00f6ne Gestecke und Deko-Ideen zu Ostern und zum Fr\u00fchling gibt\u2019s zu bestaunen.<\/p>\n<p><strong> <a href=\"https:\/\/www.kloster-metten.com\/wp-content\/uploads\/2024\/03\/Schubkarre3_.jpg\"><img loading=\"lazy\" decoding=\"async\" class=\"size-medium wp-image-48549 alignnone\" title=\"Schubkarre3_\" src=\"https:\/\/www.kloster-metten.com\/wp-content\/uploads\/2024\/03\/Schubkarre3_-375x500.jpg\" alt=\"\" width=\"375\" height=\"500\" srcset=\"https:\/\/www.kloster-metten.com\/wp-content\/uploads\/2024\/03\/Schubkarre3_-375x500.jpg 375w, https:\/\/www.kloster-metten.com\/wp-content\/uploads\/2024\/03\/Schubkarre3_-768x1024.jpg 768w, https:\/\/www.kloster-metten.com\/wp-content\/uploads\/2024\/03\/Schubkarre3_.jpg 1058w\" sizes=\"auto, (max-width: 375px) 100vw, 375px\" \/><\/a><\/strong><\/p>\n<p><strong>Schon mal zum Vormerken:<\/strong><\/p>\n<p>Der Tag der offenen G\u00e4rtnerei findet in diesem Jahr am Samstag, den 20. April 2024 statt.<\/p>\n<p>Unsere Klosterg\u00e4rtnerei ist an diesem Tag von 8 Uhr bis 17 Uhr ge\u00f6ffnet. Neben der Pflanze des<\/p>\n<p>Jahres gibt es eine Vielfalt an Blumen und Pflanzen zu bestaunen. Auch ein kleiner Kunsthandwerkermarkt<\/p>\n<p>findet statt. Dar\u00fcber hinaus ist f\u00fcr das leibliche Wohl und ein wenig Spa\u00df bestens gesorgt.<\/p>\n<p><strong> <a href=\"https:\/\/www.kloster-metten.com\/wp-content\/uploads\/2024\/03\/Kundin2_.jpg\"><img loading=\"lazy\" decoding=\"async\" class=\"size-medium wp-image-48550 alignnone\" title=\"Kundin2_\" src=\"https:\/\/www.kloster-metten.com\/wp-content\/uploads\/2024\/03\/Kundin2_-500x375.jpg\" alt=\"\" width=\"500\" height=\"375\" srcset=\"https:\/\/www.kloster-metten.com\/wp-content\/uploads\/2024\/03\/Kundin2_-500x375.jpg 500w, https:\/\/www.kloster-metten.com\/wp-content\/uploads\/2024\/03\/Kundin2_-1024x768.jpg 1024w, https:\/\/www.kloster-metten.com\/wp-content\/uploads\/2024\/03\/Kundin2_-768x576.jpg 768w, https:\/\/www.kloster-metten.com\/wp-content\/uploads\/2024\/03\/Kundin2_.jpg 1411w\" sizes=\"auto, (max-width: 500px) 100vw, 500px\" \/><\/a><\/strong><\/p>\n<p><strong>Wir freuen uns auf Ihren Besuch!<\/strong><\/p>\n<p><strong>Das Team der Klosterg\u00e4rtnerei Metten<\/strong><\/p>\n<p>&nbsp;<\/p>\n","protected":false},"excerpt":{"rendered":"<p>Die Klosterg\u00e4rtnerei Metten w\u00fcnscht allen Kundinnen und Kunden frohe Ostern! Das Team der Klosterg\u00e4rtnerei Metten freut sich \u00fcber die ersten Fr\u00fchlingstage. Eine tolle Bl\u00fctenpracht beginnt dieser Tage viel Farbe in den Alltag zu bringen. Sch\u00f6ne Gestecke und Deko-Ideen zu Ostern und zum Fr\u00fchling gibt\u2019s zu bestaunen. Schon mal zum Vormerken: Der Tag der offenen G\u00e4rtnerei [&hellip;]<\/p>\n","protected":false},"author":5,"featured_media":0,"parent":1120,"menu_order":-162,"comment_status":"closed","ping_status":"closed","template":"","meta":{"footnotes":""},"class_list":["post-48548","page","type-page","status-publish","hentry"],"_links":{"self":[{"href":"https:\/\/www.kloster-metten.com\/index.php?rest_route=\/wp\/v2\/pages\/48548","targetHints":{"allow":["GET"]}}],"collection":[{"href":"https:\/\/www.kloster-metten.com\/index.php?rest_route=\/wp\/v2\/pages"}],"about":[{"href":"https:\/\/www.kloster-metten.com\/index.php?rest_route=\/wp\/v2\/types\/page"}],"author":[{"embeddable":true,"href":"https:\/\/www.kloster-metten.com\/index.php?rest_route=\/wp\/v2\/users\/5"}],"replies":[{"embeddable":true,"href":"https:\/\/www.kloster-metten.com\/index.php?rest_route=%2Fwp%2Fv2%2Fcomments&post=48548"}],"version-history":[{"count":1,"href":"https:\/\/www.kloster-metten.com\/index.php?rest_route=\/wp\/v2\/pages\/48548\/revisions"}],"predecessor-version":[{"id":48552,"href":"https:\/\/www.kloster-metten.com\/index.php?rest_route=\/wp\/v2\/pages\/48548\/revisions\/48552"}],"up":[{"embeddable":true,"href":"https:\/\/www.kloster-metten.com\/index.php?rest_route=\/wp\/v2\/pages\/1120"}],"wp:attachment":[{"href":"https:\/\/www.kloster-metten.com\/index.php?rest_route=%2Fwp%2Fv2%2Fmedia&parent=48548"}],"curies":[{"name":"wp","href":"https:\/\/api.w.org\/{rel}","templated":true}]}}