{"id":48553,"date":"2024-03-28T23:24:13","date_gmt":"2024-03-28T22:24:13","guid":{"rendered":"https:\/\/www.kloster-metten.de\/?page_id=48553"},"modified":"2024-03-28T23:28:17","modified_gmt":"2024-03-28T22:28:17","slug":"tut-dies-zu-meinem-gedaechtnis-abendmahlsmesse-in-unserer-pfarr-und-klosterkirche","status":"publish","type":"page","link":"https:\/\/www.kloster-metten.com\/?page_id=48553","title":{"rendered":"\u201eTut dies zu meinem Ged\u00e4chtnis!\u201c Abendmahlsmesse in unserer Pfarr- und Klosterkirche"},"content":{"rendered":"<a href=\"https:\/\/www.kloster-metten.com\/wp-content\/uploads\/2024\/03\/IMG_9268__.jpg\"><img loading=\"lazy\" decoding=\"async\" class=\"size-medium wp-image-48561 alignnone\" title=\"IMG_9268__\" src=\"https:\/\/www.kloster-metten.com\/wp-content\/uploads\/2024\/03\/IMG_9268__-500x480.jpg\" alt=\"\" width=\"500\" height=\"480\" srcset=\"https:\/\/www.kloster-metten.com\/wp-content\/uploads\/2024\/03\/IMG_9268__-500x480.jpg 500w, https:\/\/www.kloster-metten.com\/wp-content\/uploads\/2024\/03\/IMG_9268__.jpg 604w\" sizes=\"auto, (max-width: 500px) 100vw, 500px\" \/><\/a><h2>\u201eTut dies zu meinem Ged\u00e4chtnis!\u201c Abendmahlsmesse in unserer Pfarr- und Klosterkirche<\/h2><p><\/p>\n<p>In Erinnerung an die Geschehnisse des Gr\u00fcndonnerstags haben sich die Gl\u00e4ubigen des Pfarrverbands Metten-Neuhausen zusammen mit uns Mettener M\u00f6nchen in der Pfarr- und Klosterkirche St. Michael am Abend des 28. M\u00e4rz versammelt. Abt Athanasius stand der Eucharistiefeier vom letzten Abendmahl vor. Bei der Fu\u00dfwaschung traten Erstkommunionkinder und Firmlinge dieses Jahres vor den Altar. Abt Athanasius wusch ihnen die F\u00fc\u00dfe. Zuvor deutete er diesen Ritus und nahm Bezug zu den Worten aus dem Evangelium zum Gr\u00fcndonnerstag. Mit Abt Athanasius standen unser Prior P. Thomas, Cellerar P. Markus, die Mitbr\u00fcder P. Michael, P. Erhard, P. Norbert und P. Altmann am Altar. Ebenfalls konzelebriert haben P. Felix und Monsignore Wolfgang Riedl. Eine besondere Freude hat uns bereitet, dass auch unser Senior des Klosters, P. Eberhard, am Abendmahlsgottesdienst teilgenommen hat. Nachdem die Orgel verstummte, erf\u00fcllten Volksgesang sowie die Stimmen der Schola auf der Empore unsere Stiftskirche mit festlichem Gesang. \u201eNach dem Lobgesang gingen sie zum \u00d6lberg hinaus.\u201c Der Tradition folgend wurde das Allerheiligste nach der Messfeier in einer Prozession zur Benediktuskapelle \u00fcbertragen. Dort verbleibt das Allerheiligste bis zur Feier der Osternacht. In Erinnerung an die Todesangst Jesu am \u00d6lberg wurde noch bis zur Mitternacht stille Anbetung vor dem Allerheiligsten in der Benediktuskapelle gehalten. Das heilige Triduum von Leiden, Tod und Auferstehung Jesu hat auch in unserem Pfarrverband und f\u00fcr unsere M\u00f6nchsgemeinschaft begonnen.<\/p>\n<p><a href=\"https:\/\/www.kloster-metten.com\/wp-content\/uploads\/2024\/03\/IMG_9276_.jpg\"><img loading=\"lazy\" decoding=\"async\" class=\"size-medium wp-image-48555 alignnone\" title=\"IMG_9276_\" src=\"https:\/\/www.kloster-metten.com\/wp-content\/uploads\/2024\/03\/IMG_9276_-375x500.jpg\" alt=\"\" width=\"375\" height=\"500\" srcset=\"https:\/\/www.kloster-metten.com\/wp-content\/uploads\/2024\/03\/IMG_9276_-375x500.jpg 375w, https:\/\/www.kloster-metten.com\/wp-content\/uploads\/2024\/03\/IMG_9276_.jpg 756w\" sizes=\"auto, (max-width: 375px) 100vw, 375px\" \/><\/a><a href=\"https:\/\/www.kloster-metten.com\/wp-content\/uploads\/2024\/03\/IMG_9275_.jpg\"><img loading=\"lazy\" decoding=\"async\" class=\"size-medium wp-image-48554 alignnone\" title=\"IMG_9275_\" src=\"https:\/\/www.kloster-metten.com\/wp-content\/uploads\/2024\/03\/IMG_9275_-500x375.jpg\" alt=\"\" width=\"500\" height=\"375\" srcset=\"https:\/\/www.kloster-metten.com\/wp-content\/uploads\/2024\/03\/IMG_9275_-500x375.jpg 500w, https:\/\/www.kloster-metten.com\/wp-content\/uploads\/2024\/03\/IMG_9275_-768x576.jpg 768w, https:\/\/www.kloster-metten.com\/wp-content\/uploads\/2024\/03\/IMG_9275_.jpg 806w\" sizes=\"auto, (max-width: 500px) 100vw, 500px\" \/><\/a><\/p>\n","protected":false},"excerpt":{"rendered":"<p>\u201eTut dies zu meinem Ged\u00e4chtnis!\u201c Abendmahlsmesse in unserer Pfarr- und Klosterkirche In Erinnerung an die Geschehnisse des Gr\u00fcndonnerstags haben sich die Gl\u00e4ubigen des Pfarrverbands Metten-Neuhausen zusammen mit uns Mettener M\u00f6nchen in der Pfarr- und Klosterkirche St. Michael am Abend des 28. M\u00e4rz versammelt. Abt Athanasius stand der Eucharistiefeier vom letzten Abendmahl vor. Bei der Fu\u00dfwaschung [&hellip;]<\/p>\n","protected":false},"author":5,"featured_media":0,"parent":1120,"menu_order":-164,"comment_status":"closed","ping_status":"closed","template":"","meta":{"footnotes":""},"class_list":["post-48553","page","type-page","status-publish","hentry"],"_links":{"self":[{"href":"https:\/\/www.kloster-metten.com\/index.php?rest_route=\/wp\/v2\/pages\/48553","targetHints":{"allow":["GET"]}}],"collection":[{"href":"https:\/\/www.kloster-metten.com\/index.php?rest_route=\/wp\/v2\/pages"}],"about":[{"href":"https:\/\/www.kloster-metten.com\/index.php?rest_route=\/wp\/v2\/types\/page"}],"author":[{"embeddable":true,"href":"https:\/\/www.kloster-metten.com\/index.php?rest_route=\/wp\/v2\/users\/5"}],"replies":[{"embeddable":true,"href":"https:\/\/www.kloster-metten.com\/index.php?rest_route=%2Fwp%2Fv2%2Fcomments&post=48553"}],"version-history":[{"count":5,"href":"https:\/\/www.kloster-metten.com\/index.php?rest_route=\/wp\/v2\/pages\/48553\/revisions"}],"predecessor-version":[{"id":48562,"href":"https:\/\/www.kloster-metten.com\/index.php?rest_route=\/wp\/v2\/pages\/48553\/revisions\/48562"}],"up":[{"embeddable":true,"href":"https:\/\/www.kloster-metten.com\/index.php?rest_route=\/wp\/v2\/pages\/1120"}],"wp:attachment":[{"href":"https:\/\/www.kloster-metten.com\/index.php?rest_route=%2Fwp%2Fv2%2Fmedia&parent=48553"}],"curies":[{"name":"wp","href":"https:\/\/api.w.org\/{rel}","templated":true}]}}