{"id":48731,"date":"2024-07-08T16:01:17","date_gmt":"2024-07-08T14:01:17","guid":{"rendered":"https:\/\/www.kloster-metten.de\/?page_id=48731"},"modified":"2024-07-08T16:13:53","modified_gmt":"2024-07-08T14:13:53","slug":"schach","status":"publish","type":"page","link":"https:\/\/www.kloster-metten.com\/?page_id=48731","title":{"rendered":"Schach"},"content":{"rendered":"<a href=\"https:\/\/www.kloster-metten.com\/wp-content\/uploads\/2017\/02\/schach2_.jpg\"><img loading=\"lazy\" decoding=\"async\" class=\"size-medium wp-image-10521 alignnone\" title=\"schach2_\" src=\"https:\/\/www.kloster-metten.com\/wp-content\/uploads\/2017\/02\/schach2_-500x282.jpg\" alt=\"\" width=\"500\" height=\"282\" srcset=\"https:\/\/www.kloster-metten.com\/wp-content\/uploads\/2017\/02\/schach2_-500x282.jpg 500w, https:\/\/www.kloster-metten.com\/wp-content\/uploads\/2017\/02\/schach2_-768x432.jpg 768w, https:\/\/www.kloster-metten.com\/wp-content\/uploads\/2017\/02\/schach2_-1024x577.jpg 1024w, https:\/\/www.kloster-metten.com\/wp-content\/uploads\/2017\/02\/schach2_.jpg 1238w\" sizes=\"auto, (max-width: 500px) 100vw, 500px\" \/><\/a><h2>Schach<\/h2><p><\/p>\n<p>Herzlich Willkommen auf der Internetpr\u00e4senz der Schachgruppe unseres Gymnasiums. Falls du Interesse am k\u00f6niglichen Spiel hast, dann komm gerne vorbei.<br \/>\nWir treffen uns immer montags um 13.30 bis 15.00 Uhr im Schachraum.<\/p>\n<p>N\u00e4chster Termin: <br \/>\nMontag, 22.07.24: Allj\u00e4hrliche Mettener Schulschachmeisterschaft<\/p>\n<p>Vergangene Highlights:<\/p>\n","protected":false},"excerpt":{"rendered":"<p>Schach Herzlich Willkommen auf der Internetpr\u00e4senz der Schachgruppe unseres Gymnasiums. Falls du Interesse am k\u00f6niglichen Spiel hast, dann komm gerne vorbei. Wir treffen uns immer montags um 13.30 bis 15.00 Uhr im Schachraum. N\u00e4chster Termin: Montag, 22.07.24: Allj\u00e4hrliche Mettener Schulschachmeisterschaft Vergangene Highlights:<\/p>\n","protected":false},"author":5,"featured_media":0,"parent":8,"menu_order":6,"comment_status":"closed","ping_status":"closed","template":"","meta":{"footnotes":""},"class_list":["post-48731","page","type-page","status-publish","hentry"],"_links":{"self":[{"href":"https:\/\/www.kloster-metten.com\/index.php?rest_route=\/wp\/v2\/pages\/48731","targetHints":{"allow":["GET"]}}],"collection":[{"href":"https:\/\/www.kloster-metten.com\/index.php?rest_route=\/wp\/v2\/pages"}],"about":[{"href":"https:\/\/www.kloster-metten.com\/index.php?rest_route=\/wp\/v2\/types\/page"}],"author":[{"embeddable":true,"href":"https:\/\/www.kloster-metten.com\/index.php?rest_route=\/wp\/v2\/users\/5"}],"replies":[{"embeddable":true,"href":"https:\/\/www.kloster-metten.com\/index.php?rest_route=%2Fwp%2Fv2%2Fcomments&post=48731"}],"version-history":[{"count":3,"href":"https:\/\/www.kloster-metten.com\/index.php?rest_route=\/wp\/v2\/pages\/48731\/revisions"}],"predecessor-version":[{"id":48735,"href":"https:\/\/www.kloster-metten.com\/index.php?rest_route=\/wp\/v2\/pages\/48731\/revisions\/48735"}],"up":[{"embeddable":true,"href":"https:\/\/www.kloster-metten.com\/index.php?rest_route=\/wp\/v2\/pages\/8"}],"wp:attachment":[{"href":"https:\/\/www.kloster-metten.com\/index.php?rest_route=%2Fwp%2Fv2%2Fmedia&parent=48731"}],"curies":[{"name":"wp","href":"https:\/\/api.w.org\/{rel}","templated":true}]}}