{"id":48742,"date":"2024-07-08T16:18:40","date_gmt":"2024-07-08T14:18:40","guid":{"rendered":"https:\/\/www.kloster-metten.de\/?page_id=48742"},"modified":"2024-07-08T16:18:40","modified_gmt":"2024-07-08T14:18:40","slug":"schachgrossmeister-in-metten","status":"publish","type":"page","link":"https:\/\/www.kloster-metten.com\/?page_id=48742","title":{"rendered":"Schachgro\u00dfmeister in Metten"},"content":{"rendered":"<h2>Schachgro\u00dfmeister in Metten<\/h2><p><div id=\"attachment_47709\" style=\"width: 385px\" class=\"wp-caption alignnone\"><a href=\"https:\/\/www.kloster-metten.com\/wp-content\/uploads\/2023\/03\/Bild-2_Metten-Schach_.jpg\"><img aria-describedby=\"caption-attachment-47709\" class=\"wp-image-47709 size-medium\" title=\"Bild 2_Metten Schach_\" src=\"https:\/\/www.kloster-metten.com\/wp-content\/uploads\/2023\/03\/Bild-2_Metten-Schach_-375x500.jpg\" alt=\"\" width=\"375\" height=\"500\" \/><\/a><p id=\"caption-attachment-47709\" class=\"wp-caption-text\">H\u00f6chste Konzentration!<\/p><\/div><\/p>\n<p>Hoher Besuch f\u00fcr unser Gymnasium. Der indische Schachgro\u00dfmeister Sunilduth Lyna Narayanan, aktuell Nummer 76 der Weltrangliste, konnte in Metten begr\u00fc\u00dft werden. \u00a0S. L. Narayanan spielt diese Saison f\u00fcr den Deggendorfer Schachverein in der Schachbundesliga am ersten Brett und nahm sich am Montag Vormittag vor den Osterferien Zeit, um seine Liebe zum Schachspiel auch an die n\u00e4chste Generation weiterzugeben.<\/p>\n<p>Zun\u00e4chst stand der Gro\u00dfmeister den Sch\u00fclerinnen und Sch\u00fclern der 11. Klasse in einer Fragestunde geduldig Rede und Antwort. Er erz\u00e4hlte dabei unter anderem von den Anf\u00e4ngen in seiner Heimat Indien, vom Alltag als Schachprofi und von den vielen Reisen um die ganze Welt, welche dieser Beruf mit sich bringt.<\/p>\n<p>In der anschlie\u00dfenden Simultan-Veranstaltung sah sich S. L. Narayanan gleich zehn Gegnern aus der Mettener Schach-AG auf einmal gegen\u00fcber. Doch f\u00fcr einen solchen Spitzenspieler stellte auch diese Aufgabe keine gro\u00dfe Herausforderung dar. Nach 45 Minuten waren auch die z\u00e4hesten Kontrahenten matt gesetzt und der Endstand lautete 0:10 aus Sicht der Mettener. Trotzdem war die Freude aller Beteiligten riesig, eine Partie gegen einen Gro\u00dfmeister ist schlie\u00dflich der Traum eines jeden Schachspielers. Da machte es am Ende niemandem etwas aus, gegen den sympathischen Weltklassespieler den K\u00fcrzeren gezogen zu haben.<\/p>\n<p><div id=\"attachment_47710\" style=\"width: 510px\" class=\"wp-caption alignleft\"><a href=\"https:\/\/www.kloster-metten.com\/wp-content\/uploads\/2023\/03\/Bild-1_Metten_Schach_.jpg\"><img aria-describedby=\"caption-attachment-47710\" class=\"size-medium wp-image-47710\" title=\"Bild 1_Metten_Schach_\" src=\"https:\/\/www.kloster-metten.com\/wp-content\/uploads\/2023\/03\/Bild-1_Metten_Schach_-500x375.jpg\" alt=\"\" width=\"500\" height=\"375\" \/><\/a><p id=\"caption-attachment-47710\" class=\"wp-caption-text\">GM S. L. Narayanan mit einigen Mitgliedern der Mettener Schach-AG, den Betreuern Rupert M\u00fcller und Reinhard H\u00fcbl sowie Andreas Krau\u00df vom Schachverein Deggendorf.<\/p><\/div><\/p>\n","protected":false},"excerpt":{"rendered":"<p>Schachgro\u00dfmeister in MettenH\u00f6chste Konzentration! Hoher Besuch f\u00fcr unser Gymnasium. Der indische Schachgro\u00dfmeister Sunilduth Lyna Narayanan, aktuell Nummer 76 der Weltrangliste, konnte in Metten begr\u00fc\u00dft werden. \u00a0S. L. Narayanan spielt diese Saison f\u00fcr den Deggendorfer Schachverein in der Schachbundesliga am ersten Brett und nahm sich am Montag Vormittag vor den Osterferien Zeit, um seine Liebe zum [&hellip;]<\/p>\n","protected":false},"author":5,"featured_media":0,"parent":48731,"menu_order":0,"comment_status":"closed","ping_status":"closed","template":"","meta":{"footnotes":""},"class_list":["post-48742","page","type-page","status-publish","hentry"],"_links":{"self":[{"href":"https:\/\/www.kloster-metten.com\/index.php?rest_route=\/wp\/v2\/pages\/48742","targetHints":{"allow":["GET"]}}],"collection":[{"href":"https:\/\/www.kloster-metten.com\/index.php?rest_route=\/wp\/v2\/pages"}],"about":[{"href":"https:\/\/www.kloster-metten.com\/index.php?rest_route=\/wp\/v2\/types\/page"}],"author":[{"embeddable":true,"href":"https:\/\/www.kloster-metten.com\/index.php?rest_route=\/wp\/v2\/users\/5"}],"replies":[{"embeddable":true,"href":"https:\/\/www.kloster-metten.com\/index.php?rest_route=%2Fwp%2Fv2%2Fcomments&post=48742"}],"version-history":[{"count":1,"href":"https:\/\/www.kloster-metten.com\/index.php?rest_route=\/wp\/v2\/pages\/48742\/revisions"}],"predecessor-version":[{"id":48743,"href":"https:\/\/www.kloster-metten.com\/index.php?rest_route=\/wp\/v2\/pages\/48742\/revisions\/48743"}],"up":[{"embeddable":true,"href":"https:\/\/www.kloster-metten.com\/index.php?rest_route=\/wp\/v2\/pages\/48731"}],"wp:attachment":[{"href":"https:\/\/www.kloster-metten.com\/index.php?rest_route=%2Fwp%2Fv2%2Fmedia&parent=48742"}],"curies":[{"name":"wp","href":"https:\/\/api.w.org\/{rel}","templated":true}]}}