{"id":4879,"date":"2013-03-23T14:43:47","date_gmt":"2013-03-23T12:43:47","guid":{"rendered":"http:\/\/www.kloster-metten.de\/?page_id=4879"},"modified":"2016-05-16T21:44:12","modified_gmt":"2016-05-16T19:44:12","slug":"buchprasentation-im-wittelsbacher-saal","status":"publish","type":"page","link":"https:\/\/www.kloster-metten.com\/?page_id=4879","title":{"rendered":"Buchpr\u00e4sentation im Wittelsbacher Saal"},"content":{"rendered":"<a href=\"https:\/\/www.kloster-metten.com\/wp-content\/uploads\/2013\/03\/foto-josefine-eichwald.jpg\"><img loading=\"lazy\" decoding=\"async\" class=\"alignnone size-medium wp-image-4880\" title=\"foto-josefine-eichwald\" src=\"https:\/\/www.kloster-metten.com\/wp-content\/uploads\/2013\/03\/foto-josefine-eichwald-500x375.jpg\" alt=\"\" width=\"500\" height=\"375\" srcset=\"https:\/\/www.kloster-metten.com\/wp-content\/uploads\/2013\/03\/foto-josefine-eichwald-500x375.jpg 500w, https:\/\/www.kloster-metten.com\/wp-content\/uploads\/2013\/03\/foto-josefine-eichwald.jpg 1280w\" sizes=\"auto, (max-width: 500px) 100vw, 500px\" \/><\/a><h2>Buchpr\u00e4sentation im Wittelsbacher Saal<\/h2><p><\/p>\n<p>Das Kulturreferat des Bezirks Niederbayern pr\u00e4sentierte am Josefitag in unserem Haus in Anwesenheit des Bezirkstagspr\u00e4sidenten Manfred H\u00f6lzlein, des Landrates Christian Bernreiter und zahlreicher Ehreng\u00e4ste das Liederbuch <strong><span style=\"text-decoration: underline;\">\u201eGott zu Ehren&#8230;&#8220;<\/span><\/strong> Lieder von der Fastenzeit bis Allerheiligen aus dem Stubenberger Handschriften.<\/p>\n<p>Bezirksheimatpfleger Dr. Maximilian Seefelder f\u00fchrte in seinen Einf\u00fchrungsworten aus: \u201eDie Volksmusikpflege ist bestrebt, identit\u00e4tserhaltend und -f\u00f6rdernd zu wirken. Deshalb will sie \u00fcberlieferte Musik m\u00f6glichst anlassgebunden in das kulturelle Leben integrieren&#8230;. Die hier ver\u00f6ffentlichen geistlichen Lieder entstammen den \u201eStubenberger Liederhandschriften&#8220;. Sie z\u00e4hlen derzeit mit zu den bedeutendsten Quellen f\u00fcr die Volksmusikforschung in Bayern&#8230; Nach den 2009 erschienen Advents- und Weihnachtsliedern aus den Stubenberger Liederhandschriften folgt also nun als zweite Ausgabe eine Auswahl mit geistlichen Liedern von der Fastenzeit bis Allerseelen.&#8220;<\/p>\n<p>Die Zuh\u00f6rer bekamen auch Kostproben zu h\u00f6ren. Dargeboten wurden sie meisterhaft von Marlene Eberwein-Seefelder an der Harfe und Mitgliedern des Kulturreferates.<\/p>\n","protected":false},"excerpt":{"rendered":"<p>Buchpr\u00e4sentation im Wittelsbacher Saal Das Kulturreferat des Bezirks Niederbayern pr\u00e4sentierte am Josefitag in unserem Haus in Anwesenheit des Bezirkstagspr\u00e4sidenten Manfred H\u00f6lzlein, des Landrates Christian Bernreiter und zahlreicher Ehreng\u00e4ste das Liederbuch \u201eGott zu Ehren&#8230;&#8220; Lieder von der Fastenzeit bis Allerheiligen aus dem Stubenberger Handschriften. Bezirksheimatpfleger Dr. Maximilian Seefelder f\u00fchrte in seinen Einf\u00fchrungsworten aus: \u201eDie Volksmusikpflege ist [&hellip;]<\/p>\n","protected":false},"author":5,"featured_media":0,"parent":9796,"menu_order":-221,"comment_status":"closed","ping_status":"open","template":"","meta":{"footnotes":""},"class_list":["post-4879","page","type-page","status-publish","hentry"],"_links":{"self":[{"href":"https:\/\/www.kloster-metten.com\/index.php?rest_route=\/wp\/v2\/pages\/4879","targetHints":{"allow":["GET"]}}],"collection":[{"href":"https:\/\/www.kloster-metten.com\/index.php?rest_route=\/wp\/v2\/pages"}],"about":[{"href":"https:\/\/www.kloster-metten.com\/index.php?rest_route=\/wp\/v2\/types\/page"}],"author":[{"embeddable":true,"href":"https:\/\/www.kloster-metten.com\/index.php?rest_route=\/wp\/v2\/users\/5"}],"replies":[{"embeddable":true,"href":"https:\/\/www.kloster-metten.com\/index.php?rest_route=%2Fwp%2Fv2%2Fcomments&post=4879"}],"version-history":[{"count":1,"href":"https:\/\/www.kloster-metten.com\/index.php?rest_route=\/wp\/v2\/pages\/4879\/revisions"}],"predecessor-version":[{"id":9847,"href":"https:\/\/www.kloster-metten.com\/index.php?rest_route=\/wp\/v2\/pages\/4879\/revisions\/9847"}],"up":[{"embeddable":true,"href":"https:\/\/www.kloster-metten.com\/index.php?rest_route=\/wp\/v2\/pages\/9796"}],"wp:attachment":[{"href":"https:\/\/www.kloster-metten.com\/index.php?rest_route=%2Fwp%2Fv2%2Fmedia&parent=4879"}],"curies":[{"name":"wp","href":"https:\/\/api.w.org\/{rel}","templated":true}]}}