{"id":4893,"date":"2013-03-30T17:52:05","date_gmt":"2013-03-30T15:52:05","guid":{"rendered":"http:\/\/www.kloster-metten.de\/?page_id=4893"},"modified":"2016-05-16T21:43:08","modified_gmt":"2016-05-16T19:43:08","slug":"der-herr-ist-auferstanden-er-ist-wahrhaft-auferstanden-2","status":"publish","type":"page","link":"https:\/\/www.kloster-metten.com\/?page_id=4893","title":{"rendered":"Der Herr ist auferstanden &#8211; er ist wahrhaft auferstanden!"},"content":{"rendered":"<h2>Der Herr ist auferstanden &#8211; er ist wahrhaft auferstanden!<\/h2><h3>Wir w\u00fcnschen Ihnen ein frohes und gesegnetes Osterfest!<\/h3>\n<p><a href=\"https:\/\/www.kloster-metten.com\/wp-content\/uploads\/2013\/03\/dsc06414.jpg\"><img loading=\"lazy\" decoding=\"async\" class=\"alignleft size-medium wp-image-4894\" title=\"dsc06414\" src=\"https:\/\/www.kloster-metten.com\/wp-content\/uploads\/2013\/03\/dsc06414-350x500.jpg\" alt=\"\" width=\"350\" height=\"500\" srcset=\"https:\/\/www.kloster-metten.com\/wp-content\/uploads\/2013\/03\/dsc06414-350x500.jpg 350w, https:\/\/www.kloster-metten.com\/wp-content\/uploads\/2013\/03\/dsc06414.jpg 993w\" sizes=\"auto, (max-width: 350px) 100vw, 350px\" \/><\/a>\u201eDie Auferstehung von den Toten ist das Allerunglaublichste. Sie sprengt den Rahmen aller Wunder. In allen Berichten der Auferstehung Christi sprechen die ersten Zeugen von etwas, was bis dahin in unserer Erfahrungswelt nicht vorkommt. Sie reden von etwas Neuem, Einmaligem, zu deren Beschreibung ihnen eigentlich die Worte fehlen. \u00c4hnlich geht es uns bis heute. Es war ganz und gar Jesus, der ihnen damals begegnete. Dennoch geh\u00f6rte er offensichtlich einer anderen Welt und Wirklichkeit an, in der Weite des lebendigen Gottes: dem Reich des Todes f\u00fcr immer entzogen.<\/p>\n<p>\u201eUnruhig ist mein Herz, bis es ruht in dir, o Herr&#8220;, schrieb Augustinus um das Jahr 400 in seinen Bekenntnissen, \u201edenn auf Dich hin hast du uns geschaffen! Du hast mich ber\u00fchrt und ich brenne vor Sehnsucht nach Deinem Frieden.&#8220; Diese Confessiones sind allen ehemals christlich gepr\u00e4gten Nationen seitdem gleichsam ins Gewebe gen\u00e4ht. In s\u00e4kularisierter Form hat die Auferstehung von den Toten deshalb als die r\u00e4tselhaft tickende Unruh in der Uhr der westlichen Welt \u00fcberlebt. In der Christenheit aber steht sie weiter f\u00fcr die Sehnsucht und den Trost, dass wir in allerletzter Instanz nicht an einen anonymen Richter geraten werden, sondern an den, in dem Gott sein Gesicht gezeigt hat: das Antlitz des K\u00f6nigs der Barmherzigkeit.&#8220; Paul Badde<\/p>\n","protected":false},"excerpt":{"rendered":"<p>Der Herr ist auferstanden &#8211; er ist wahrhaft auferstanden!Wir w\u00fcnschen Ihnen ein frohes und gesegnetes Osterfest! \u201eDie Auferstehung von den Toten ist das Allerunglaublichste. Sie sprengt den Rahmen aller Wunder. In allen Berichten der Auferstehung Christi sprechen die ersten Zeugen von etwas, was bis dahin in unserer Erfahrungswelt nicht vorkommt. Sie reden von etwas Neuem, [&hellip;]<\/p>\n","protected":false},"author":5,"featured_media":0,"parent":9796,"menu_order":-224,"comment_status":"closed","ping_status":"open","template":"","meta":{"footnotes":""},"class_list":["post-4893","page","type-page","status-publish","hentry"],"_links":{"self":[{"href":"https:\/\/www.kloster-metten.com\/index.php?rest_route=\/wp\/v2\/pages\/4893","targetHints":{"allow":["GET"]}}],"collection":[{"href":"https:\/\/www.kloster-metten.com\/index.php?rest_route=\/wp\/v2\/pages"}],"about":[{"href":"https:\/\/www.kloster-metten.com\/index.php?rest_route=\/wp\/v2\/types\/page"}],"author":[{"embeddable":true,"href":"https:\/\/www.kloster-metten.com\/index.php?rest_route=\/wp\/v2\/users\/5"}],"replies":[{"embeddable":true,"href":"https:\/\/www.kloster-metten.com\/index.php?rest_route=%2Fwp%2Fv2%2Fcomments&post=4893"}],"version-history":[{"count":1,"href":"https:\/\/www.kloster-metten.com\/index.php?rest_route=\/wp\/v2\/pages\/4893\/revisions"}],"predecessor-version":[{"id":9844,"href":"https:\/\/www.kloster-metten.com\/index.php?rest_route=\/wp\/v2\/pages\/4893\/revisions\/9844"}],"up":[{"embeddable":true,"href":"https:\/\/www.kloster-metten.com\/index.php?rest_route=\/wp\/v2\/pages\/9796"}],"wp:attachment":[{"href":"https:\/\/www.kloster-metten.com\/index.php?rest_route=%2Fwp%2Fv2%2Fmedia&parent=4893"}],"curies":[{"name":"wp","href":"https:\/\/api.w.org\/{rel}","templated":true}]}}