{"id":49040,"date":"2025-01-08T22:21:03","date_gmt":"2025-01-08T21:21:03","guid":{"rendered":"https:\/\/www.kloster-metten.de\/?page_id=49040"},"modified":"2025-01-08T22:21:03","modified_gmt":"2025-01-08T21:21:03","slug":"physik-im-advent","status":"publish","type":"page","link":"https:\/\/www.kloster-metten.com\/?page_id=49040","title":{"rendered":"Physik im Advent"},"content":{"rendered":"<a href=\"https:\/\/www.kloster-metten.com\/wp-content\/uploads\/2025\/01\/Physik-im-Advent_2_.jpg\"><img loading=\"lazy\" decoding=\"async\" class=\"size-medium wp-image-49042 alignnone\" title=\"Physik im Advent_2_\" src=\"https:\/\/www.kloster-metten.com\/wp-content\/uploads\/2025\/01\/Physik-im-Advent_2_-500x375.jpg\" alt=\"\" width=\"500\" height=\"375\" srcset=\"https:\/\/www.kloster-metten.com\/wp-content\/uploads\/2025\/01\/Physik-im-Advent_2_-500x375.jpg 500w, https:\/\/www.kloster-metten.com\/wp-content\/uploads\/2025\/01\/Physik-im-Advent_2_-1024x768.jpg 1024w, https:\/\/www.kloster-metten.com\/wp-content\/uploads\/2025\/01\/Physik-im-Advent_2_-768x576.jpg 768w, https:\/\/www.kloster-metten.com\/wp-content\/uploads\/2025\/01\/Physik-im-Advent_2_-1536x1152.jpg 1536w, https:\/\/www.kloster-metten.com\/wp-content\/uploads\/2025\/01\/Physik-im-Advent_2_.jpg 2016w\" sizes=\"auto, (max-width: 500px) 100vw, 500px\" \/><\/a><h2>Physik im Advent<\/h2><p><br \/>\nIn der diesj\u00e4hrigen Adventszeit gab es im Physiksaal eine spannende Premiere: Jeden Tag in der Pause pr\u00e4sentierte Herr Bergmann Experimente aus der Reihe \u201ePhysik im Advent\u201d. Dabei konnten die Sch\u00fclerinnen und Sch\u00fcler faszinierende Ph\u00e4nomene entdecken, wie Boote, die sich scheinbar wie von Geisterhand bewegen, oder Gl\u00e4ser, die durch unsichtbare Kr\u00e4fte zu schweben scheinen. Neben dem Staunen \u00fcber die Experimente gab es Spekulatius zu naschen und reichlich Gelegenheit, gemeinsam zu r\u00e4tseln, wie wohl die Experimente ausgehen w\u00fcrden. Auch im n\u00e4chsten Jahr d\u00fcrfen sich alle auf weitere beeindruckende Experimente freuen!<\/p>\n<p><a href=\"https:\/\/www.kloster-metten.com\/wp-content\/uploads\/2025\/01\/Physik-im-Advent_1_.jpg\"><img loading=\"lazy\" decoding=\"async\" class=\"alignleft size-medium wp-image-49041\" title=\"Physik im Advent_1_\" src=\"https:\/\/www.kloster-metten.com\/wp-content\/uploads\/2025\/01\/Physik-im-Advent_1_-500x375.jpg\" alt=\"\" width=\"500\" height=\"375\" srcset=\"https:\/\/www.kloster-metten.com\/wp-content\/uploads\/2025\/01\/Physik-im-Advent_1_-500x375.jpg 500w, https:\/\/www.kloster-metten.com\/wp-content\/uploads\/2025\/01\/Physik-im-Advent_1_-1024x768.jpg 1024w, https:\/\/www.kloster-metten.com\/wp-content\/uploads\/2025\/01\/Physik-im-Advent_1_-768x576.jpg 768w, https:\/\/www.kloster-metten.com\/wp-content\/uploads\/2025\/01\/Physik-im-Advent_1_-1536x1152.jpg 1536w, https:\/\/www.kloster-metten.com\/wp-content\/uploads\/2025\/01\/Physik-im-Advent_1_.jpg 2016w\" sizes=\"auto, (max-width: 500px) 100vw, 500px\" \/><\/a><\/p>\n","protected":false},"excerpt":{"rendered":"<p>Physik im Advent In der diesj\u00e4hrigen Adventszeit gab es im Physiksaal eine spannende Premiere: Jeden Tag in der Pause pr\u00e4sentierte Herr Bergmann Experimente aus der Reihe \u201ePhysik im Advent\u201d. Dabei konnten die Sch\u00fclerinnen und Sch\u00fcler faszinierende Ph\u00e4nomene entdecken, wie Boote, die sich scheinbar wie von Geisterhand bewegen, oder Gl\u00e4ser, die durch unsichtbare Kr\u00e4fte zu schweben [&hellip;]<\/p>\n","protected":false},"author":5,"featured_media":0,"parent":1137,"menu_order":-342,"comment_status":"closed","ping_status":"closed","template":"","meta":{"footnotes":""},"class_list":["post-49040","page","type-page","status-publish","hentry"],"_links":{"self":[{"href":"https:\/\/www.kloster-metten.com\/index.php?rest_route=\/wp\/v2\/pages\/49040","targetHints":{"allow":["GET"]}}],"collection":[{"href":"https:\/\/www.kloster-metten.com\/index.php?rest_route=\/wp\/v2\/pages"}],"about":[{"href":"https:\/\/www.kloster-metten.com\/index.php?rest_route=\/wp\/v2\/types\/page"}],"author":[{"embeddable":true,"href":"https:\/\/www.kloster-metten.com\/index.php?rest_route=\/wp\/v2\/users\/5"}],"replies":[{"embeddable":true,"href":"https:\/\/www.kloster-metten.com\/index.php?rest_route=%2Fwp%2Fv2%2Fcomments&post=49040"}],"version-history":[{"count":1,"href":"https:\/\/www.kloster-metten.com\/index.php?rest_route=\/wp\/v2\/pages\/49040\/revisions"}],"predecessor-version":[{"id":49043,"href":"https:\/\/www.kloster-metten.com\/index.php?rest_route=\/wp\/v2\/pages\/49040\/revisions\/49043"}],"up":[{"embeddable":true,"href":"https:\/\/www.kloster-metten.com\/index.php?rest_route=\/wp\/v2\/pages\/1137"}],"wp:attachment":[{"href":"https:\/\/www.kloster-metten.com\/index.php?rest_route=%2Fwp%2Fv2%2Fmedia&parent=49040"}],"curies":[{"name":"wp","href":"https:\/\/api.w.org\/{rel}","templated":true}]}}