{"id":49094,"date":"2025-02-19T22:51:57","date_gmt":"2025-02-19T21:51:57","guid":{"rendered":"https:\/\/www.kloster-metten.de\/?page_id=49094"},"modified":"2025-02-19T22:52:37","modified_gmt":"2025-02-19T21:52:37","slug":"mettener-tischtennismeisterschaft","status":"publish","type":"page","link":"https:\/\/www.kloster-metten.com\/?page_id=49094","title":{"rendered":"Mettener Tischtennismeisterschaft"},"content":{"rendered":"<a href=\"https:\/\/www.kloster-metten.com\/wp-content\/uploads\/2025\/02\/Rupert-Mueller_Tischtennismeisterschaft-2025_2_.jpg\"><img loading=\"lazy\" decoding=\"async\" class=\"size-medium wp-image-49095 alignnone\" title=\"Rupert M\u00fcller_Tischtennismeisterschaft 2025_2_\" src=\"https:\/\/www.kloster-metten.com\/wp-content\/uploads\/2025\/02\/Rupert-Mueller_Tischtennismeisterschaft-2025_2_-500x375.jpg\" alt=\"\" width=\"500\" height=\"375\" srcset=\"https:\/\/www.kloster-metten.com\/wp-content\/uploads\/2025\/02\/Rupert-Mueller_Tischtennismeisterschaft-2025_2_-500x375.jpg 500w, https:\/\/www.kloster-metten.com\/wp-content\/uploads\/2025\/02\/Rupert-Mueller_Tischtennismeisterschaft-2025_2_-1024x768.jpg 1024w, https:\/\/www.kloster-metten.com\/wp-content\/uploads\/2025\/02\/Rupert-Mueller_Tischtennismeisterschaft-2025_2_-768x576.jpg 768w, https:\/\/www.kloster-metten.com\/wp-content\/uploads\/2025\/02\/Rupert-Mueller_Tischtennismeisterschaft-2025_2_.jpg 1224w\" sizes=\"auto, (max-width: 500px) 100vw, 500px\" \/><\/a><h2>Mettener Tischtennismeisterschaft<\/h2><p><\/p>\n<p>Bei unserer schulinternen Tischtennismeisterschaft f\u00fcr die Unter- und Mittelstufe konnten 20 h\u00f6chst motivierte Spieler aller Jahrgangsstufen begr\u00fc\u00dft werden. Nach einer Vorrunde mit vier Gruppen zogen die beiden Erstplatzierten jeweils ins Viertelfinale ein. Im darauffolgenden ersten Halbfinale war Raphael Hartl \u00a0gegen Jonas Fischer nach hartem Kampf erfolgreich. Im zweiten Halbfinale hatte Noah Zacher knapp gegen Kilian Sp\u00e4th die Nase vorn.<\/p>\n<p>Im hochklassigen Finale konnte sich Raphael Hartl (7a) letztendlich verdient (und ohne Satzverlust im ganzen Turnier) durchsetzen. Er tr\u00e4gt damit bis zum n\u00e4chsten Jahr den Titel des Mettener Tischtennismeisters. Aber die Konkurrenz schl\u00e4ft nicht und ist bereits motiviert f\u00fcr die Revanche bei der Meisterschaft 2026.<\/p>\n<p><a href=\"https:\/\/www.kloster-metten.com\/wp-content\/uploads\/2025\/02\/Rupert-Mueller_Tischtennismeisterschaft-2025_1_.jpg\"><img loading=\"lazy\" decoding=\"async\" class=\"alignleft size-medium wp-image-49097\" title=\"Rupert M\u00fcller_Tischtennismeisterschaft 2025_1_\" src=\"https:\/\/www.kloster-metten.com\/wp-content\/uploads\/2025\/02\/Rupert-Mueller_Tischtennismeisterschaft-2025_1_-500x375.jpg\" alt=\"\" width=\"500\" height=\"375\" srcset=\"https:\/\/www.kloster-metten.com\/wp-content\/uploads\/2025\/02\/Rupert-Mueller_Tischtennismeisterschaft-2025_1_-500x375.jpg 500w, https:\/\/www.kloster-metten.com\/wp-content\/uploads\/2025\/02\/Rupert-Mueller_Tischtennismeisterschaft-2025_1_-1024x768.jpg 1024w, https:\/\/www.kloster-metten.com\/wp-content\/uploads\/2025\/02\/Rupert-Mueller_Tischtennismeisterschaft-2025_1_-768x576.jpg 768w, https:\/\/www.kloster-metten.com\/wp-content\/uploads\/2025\/02\/Rupert-Mueller_Tischtennismeisterschaft-2025_1_-1536x1152.jpg 1536w, https:\/\/www.kloster-metten.com\/wp-content\/uploads\/2025\/02\/Rupert-Mueller_Tischtennismeisterschaft-2025_1_.jpg 1632w\" sizes=\"auto, (max-width: 500px) 100vw, 500px\" \/><\/a><\/p>\n<p>&nbsp;<\/p>\n","protected":false},"excerpt":{"rendered":"<p>Mettener Tischtennismeisterschaft Bei unserer schulinternen Tischtennismeisterschaft f\u00fcr die Unter- und Mittelstufe konnten 20 h\u00f6chst motivierte Spieler aller Jahrgangsstufen begr\u00fc\u00dft werden. Nach einer Vorrunde mit vier Gruppen zogen die beiden Erstplatzierten jeweils ins Viertelfinale ein. Im darauffolgenden ersten Halbfinale war Raphael Hartl \u00a0gegen Jonas Fischer nach hartem Kampf erfolgreich. Im zweiten Halbfinale hatte Noah Zacher knapp [&hellip;]<\/p>\n","protected":false},"author":5,"featured_media":0,"parent":1137,"menu_order":-348,"comment_status":"closed","ping_status":"closed","template":"","meta":{"footnotes":""},"class_list":["post-49094","page","type-page","status-publish","hentry"],"_links":{"self":[{"href":"https:\/\/www.kloster-metten.com\/index.php?rest_route=\/wp\/v2\/pages\/49094","targetHints":{"allow":["GET"]}}],"collection":[{"href":"https:\/\/www.kloster-metten.com\/index.php?rest_route=\/wp\/v2\/pages"}],"about":[{"href":"https:\/\/www.kloster-metten.com\/index.php?rest_route=\/wp\/v2\/types\/page"}],"author":[{"embeddable":true,"href":"https:\/\/www.kloster-metten.com\/index.php?rest_route=\/wp\/v2\/users\/5"}],"replies":[{"embeddable":true,"href":"https:\/\/www.kloster-metten.com\/index.php?rest_route=%2Fwp%2Fv2%2Fcomments&post=49094"}],"version-history":[{"count":1,"href":"https:\/\/www.kloster-metten.com\/index.php?rest_route=\/wp\/v2\/pages\/49094\/revisions"}],"predecessor-version":[{"id":49098,"href":"https:\/\/www.kloster-metten.com\/index.php?rest_route=\/wp\/v2\/pages\/49094\/revisions\/49098"}],"up":[{"embeddable":true,"href":"https:\/\/www.kloster-metten.com\/index.php?rest_route=\/wp\/v2\/pages\/1137"}],"wp:attachment":[{"href":"https:\/\/www.kloster-metten.com\/index.php?rest_route=%2Fwp%2Fv2%2Fmedia&parent=49094"}],"curies":[{"name":"wp","href":"https:\/\/api.w.org\/{rel}","templated":true}]}}