{"id":49130,"date":"2025-03-08T22:41:10","date_gmt":"2025-03-08T21:41:10","guid":{"rendered":"https:\/\/www.kloster-metten.de\/?page_id=49130"},"modified":"2025-03-08T22:41:10","modified_gmt":"2025-03-08T21:41:10","slug":"chemie-die-stimmt-st-michaels-gymnasium-unter-den-30-besten","status":"publish","type":"page","link":"https:\/\/www.kloster-metten.com\/?page_id=49130","title":{"rendered":"\u201eChemie \u2013 die stimmt\u201d: St.-Michaels-Gymnasium unter den 30 Besten"},"content":{"rendered":"<h2>\u201eChemie \u2013 die stimmt\u201d: St.-Michaels-Gymnasium unter den 30 Besten<\/h2><p style=\"text-align: justify;\"><a href=\"https:\/\/www.kloster-metten.com\/wp-content\/uploads\/2025\/03\/Chemie-die-stimmt_.jpg\"><img loading=\"lazy\" decoding=\"async\" class=\"size-medium wp-image-49131 alignnone\" title=\"Chemie die stimmt_\" src=\"https:\/\/www.kloster-metten.com\/wp-content\/uploads\/2025\/03\/Chemie-die-stimmt_-375x500.jpg\" alt=\"\" width=\"375\" height=\"500\" srcset=\"https:\/\/www.kloster-metten.com\/wp-content\/uploads\/2025\/03\/Chemie-die-stimmt_-375x500.jpg 375w, https:\/\/www.kloster-metten.com\/wp-content\/uploads\/2025\/03\/Chemie-die-stimmt_-768x1024.jpg 768w, https:\/\/www.kloster-metten.com\/wp-content\/uploads\/2025\/03\/Chemie-die-stimmt_-1152x1536.jpg 1152w, https:\/\/www.kloster-metten.com\/wp-content\/uploads\/2025\/03\/Chemie-die-stimmt_.jpg 1210w\" sizes=\"auto, (max-width: 375px) 100vw, 375px\" \/><\/a><\/p>\n<p style=\"text-align: justify;\"><span style=\"font-family: 'Verdana',sans-serif;\">Die Sch\u00fclerinnen Viktoria Schuster und Hannah Strenz aus der 9. Klasse des St.-Michaels-Gymnasium haben einen bemerkenswerten Erfolg im Wettbewerb <a name=\"_Hlk190699193\"><\/a>\u201eChemie \u2013 die stimmt\u201d erzielt. Sie sind in der ersten Runde beide unter die 30 Besten ihrer Jahrgangsstufe in Bayern gekommen.<\/span><\/p>\n<p style=\"text-align: justify;\"><span style=\"font-family: 'Verdana',sans-serif;\">Der Wettbewerb, der jedes Jahr Sch\u00fcler aus ganz Deutschland herausfordert, stellt altersgerechte Aufgaben zum Knobeln und Recherchieren. In der zweiten Runde an der TU M\u00fcnchen wartet nach einer Klausur ein spannender Tag mit Experimenten und Fachvortr\u00e4gen zu aktuellen Themen der Chemie. <\/span><\/p>\n<p style=\"text-align: justify;\"><span style=\"font-family: 'Verdana',sans-serif;\">Die gesamte Schulgemeinschaft ist stolz auf diese Leistungen und dr\u00fcckt die Daumen f\u00fcr die n\u00e4chste Runde!<\/span><\/p>\n","protected":false},"excerpt":{"rendered":"<p>\u201eChemie \u2013 die stimmt\u201d: St.-Michaels-Gymnasium unter den 30 Besten Die Sch\u00fclerinnen Viktoria Schuster und Hannah Strenz aus der 9. Klasse des St.-Michaels-Gymnasium haben einen bemerkenswerten Erfolg im Wettbewerb \u201eChemie \u2013 die stimmt\u201d erzielt. Sie sind in der ersten Runde beide unter die 30 Besten ihrer Jahrgangsstufe in Bayern gekommen. Der Wettbewerb, der jedes Jahr Sch\u00fcler [&hellip;]<\/p>\n","protected":false},"author":5,"featured_media":0,"parent":1137,"menu_order":-352,"comment_status":"closed","ping_status":"closed","template":"","meta":{"footnotes":""},"class_list":["post-49130","page","type-page","status-publish","hentry"],"_links":{"self":[{"href":"https:\/\/www.kloster-metten.com\/index.php?rest_route=\/wp\/v2\/pages\/49130","targetHints":{"allow":["GET"]}}],"collection":[{"href":"https:\/\/www.kloster-metten.com\/index.php?rest_route=\/wp\/v2\/pages"}],"about":[{"href":"https:\/\/www.kloster-metten.com\/index.php?rest_route=\/wp\/v2\/types\/page"}],"author":[{"embeddable":true,"href":"https:\/\/www.kloster-metten.com\/index.php?rest_route=\/wp\/v2\/users\/5"}],"replies":[{"embeddable":true,"href":"https:\/\/www.kloster-metten.com\/index.php?rest_route=%2Fwp%2Fv2%2Fcomments&post=49130"}],"version-history":[{"count":1,"href":"https:\/\/www.kloster-metten.com\/index.php?rest_route=\/wp\/v2\/pages\/49130\/revisions"}],"predecessor-version":[{"id":49132,"href":"https:\/\/www.kloster-metten.com\/index.php?rest_route=\/wp\/v2\/pages\/49130\/revisions\/49132"}],"up":[{"embeddable":true,"href":"https:\/\/www.kloster-metten.com\/index.php?rest_route=\/wp\/v2\/pages\/1137"}],"wp:attachment":[{"href":"https:\/\/www.kloster-metten.com\/index.php?rest_route=%2Fwp%2Fv2%2Fmedia&parent=49130"}],"curies":[{"name":"wp","href":"https:\/\/api.w.org\/{rel}","templated":true}]}}