{"id":49140,"date":"2025-03-14T19:27:14","date_gmt":"2025-03-14T18:27:14","guid":{"rendered":"https:\/\/www.kloster-metten.de\/?page_id=49140"},"modified":"2025-03-14T19:29:18","modified_gmt":"2025-03-14T18:29:18","slug":"mint-ec-regionalforum","status":"publish","type":"page","link":"https:\/\/www.kloster-metten.com\/?page_id=49140","title":{"rendered":"MINT-EC-Regionalforum"},"content":{"rendered":"<a href=\"https:\/\/www.kloster-metten.com\/wp-content\/uploads\/2025\/03\/DSC9738logo_.jpg\"><img loading=\"lazy\" decoding=\"async\" class=\"size-medium wp-image-49150 alignnone\" title=\"_DSC9738+logo_\" src=\"https:\/\/www.kloster-metten.com\/wp-content\/uploads\/2025\/03\/DSC9738logo_-500x500.jpg\" alt=\"\" width=\"500\" height=\"500\" srcset=\"https:\/\/www.kloster-metten.com\/wp-content\/uploads\/2025\/03\/DSC9738logo_-500x500.jpg 500w, https:\/\/www.kloster-metten.com\/wp-content\/uploads\/2025\/03\/DSC9738logo_-768x768.jpg 768w, https:\/\/www.kloster-metten.com\/wp-content\/uploads\/2025\/03\/DSC9738logo_.jpg 810w\" sizes=\"auto, (max-width: 500px) 100vw, 500px\" \/><\/a><h2>MINT-EC-Regionalforum<\/h2><p><\/p>\n<p>Die gesamte Q12 war am Donnerstag, den 13. Februar 2025, an der TH Deggendorf beim sogenannten MINT-EC-Regionalforum. Ausrichter waren die vier Gymnasien im Landkreis, allesamt Mitgliedsschulen im nationalen Excellence-Cluster MINT-EC. Die Hauptlast der Organisation stemmte jedoch das MINT-Team der Deggendorfer Hochschule. THD-Pr\u00e4sident Prof. Waldemar Berg, Landrat Bernd Sibler und MINT-EC-Projektleiterin Alexandra Polster konnten \u00fcber 450 Sch\u00fclerinnen und Sch\u00fcler und 60 Lehrkr\u00e4fte \u2013 aufgeteilt auf mehrere H\u00f6rs\u00e4le \u2013 auf dem Campus begr\u00fc\u00dfen.<\/p>\n<p><a href=\"https:\/\/www.kloster-metten.com\/wp-content\/uploads\/2025\/03\/DSC9750_.jpg\"><img loading=\"lazy\" decoding=\"async\" class=\"alignleft size-medium wp-image-49151\" title=\"_DSC9750_\" src=\"https:\/\/www.kloster-metten.com\/wp-content\/uploads\/2025\/03\/DSC9750_-500x500.jpg\" alt=\"\" width=\"500\" height=\"500\" srcset=\"https:\/\/www.kloster-metten.com\/wp-content\/uploads\/2025\/03\/DSC9750_-500x500.jpg 500w, https:\/\/www.kloster-metten.com\/wp-content\/uploads\/2025\/03\/DSC9750_-768x768.jpg 768w, https:\/\/www.kloster-metten.com\/wp-content\/uploads\/2025\/03\/DSC9750_.jpg 864w\" sizes=\"auto, (max-width: 500px) 100vw, 500px\" \/><\/a><\/p>\n<p>Nach einem Impulsvortrag von Veronika Fetzer, Vizepr\u00e4sidentin Third Mission an der THD, verteilten sich die Sch\u00fclerinnen und Sch\u00fcler auf insgesamt 28 Workshops: Bio\u00f6konomie, Gew\u00e4sseruntersuchung, Energiewende, KI, Datenanalyse, Kryptographie, Computertomographie\u00a0 \u2013 die Liste an Angeboten bot f\u00fcr jede und jeden etwas. Auch Zeichnen und Konstruieren mit CAD, L\u00f6ten, Programmieren oder ein Bewerbungstraining wurden angeboten. Mal theoretischer, mal mit hohem Praxisanteil \u2013 Dank einer zweiten Workshoprunde am Nachmittag konnten die Sch\u00fclerinnen und Sch\u00fcler aus dem Vollen sch\u00f6pfen. Auch das Technologie- und F\u00f6rderzentrum Straubing und das Energienetzwerk CARMEN e. V. Straubing waren mit Angeboten vertreten.<\/p>\n<p>Die Lehrkr\u00e4fte kamen in den Genuss von \u201eTeachers on stage\u201c, einem Format, bei dem Lehrerinnen und Lehrer ihre Projekte kurz und knackig auf der B\u00fchne pr\u00e4sentieren. Am Nachmittag stellten die THD-Dozenten Cordula Krinner, Marcus Barkowsky und Andreas Fischer Entwicklungen im Bereich der KI vor, bevor die TH noch die T\u00fcren ihrer Labore f\u00fcr die Lehrkr\u00e4fte \u00f6ffnete.<\/p>\n<p>Dabei und ganz nebenbei kamen der Austausch und die Vernetzung aller Teilnehmerinnen und Teilnehmer nicht zu kurz.<\/p>\n\r\n\t\t<style type='text\/css'>\r\n\t\t\t#gallery-1 {\r\n\t\t\t\tmargin: auto;\r\n\t\t\t}\r\n\t\t\t#gallery-1 .gallery-item {\r\n\t\t\t\tfloat: left;\r\n\t\t\t\tmargin-top: 10px;\r\n\t\t\t\ttext-align: center;\r\n\t\t\t\twidth: 33%;\r\n\t\t\t}\r\n\t\t\t#gallery-1 hr {\r\n\t\t\t\theight: 1px;\r\n\t\t\t}\r\n\t\t\t#gallery-1 .gallery-caption {\r\n\t\t\t\tmargin-left: 0;\r\n\t\t\t}\r\n\t\t\t\/* see gallery_shortcode() in wp-includes\/media.php *\/\r\n\t\t<\/style>\n\t\t<div id='gallery-1' class='gallery galleryid-49140 gallery-columns-3 gallery-size-thumbnail'><hr class='null'><dl class='gallery-item'>\r\n\t\t\t<dt class='gallery-icon portrait'>\r\n\t\t\t\t<a title=\"IMG_2418_\"  href='https:\/\/www.kloster-metten.com\/?attachment_id=49154'><img loading=\"lazy\" decoding=\"async\" width=\"170\" height=\"115\" src=\"https:\/\/www.kloster-metten.com\/wp-content\/uploads\/2025\/03\/IMG_2418_-170x115.jpg\" class=\"attachment-thumbnail size-thumbnail\" alt=\"\" \/><\/a>\r\n\t\t\t<\/dt><\/dl><dl class='gallery-item'>\r\n\t\t\t<dt class='gallery-icon landscape'>\r\n\t\t\t\t<a title=\"_DSC9899_\"  href='https:\/\/www.kloster-metten.com\/?attachment_id=49153'><img loading=\"lazy\" decoding=\"async\" width=\"170\" height=\"115\" src=\"https:\/\/www.kloster-metten.com\/wp-content\/uploads\/2025\/03\/DSC9899_-170x115.jpg\" class=\"attachment-thumbnail size-thumbnail\" alt=\"\" \/><\/a>\r\n\t\t\t<\/dt><\/dl><dl class='gallery-item'>\r\n\t\t\t<dt class='gallery-icon landscape'>\r\n\t\t\t\t<a title=\"_DSC9844_\"  href='https:\/\/www.kloster-metten.com\/?attachment_id=49152'><img loading=\"lazy\" decoding=\"async\" width=\"170\" height=\"115\" src=\"https:\/\/www.kloster-metten.com\/wp-content\/uploads\/2025\/03\/DSC9844_-170x115.jpg\" class=\"attachment-thumbnail size-thumbnail\" alt=\"\" \/><\/a>\r\n\t\t\t<\/dt><\/dl><br style=\"clear: both\" \/>\r\n\t\t<\/div>\n\n","protected":false},"excerpt":{"rendered":"<p>MINT-EC-Regionalforum Die gesamte Q12 war am Donnerstag, den 13. Februar 2025, an der TH Deggendorf beim sogenannten MINT-EC-Regionalforum. Ausrichter waren die vier Gymnasien im Landkreis, allesamt Mitgliedsschulen im nationalen Excellence-Cluster MINT-EC. Die Hauptlast der Organisation stemmte jedoch das MINT-Team der Deggendorfer Hochschule. THD-Pr\u00e4sident Prof. Waldemar Berg, Landrat Bernd Sibler und MINT-EC-Projektleiterin Alexandra Polster konnten \u00fcber [&hellip;]<\/p>\n","protected":false},"author":5,"featured_media":0,"parent":1137,"menu_order":-356,"comment_status":"closed","ping_status":"closed","template":"","meta":{"footnotes":""},"class_list":["post-49140","page","type-page","status-publish","hentry"],"_links":{"self":[{"href":"https:\/\/www.kloster-metten.com\/index.php?rest_route=\/wp\/v2\/pages\/49140","targetHints":{"allow":["GET"]}}],"collection":[{"href":"https:\/\/www.kloster-metten.com\/index.php?rest_route=\/wp\/v2\/pages"}],"about":[{"href":"https:\/\/www.kloster-metten.com\/index.php?rest_route=\/wp\/v2\/types\/page"}],"author":[{"embeddable":true,"href":"https:\/\/www.kloster-metten.com\/index.php?rest_route=\/wp\/v2\/users\/5"}],"replies":[{"embeddable":true,"href":"https:\/\/www.kloster-metten.com\/index.php?rest_route=%2Fwp%2Fv2%2Fcomments&post=49140"}],"version-history":[{"count":2,"href":"https:\/\/www.kloster-metten.com\/index.php?rest_route=\/wp\/v2\/pages\/49140\/revisions"}],"predecessor-version":[{"id":49155,"href":"https:\/\/www.kloster-metten.com\/index.php?rest_route=\/wp\/v2\/pages\/49140\/revisions\/49155"}],"up":[{"embeddable":true,"href":"https:\/\/www.kloster-metten.com\/index.php?rest_route=\/wp\/v2\/pages\/1137"}],"wp:attachment":[{"href":"https:\/\/www.kloster-metten.com\/index.php?rest_route=%2Fwp%2Fv2%2Fmedia&parent=49140"}],"curies":[{"name":"wp","href":"https:\/\/api.w.org\/{rel}","templated":true}]}}