{"id":49219,"date":"2025-04-10T13:55:24","date_gmt":"2025-04-10T11:55:24","guid":{"rendered":"https:\/\/www.kloster-metten.com\/?page_id=49219"},"modified":"2025-04-10T13:55:24","modified_gmt":"2025-04-10T11:55:24","slug":"anton-brunner-musikpreis-3","status":"publish","type":"page","link":"https:\/\/www.kloster-metten.com\/?page_id=49219","title":{"rendered":"Anton-Brunner-Musikpreis"},"content":{"rendered":"<h2>Anton-Brunner-Musikpreis<\/h2><p><strong><a href=\"https:\/\/www.kloster-metten.com\/wp-content\/uploads\/2025\/04\/9April_.jpg\"><img loading=\"lazy\" decoding=\"async\" class=\"size-medium wp-image-49220 alignnone\" title=\"9April_\" src=\"https:\/\/www.kloster-metten.com\/wp-content\/uploads\/2025\/04\/9April_-500x375.jpg\" alt=\"\" width=\"500\" height=\"375\" srcset=\"https:\/\/www.kloster-metten.com\/wp-content\/uploads\/2025\/04\/9April_-500x375.jpg 500w, https:\/\/www.kloster-metten.com\/wp-content\/uploads\/2025\/04\/9April_-1024x768.jpg 1024w, https:\/\/www.kloster-metten.com\/wp-content\/uploads\/2025\/04\/9April_-768x576.jpg 768w, https:\/\/www.kloster-metten.com\/wp-content\/uploads\/2025\/04\/9April_.jpg 1210w\" sizes=\"auto, (max-width: 500px) 100vw, 500px\" \/><\/a><\/p>\n<p><\/strong>Zu seinem 90. Geburtstag im Jahr 1993 \u00fcbereignete der Deggendorfer Kaufmann Anton Brunner der Stadt Deggendorf 100.000 DM zur Gr\u00fcndung des Anton-Brunner-Musikpreises. Aus dem Zinserl\u00f6s des Kapitals werden junge Musikerinnen und Musiker der vier Gymnasien im Landkreis Deggendorf finanziell gef\u00f6rdert. In einem Festakt am Mittwoch, den 9. April 2025 im Kapuzinerstadl \u00fcberreichte Oberb\u00fcrgermeister Dr. Christian Moser die Auszeichnung an Florian Brunner (11a, Klavier), Raphael Gigl (11c, Trompete), Kilian Nothaft (11a, Tuba) und Charlotte Tilgner (Q12, Violine). Herzlichen Gl\u00fcckwunsch<\/p>\n","protected":false},"excerpt":{"rendered":"<p>Anton-Brunner-Musikpreis Zu seinem 90. Geburtstag im Jahr 1993 \u00fcbereignete der Deggendorfer Kaufmann Anton Brunner der Stadt Deggendorf 100.000 DM zur Gr\u00fcndung des Anton-Brunner-Musikpreises. Aus dem Zinserl\u00f6s des Kapitals werden junge Musikerinnen und Musiker der vier Gymnasien im Landkreis Deggendorf finanziell gef\u00f6rdert. In einem Festakt am Mittwoch, den 9. April 2025 im Kapuzinerstadl \u00fcberreichte Oberb\u00fcrgermeister Dr. [&hellip;]<\/p>\n","protected":false},"author":5,"featured_media":0,"parent":1137,"menu_order":-362,"comment_status":"closed","ping_status":"closed","template":"","meta":{"footnotes":""},"class_list":["post-49219","page","type-page","status-publish","hentry"],"_links":{"self":[{"href":"https:\/\/www.kloster-metten.com\/index.php?rest_route=\/wp\/v2\/pages\/49219","targetHints":{"allow":["GET"]}}],"collection":[{"href":"https:\/\/www.kloster-metten.com\/index.php?rest_route=\/wp\/v2\/pages"}],"about":[{"href":"https:\/\/www.kloster-metten.com\/index.php?rest_route=\/wp\/v2\/types\/page"}],"author":[{"embeddable":true,"href":"https:\/\/www.kloster-metten.com\/index.php?rest_route=\/wp\/v2\/users\/5"}],"replies":[{"embeddable":true,"href":"https:\/\/www.kloster-metten.com\/index.php?rest_route=%2Fwp%2Fv2%2Fcomments&post=49219"}],"version-history":[{"count":1,"href":"https:\/\/www.kloster-metten.com\/index.php?rest_route=\/wp\/v2\/pages\/49219\/revisions"}],"predecessor-version":[{"id":49221,"href":"https:\/\/www.kloster-metten.com\/index.php?rest_route=\/wp\/v2\/pages\/49219\/revisions\/49221"}],"up":[{"embeddable":true,"href":"https:\/\/www.kloster-metten.com\/index.php?rest_route=\/wp\/v2\/pages\/1137"}],"wp:attachment":[{"href":"https:\/\/www.kloster-metten.com\/index.php?rest_route=%2Fwp%2Fv2%2Fmedia&parent=49219"}],"curies":[{"name":"wp","href":"https:\/\/api.w.org\/{rel}","templated":true}]}}