{"id":49232,"date":"2025-05-11T09:40:24","date_gmt":"2025-05-11T07:40:24","guid":{"rendered":"https:\/\/www.kloster-metten.com\/?page_id=49232"},"modified":"2025-05-11T09:41:04","modified_gmt":"2025-05-11T07:41:04","slug":"sina-weiherer-ist-beste-schuelerlotsin-niederbayerns","status":"publish","type":"page","link":"https:\/\/www.kloster-metten.com\/?page_id=49232","title":{"rendered":"Sina Weiherer ist beste Sch\u00fclerlotsin Niederbayerns"},"content":{"rendered":"<a href=\"https:\/\/www.kloster-metten.com\/wp-content\/uploads\/2025\/05\/Schuelerlotsenwettbewerb-1_.jpg\"><img loading=\"lazy\" decoding=\"async\" class=\"size-medium wp-image-49233 alignnone\" title=\"Sch\u00fclerlotsenwettbewerb 1_\" src=\"https:\/\/www.kloster-metten.com\/wp-content\/uploads\/2025\/05\/Schuelerlotsenwettbewerb-1_-375x500.jpg\" alt=\"\" width=\"375\" height=\"500\" srcset=\"https:\/\/www.kloster-metten.com\/wp-content\/uploads\/2025\/05\/Schuelerlotsenwettbewerb-1_-375x500.jpg 375w, https:\/\/www.kloster-metten.com\/wp-content\/uploads\/2025\/05\/Schuelerlotsenwettbewerb-1_-768x1024.jpg 768w, https:\/\/www.kloster-metten.com\/wp-content\/uploads\/2025\/05\/Schuelerlotsenwettbewerb-1_.jpg 900w\" sizes=\"auto, (max-width: 375px) 100vw, 375px\" \/><\/a><h2>Sina Weiherer ist beste Sch\u00fclerlotsin Niederbayerns<\/h2><p><\/p>\n<p>\u00dcber einen ersten Platz beim Sch\u00fclerlotsenwettbewerb in Landshut durfte sich am vergangenen Freitag Sina Weiherer aus der Klasse 10b freuen. Zusammen mit Karl Thoma (Klasse 9b) war sie am vergangenen Freitag beim Bezirksentscheid in Landshut angetreten. Neben Fragen zur Verkehrssicherheit mussten im theoretischen Teil des Wettbewerbs auch Fragen zur Allgemeinbildung, wie z.B. nach der Einwohnerzahl Niederbayerns beantwortet werden. Im praktischen Teil mussten dann Entfernungen und Geschwindigkeiten gesch\u00e4tzt werden. Auch ein Reaktionstest, bei dem m\u00f6glichst schnell die Bremse gedr\u00fcckt werden musste, geh\u00f6rte zu den Disziplinen, die zuletzt f\u00fcr den Sieg entscheidend waren.<\/p>\n<p><a href=\"https:\/\/www.kloster-metten.com\/wp-content\/uploads\/2025\/05\/Schuelerlotsenwettbewerb-2_.jpg\"><img loading=\"lazy\" decoding=\"async\" class=\"alignleft size-medium wp-image-49234\" title=\"Sch\u00fclerlotsenwettbewerb 2_\" src=\"https:\/\/www.kloster-metten.com\/wp-content\/uploads\/2025\/05\/Schuelerlotsenwettbewerb-2_-375x500.jpg\" alt=\"\" width=\"375\" height=\"500\" srcset=\"https:\/\/www.kloster-metten.com\/wp-content\/uploads\/2025\/05\/Schuelerlotsenwettbewerb-2_-375x500.jpg 375w, https:\/\/www.kloster-metten.com\/wp-content\/uploads\/2025\/05\/Schuelerlotsenwettbewerb-2_-768x1024.jpg 768w, https:\/\/www.kloster-metten.com\/wp-content\/uploads\/2025\/05\/Schuelerlotsenwettbewerb-2_-1152x1536.jpg 1152w, https:\/\/www.kloster-metten.com\/wp-content\/uploads\/2025\/05\/Schuelerlotsenwettbewerb-2_.jpg 1210w\" sizes=\"auto, (max-width: 375px) 100vw, 375px\" \/><\/a><\/p>\n","protected":false},"excerpt":{"rendered":"<p>Sina Weiherer ist beste Sch\u00fclerlotsin Niederbayerns \u00dcber einen ersten Platz beim Sch\u00fclerlotsenwettbewerb in Landshut durfte sich am vergangenen Freitag Sina Weiherer aus der Klasse 10b freuen. Zusammen mit Karl Thoma (Klasse 9b) war sie am vergangenen Freitag beim Bezirksentscheid in Landshut angetreten. Neben Fragen zur Verkehrssicherheit mussten im theoretischen Teil des Wettbewerbs auch Fragen zur [&hellip;]<\/p>\n","protected":false},"author":5,"featured_media":0,"parent":1137,"menu_order":-363,"comment_status":"closed","ping_status":"closed","template":"","meta":{"footnotes":""},"class_list":["post-49232","page","type-page","status-publish","hentry"],"_links":{"self":[{"href":"https:\/\/www.kloster-metten.com\/index.php?rest_route=\/wp\/v2\/pages\/49232","targetHints":{"allow":["GET"]}}],"collection":[{"href":"https:\/\/www.kloster-metten.com\/index.php?rest_route=\/wp\/v2\/pages"}],"about":[{"href":"https:\/\/www.kloster-metten.com\/index.php?rest_route=\/wp\/v2\/types\/page"}],"author":[{"embeddable":true,"href":"https:\/\/www.kloster-metten.com\/index.php?rest_route=\/wp\/v2\/users\/5"}],"replies":[{"embeddable":true,"href":"https:\/\/www.kloster-metten.com\/index.php?rest_route=%2Fwp%2Fv2%2Fcomments&post=49232"}],"version-history":[{"count":1,"href":"https:\/\/www.kloster-metten.com\/index.php?rest_route=\/wp\/v2\/pages\/49232\/revisions"}],"predecessor-version":[{"id":49235,"href":"https:\/\/www.kloster-metten.com\/index.php?rest_route=\/wp\/v2\/pages\/49232\/revisions\/49235"}],"up":[{"embeddable":true,"href":"https:\/\/www.kloster-metten.com\/index.php?rest_route=\/wp\/v2\/pages\/1137"}],"wp:attachment":[{"href":"https:\/\/www.kloster-metten.com\/index.php?rest_route=%2Fwp%2Fv2%2Fmedia&parent=49232"}],"curies":[{"name":"wp","href":"https:\/\/api.w.org\/{rel}","templated":true}]}}