{"id":49252,"date":"2025-05-18T21:10:23","date_gmt":"2025-05-18T19:10:23","guid":{"rendered":"https:\/\/www.kloster-metten.com\/?page_id=49252"},"modified":"2025-05-19T13:07:35","modified_gmt":"2025-05-19T11:07:35","slug":"ludwig-i-bayerns-groesster-koenig","status":"publish","type":"page","link":"https:\/\/www.kloster-metten.com\/?page_id=49252","title":{"rendered":"\u201eLudwig I. \u2013 Bayerns gr\u00f6\u00dfter K\u00f6nig?\u201d"},"content":{"rendered":"<a href=\"https:\/\/www.kloster-metten.com\/wp-content\/uploads\/2025\/05\/Titel_.jpg\"><img loading=\"lazy\" decoding=\"async\" class=\"size-medium wp-image-49260 alignnone\" title=\"Titel_\" src=\"https:\/\/www.kloster-metten.com\/wp-content\/uploads\/2025\/05\/Titel_-500x375.jpg\" alt=\"\" width=\"500\" height=\"375\" srcset=\"https:\/\/www.kloster-metten.com\/wp-content\/uploads\/2025\/05\/Titel_-500x375.jpg 500w, https:\/\/www.kloster-metten.com\/wp-content\/uploads\/2025\/05\/Titel_-1024x768.jpg 1024w, https:\/\/www.kloster-metten.com\/wp-content\/uploads\/2025\/05\/Titel_-768x576.jpg 768w, https:\/\/www.kloster-metten.com\/wp-content\/uploads\/2025\/05\/Titel_.jpg 1400w\" sizes=\"auto, (max-width: 500px) 100vw, 500px\" \/><\/a><h2>\u201eLudwig I. \u2013 Bayerns gr\u00f6\u00dfter K\u00f6nig?\u201d<\/h2><p><\/p>\n<p>Diese Frage, der die Bayerische Landesausstellung 2025 im Haus der Bayerischen Geschichte in Regensburg nachgeht, wird von uns Mettenern eindeutig mit Ja beantwortet. Schlie\u00dflich war der von 1825 bis 1848 regierende Monarch ma\u00dfgeblich daran beteiligt, dass nach der Aufl\u00f6sung durch die S\u00e4kularisation unser Kloster 1830 wiedererrichtet wurde. Welche Facetten au\u00dferdem die Regentschaft Ludwigs I. pr\u00e4gten, erkundeten die Mitglieder des Lehrerkollegiums am Samstag, den 17. Mai. Nach der F\u00fchrung durch die Ausstellung war Zeit f\u00fcr den Besuch des Regensburger Domes. Leider musste \u2013 bedingt durch den niedrigen Pegel der Donau \u2013 die geplante Schifffahrt nach Weltenburg entfallen. Als lohnendes Ersatzprogramm bot sich die Erkundung der Befreiungshalle in Kelheim an. Den Abschluss des Tages bildete der Besuch der Benediktinerabtei Weltenburg, wo sich nach der Kirchenf\u00fchrung Pfarrer P. Stephan Honikel OSB spontan Zeit nahm, um mit uns seine Begeisterung f\u00fcr die historische Brandenstein-Orgel der Abteikirche zu teilen.<\/p>\n\r\n\t\t<style type='text\/css'>\r\n\t\t\t#gallery-1 {\r\n\t\t\t\tmargin: auto;\r\n\t\t\t}\r\n\t\t\t#gallery-1 .gallery-item {\r\n\t\t\t\tfloat: left;\r\n\t\t\t\tmargin-top: 10px;\r\n\t\t\t\ttext-align: center;\r\n\t\t\t\twidth: 33%;\r\n\t\t\t}\r\n\t\t\t#gallery-1 hr {\r\n\t\t\t\theight: 1px;\r\n\t\t\t}\r\n\t\t\t#gallery-1 .gallery-caption {\r\n\t\t\t\tmargin-left: 0;\r\n\t\t\t}\r\n\t\t\t\/* see gallery_shortcode() in wp-includes\/media.php *\/\r\n\t\t<\/style>\n\t\t<div id='gallery-1' class='gallery galleryid-49252 gallery-columns-3 gallery-size-thumbnail'><hr class='null'><dl class='gallery-item'>\r\n\t\t\t<dt class='gallery-icon landscape'>\r\n\t\t\t\t<a title=\"01_\"  href='https:\/\/www.kloster-metten.com\/?attachment_id=49259'><img loading=\"lazy\" decoding=\"async\" width=\"170\" height=\"115\" src=\"https:\/\/www.kloster-metten.com\/wp-content\/uploads\/2025\/05\/01_-170x115.jpg\" class=\"attachment-thumbnail size-thumbnail\" alt=\"\" \/><\/a>\r\n\t\t\t<\/dt><\/dl><dl class='gallery-item'>\r\n\t\t\t<dt class='gallery-icon portrait'>\r\n\t\t\t\t<a title=\"02_\"  href='https:\/\/www.kloster-metten.com\/?attachment_id=49258'><img loading=\"lazy\" decoding=\"async\" width=\"170\" height=\"115\" src=\"https:\/\/www.kloster-metten.com\/wp-content\/uploads\/2025\/05\/02_-170x115.jpg\" class=\"attachment-thumbnail size-thumbnail\" alt=\"\" \/><\/a>\r\n\t\t\t<\/dt><\/dl><dl class='gallery-item'>\r\n\t\t\t<dt class='gallery-icon landscape'>\r\n\t\t\t\t<a title=\"04_\"  href='https:\/\/www.kloster-metten.com\/?attachment_id=49256'><img loading=\"lazy\" decoding=\"async\" width=\"170\" height=\"115\" src=\"https:\/\/www.kloster-metten.com\/wp-content\/uploads\/2025\/05\/04_-170x115.jpg\" class=\"attachment-thumbnail size-thumbnail\" alt=\"\" \/><\/a>\r\n\t\t\t<\/dt><\/dl><br style=\"clear: both\" \/><dl class='gallery-item'>\r\n\t\t\t<dt class='gallery-icon landscape'>\r\n\t\t\t\t<a title=\"05_\"  href='https:\/\/www.kloster-metten.com\/?attachment_id=49255'><img loading=\"lazy\" decoding=\"async\" width=\"170\" height=\"115\" src=\"https:\/\/www.kloster-metten.com\/wp-content\/uploads\/2025\/05\/05_-170x115.jpg\" class=\"attachment-thumbnail size-thumbnail\" alt=\"\" \/><\/a>\r\n\t\t\t<\/dt><\/dl><dl class='gallery-item'>\r\n\t\t\t<dt class='gallery-icon landscape'>\r\n\t\t\t\t<a title=\"06_\"  href='https:\/\/www.kloster-metten.com\/?attachment_id=49254'><img loading=\"lazy\" decoding=\"async\" width=\"170\" height=\"115\" src=\"https:\/\/www.kloster-metten.com\/wp-content\/uploads\/2025\/05\/06_-170x115.jpg\" class=\"attachment-thumbnail size-thumbnail\" alt=\"\" \/><\/a>\r\n\t\t\t<\/dt><\/dl><dl class='gallery-item'>\r\n\t\t\t<dt class='gallery-icon portrait'>\r\n\t\t\t\t<a title=\"07_\"  href='https:\/\/www.kloster-metten.com\/?attachment_id=49253'><img loading=\"lazy\" decoding=\"async\" width=\"170\" height=\"115\" src=\"https:\/\/www.kloster-metten.com\/wp-content\/uploads\/2025\/05\/07_-170x115.jpg\" class=\"attachment-thumbnail size-thumbnail\" alt=\"\" \/><\/a>\r\n\t\t\t<\/dt><\/dl><br style=\"clear: both\" \/>\r\n\t\t<\/div>\n\n","protected":false},"excerpt":{"rendered":"<p>\u201eLudwig I. \u2013 Bayerns gr\u00f6\u00dfter K\u00f6nig?\u201d Diese Frage, der die Bayerische Landesausstellung 2025 im Haus der Bayerischen Geschichte in Regensburg nachgeht, wird von uns Mettenern eindeutig mit Ja beantwortet. Schlie\u00dflich war der von 1825 bis 1848 regierende Monarch ma\u00dfgeblich daran beteiligt, dass nach der Aufl\u00f6sung durch die S\u00e4kularisation unser Kloster 1830 wiedererrichtet wurde. Welche Facetten [&hellip;]<\/p>\n","protected":false},"author":5,"featured_media":0,"parent":1137,"menu_order":-365,"comment_status":"closed","ping_status":"closed","template":"","meta":{"footnotes":""},"class_list":["post-49252","page","type-page","status-publish","hentry"],"_links":{"self":[{"href":"https:\/\/www.kloster-metten.com\/index.php?rest_route=\/wp\/v2\/pages\/49252","targetHints":{"allow":["GET"]}}],"collection":[{"href":"https:\/\/www.kloster-metten.com\/index.php?rest_route=\/wp\/v2\/pages"}],"about":[{"href":"https:\/\/www.kloster-metten.com\/index.php?rest_route=\/wp\/v2\/types\/page"}],"author":[{"embeddable":true,"href":"https:\/\/www.kloster-metten.com\/index.php?rest_route=\/wp\/v2\/users\/5"}],"replies":[{"embeddable":true,"href":"https:\/\/www.kloster-metten.com\/index.php?rest_route=%2Fwp%2Fv2%2Fcomments&post=49252"}],"version-history":[{"count":2,"href":"https:\/\/www.kloster-metten.com\/index.php?rest_route=\/wp\/v2\/pages\/49252\/revisions"}],"predecessor-version":[{"id":49262,"href":"https:\/\/www.kloster-metten.com\/index.php?rest_route=\/wp\/v2\/pages\/49252\/revisions\/49262"}],"up":[{"embeddable":true,"href":"https:\/\/www.kloster-metten.com\/index.php?rest_route=\/wp\/v2\/pages\/1137"}],"wp:attachment":[{"href":"https:\/\/www.kloster-metten.com\/index.php?rest_route=%2Fwp%2Fv2%2Fmedia&parent=49252"}],"curies":[{"name":"wp","href":"https:\/\/api.w.org\/{rel}","templated":true}]}}