{"id":49296,"date":"2025-07-01T20:17:07","date_gmt":"2025-07-01T18:17:07","guid":{"rendered":"https:\/\/www.kloster-metten.com\/?page_id=49296"},"modified":"2025-07-01T20:17:07","modified_gmt":"2025-07-01T18:17:07","slug":"realitaetsnaher-einblick-in-die-katastrophenhilfe-navis-e-v-zu-gast-im-geographie-leistungsfach","status":"publish","type":"page","link":"https:\/\/www.kloster-metten.com\/?page_id=49296","title":{"rendered":"Realit\u00e4tsnaher Einblick in die Katastrophenhilfe: NAVIS e.V. zu Gast im Geographie-Leistungsfach"},"content":{"rendered":"<a href=\"https:\/\/www.kloster-metten.com\/wp-content\/uploads\/2025\/07\/Rothmeier_NAVIS.jpg\"><img loading=\"lazy\" decoding=\"async\" class=\"size-medium wp-image-49297 alignnone\" title=\"Rothmeier_NAVIS\" src=\"https:\/\/www.kloster-metten.com\/wp-content\/uploads\/2025\/07\/Rothmeier_NAVIS-429x500.jpg\" alt=\"\" width=\"429\" height=\"500\" srcset=\"https:\/\/www.kloster-metten.com\/wp-content\/uploads\/2025\/07\/Rothmeier_NAVIS-429x500.jpg 429w, https:\/\/www.kloster-metten.com\/wp-content\/uploads\/2025\/07\/Rothmeier_NAVIS-879x1024.jpg 879w, https:\/\/www.kloster-metten.com\/wp-content\/uploads\/2025\/07\/Rothmeier_NAVIS-768x895.jpg 768w, https:\/\/www.kloster-metten.com\/wp-content\/uploads\/2025\/07\/Rothmeier_NAVIS.jpg 1171w\" sizes=\"auto, (max-width: 429px) 100vw, 429px\" \/><\/a><h2>Realit\u00e4tsnaher Einblick in die Katastrophenhilfe: NAVIS e.V. zu Gast im Geographie-Leistungsfach<\/h2><p><\/p>\n<p>Am heutigen Montag, den 30. Juni 2025, erhielten die Sch\u00fclerinnen und Sch\u00fcler des Leistungsfaches Geographie unter der Leitung von Katharina Rothmeier einen au\u00dfergew\u00f6hnlichen und hochaktuellen Einblick in die Welt der humanit\u00e4ren Katastrophenhilfe. Zu Gast war Christian G\u00fcrster, ein langj\u00e4hriges und engagiertes Mitglied der ehrenamtlichen Hilfsorganisation NAVIS e.V.<\/p>\n<p>Herr G\u00fcrster, der selbst seit dem ersten Hilfseinsatz der Organisation dabei ist und seitdem zahlreiche Missionen im In- und Ausland begleitet hat, teilte seine umfassenden Erfahrungen mit den interessierten Oberstufensch\u00fclerinnen und -sch\u00fclern. Er stellte NAVIS e.V. vor, eine Organisation, die auf Katastrophenschutz spezialisiert ist und weltweit bei Tsunamis, Erdbeben, D\u00fcrre- oder auch Hochwasserkatastrophen zum Einsatz kommt. Ihr besonderer Fokus liegt dabei auf der lebensrettenden Trinkwasseraufbereitung und der medizinischen Grundversorgung \u2013 essenzielle Bereiche in Krisengebieten, die oft als erste nach einer Naturkatastrophe zusammenbrechen. In einem rund 1,5-st\u00fcndigen Austausch beleuchtete Herr G\u00fcrster die komplexen Aspekte dieser Arbeit. Er gab detaillierte Einblicke in die zugrundeliegende Logistik, die komplexe Planung und den konkreten Ablauf eines Einsatzes, von der Alarmierung bis zur R\u00fcckkehr des Teams. Besonders eindr\u00fccklich schilderte er die Herausforderungen, die sich aus den Rahmenbedingungen vor Ort ergeben: das Agieren in L\u00e4ndern mit unterschiedlichsten Regierungen, Religionen und Wertesystemen, die ein hohes Ma\u00df an Sensibilit\u00e4t, Respekt und Anpassungsf\u00e4higkeit erfordern. Neben den organisatorischen und logistischen Aspekten thematisierte Christian G\u00fcrster auch die sozialen und finanziellen Dimensionen der Katastrophenhilfe. Er machte deutlich, dass es nicht nur um technische L\u00f6sungen, sondern vor allem um den Aufbau von Vertrauen der lokalen Bev\u00f6lkerung, die Sicherheit der ehrenamtlichen Einsatzkr\u00e4fte vor Ort und die Koordination der zahlreichen Hilfsorganisationen geht. Abschlie\u00dfend teilte Christian G\u00fcrster seine ganz pers\u00f6nliche Motivation mit den Anwesenden. Sein tiefes Anliegen sei es, etwas zur\u00fcckzugeben und durch seinen Beitrag im Rahmen eines Katastropheneinsatzes dazu beizutragen, das Leid der Betroffenen im Katastrophenfall zu lindern. Ziel sei es, den Menschen vor Ort so schnell wie m\u00f6glich zu helfen, wieder einen Weg in ihren geregelten Alltag zu finden.<\/p>\n<p>Der Vortrag war eine wertvolle Erg\u00e4nzung zum Lehrplanthema \u201eNaturkatastrophen \u2013 Gef\u00e4hrdungspotenzial und Risikomanagement\u201c und bot den Sch\u00fclerinnen und Sch\u00fclern des Geographie-Leistungsfaches nicht nur spannende und realit\u00e4tsnahe Einblicke in ein wichtiges globales Thema, sondern auch Anregungen f\u00fcr zivilgesellschaftliches Engagement und die Bedeutung internationaler Zusammenarbeit. <strong>Als besonderes Zeichen der Wertsch\u00e4tzung und des Dankes f\u00fcr diesen aufschlussreichen Austausch hatte der Kurs zuvor an der Schule einen Kuchenverkauf organisiert. Der Erl\u00f6s wurde am Ende des Vortrags als Spende an NAVIS e.V. \u00fcbergeben \u2013 eine kleine Geste, um die unerm\u00fcdliche und lebensrettende Arbeit der Organisation zu unterst\u00fctzen. <\/strong><\/p>\n<p><strong>Vielen Dank an Christian G\u00fcrster f\u00fcr seine Zeit und sein soziales Engagement!<\/strong><\/p>\n","protected":false},"excerpt":{"rendered":"<p>Realit\u00e4tsnaher Einblick in die Katastrophenhilfe: NAVIS e.V. zu Gast im Geographie-Leistungsfach Am heutigen Montag, den 30. Juni 2025, erhielten die Sch\u00fclerinnen und Sch\u00fcler des Leistungsfaches Geographie unter der Leitung von Katharina Rothmeier einen au\u00dfergew\u00f6hnlichen und hochaktuellen Einblick in die Welt der humanit\u00e4ren Katastrophenhilfe. Zu Gast war Christian G\u00fcrster, ein langj\u00e4hriges und engagiertes Mitglied der ehrenamtlichen [&hellip;]<\/p>\n","protected":false},"author":5,"featured_media":0,"parent":1137,"menu_order":-369,"comment_status":"closed","ping_status":"closed","template":"","meta":{"footnotes":""},"class_list":["post-49296","page","type-page","status-publish","hentry"],"_links":{"self":[{"href":"https:\/\/www.kloster-metten.com\/index.php?rest_route=\/wp\/v2\/pages\/49296","targetHints":{"allow":["GET"]}}],"collection":[{"href":"https:\/\/www.kloster-metten.com\/index.php?rest_route=\/wp\/v2\/pages"}],"about":[{"href":"https:\/\/www.kloster-metten.com\/index.php?rest_route=\/wp\/v2\/types\/page"}],"author":[{"embeddable":true,"href":"https:\/\/www.kloster-metten.com\/index.php?rest_route=\/wp\/v2\/users\/5"}],"replies":[{"embeddable":true,"href":"https:\/\/www.kloster-metten.com\/index.php?rest_route=%2Fwp%2Fv2%2Fcomments&post=49296"}],"version-history":[{"count":1,"href":"https:\/\/www.kloster-metten.com\/index.php?rest_route=\/wp\/v2\/pages\/49296\/revisions"}],"predecessor-version":[{"id":49298,"href":"https:\/\/www.kloster-metten.com\/index.php?rest_route=\/wp\/v2\/pages\/49296\/revisions\/49298"}],"up":[{"embeddable":true,"href":"https:\/\/www.kloster-metten.com\/index.php?rest_route=\/wp\/v2\/pages\/1137"}],"wp:attachment":[{"href":"https:\/\/www.kloster-metten.com\/index.php?rest_route=%2Fwp%2Fv2%2Fmedia&parent=49296"}],"curies":[{"name":"wp","href":"https:\/\/api.w.org\/{rel}","templated":true}]}}