{"id":49472,"date":"2025-11-24T20:45:39","date_gmt":"2025-11-24T19:45:39","guid":{"rendered":"https:\/\/www.kloster-metten.com\/?page_id=49472"},"modified":"2025-11-24T20:45:39","modified_gmt":"2025-11-24T19:45:39","slug":"mettener-schueler-senden-paeckchen-in-die-ukraine","status":"publish","type":"page","link":"https:\/\/www.kloster-metten.com\/?page_id=49472","title":{"rendered":"Mettener Sch\u00fcler senden P\u00e4ckchen in die Ukraine"},"content":{"rendered":"<a href=\"https:\/\/www.kloster-metten.com\/wp-content\/uploads\/2025\/11\/Weihnachtspaeckchen.jpeg\"><img loading=\"lazy\" decoding=\"async\" class=\"size-medium wp-image-49473 alignnone\" title=\"Weihnachtsp\u00e4ckchen\" src=\"https:\/\/www.kloster-metten.com\/wp-content\/uploads\/2025\/11\/Weihnachtspaeckchen-500x375.jpeg\" alt=\"\" width=\"500\" height=\"375\" srcset=\"https:\/\/www.kloster-metten.com\/wp-content\/uploads\/2025\/11\/Weihnachtspaeckchen-500x375.jpeg 500w, https:\/\/www.kloster-metten.com\/wp-content\/uploads\/2025\/11\/Weihnachtspaeckchen-1024x768.jpeg 1024w, https:\/\/www.kloster-metten.com\/wp-content\/uploads\/2025\/11\/Weihnachtspaeckchen-768x576.jpeg 768w, https:\/\/www.kloster-metten.com\/wp-content\/uploads\/2025\/11\/Weihnachtspaeckchen-1536x1152.jpeg 1536w, https:\/\/www.kloster-metten.com\/wp-content\/uploads\/2025\/11\/Weihnachtspaeckchen.jpeg 2000w\" sizes=\"auto, (max-width: 500px) 100vw, 500px\" \/><\/a><h2>Mettener Sch\u00fcler senden P\u00e4ckchen in die Ukraine<\/h2><p><\/p>\n<p>Auch heuer f\u00fchrten die Fachschaft Katholische Religion und die SMV des St.-Michaels-Gymnasiums eine Sammelaktion f\u00fcr Kinder in der vom Krieg zerr\u00fctteten Ukraine durch. Zusammen mit mehreren anderen niederbayerischen Gymnasien packten die Sch\u00fclerinnen und Sch\u00fcler in den jeweiligen Klassen flei\u00dfig und sehr gewissenhaft Pr\u00e4sente mit t\u00e4glich ben\u00f6tigten, doch leider aufgrund der schwierigen Versorgungslage nicht immer verf\u00fcgbaren Artikeln, wie z.B. Kleidungsst\u00fccken oder Schulmaterialien. Dabei kam eine stolze Menge von P\u00e4ckchen zusammen, die zur Sammelstelle am Gymnasium Vilshofen gebracht wurden. Nach der Abholung werden diese vor Ort am Fest des Hl. Nikolaus an Kinder in Kinderheimen, Schulen, bed\u00fcrftigen Familien und insbesondere an Binnen-Fl\u00fcchtlinge verteilt. Ein herzliches \u201eVergelt\u2019s Gott\u201c an alle Beteiligten!<\/p>\n","protected":false},"excerpt":{"rendered":"<p>Mettener Sch\u00fcler senden P\u00e4ckchen in die Ukraine Auch heuer f\u00fchrten die Fachschaft Katholische Religion und die SMV des St.-Michaels-Gymnasiums eine Sammelaktion f\u00fcr Kinder in der vom Krieg zerr\u00fctteten Ukraine durch. Zusammen mit mehreren anderen niederbayerischen Gymnasien packten die Sch\u00fclerinnen und Sch\u00fcler in den jeweiligen Klassen flei\u00dfig und sehr gewissenhaft Pr\u00e4sente mit t\u00e4glich ben\u00f6tigten, doch leider [&hellip;]<\/p>\n","protected":false},"author":5,"featured_media":0,"parent":1137,"menu_order":-383,"comment_status":"closed","ping_status":"closed","template":"","meta":{"footnotes":""},"class_list":["post-49472","page","type-page","status-publish","hentry"],"_links":{"self":[{"href":"https:\/\/www.kloster-metten.com\/index.php?rest_route=\/wp\/v2\/pages\/49472","targetHints":{"allow":["GET"]}}],"collection":[{"href":"https:\/\/www.kloster-metten.com\/index.php?rest_route=\/wp\/v2\/pages"}],"about":[{"href":"https:\/\/www.kloster-metten.com\/index.php?rest_route=\/wp\/v2\/types\/page"}],"author":[{"embeddable":true,"href":"https:\/\/www.kloster-metten.com\/index.php?rest_route=\/wp\/v2\/users\/5"}],"replies":[{"embeddable":true,"href":"https:\/\/www.kloster-metten.com\/index.php?rest_route=%2Fwp%2Fv2%2Fcomments&post=49472"}],"version-history":[{"count":1,"href":"https:\/\/www.kloster-metten.com\/index.php?rest_route=\/wp\/v2\/pages\/49472\/revisions"}],"predecessor-version":[{"id":49474,"href":"https:\/\/www.kloster-metten.com\/index.php?rest_route=\/wp\/v2\/pages\/49472\/revisions\/49474"}],"up":[{"embeddable":true,"href":"https:\/\/www.kloster-metten.com\/index.php?rest_route=\/wp\/v2\/pages\/1137"}],"wp:attachment":[{"href":"https:\/\/www.kloster-metten.com\/index.php?rest_route=%2Fwp%2Fv2%2Fmedia&parent=49472"}],"curies":[{"name":"wp","href":"https:\/\/api.w.org\/{rel}","templated":true}]}}