{"id":49679,"date":"2026-03-28T17:48:53","date_gmt":"2026-03-28T16:48:53","guid":{"rendered":"https:\/\/www.kloster-metten.com\/?page_id=49679"},"modified":"2026-03-28T17:48:53","modified_gmt":"2026-03-28T16:48:53","slug":"bei-uns-liegen-sie-richtig-tag-der-offenen-tuer","status":"publish","type":"page","link":"https:\/\/www.kloster-metten.com\/?page_id=49679","title":{"rendered":"Bei uns liegen Sie richtig \u2013 Tag der offenen T\u00fcr"},"content":{"rendered":"<a href=\"https:\/\/www.kloster-metten.com\/wp-content\/uploads\/2026\/03\/Chemie-2_.jpg\"><img loading=\"lazy\" decoding=\"async\" class=\"size-medium wp-image-49689 alignnone\" title=\"Chemie 2_\" src=\"https:\/\/www.kloster-metten.com\/wp-content\/uploads\/2026\/03\/Chemie-2_-500x375.jpg\" alt=\"\" width=\"500\" height=\"375\" srcset=\"https:\/\/www.kloster-metten.com\/wp-content\/uploads\/2026\/03\/Chemie-2_-500x375.jpg 500w, https:\/\/www.kloster-metten.com\/wp-content\/uploads\/2026\/03\/Chemie-2_-1024x768.jpg 1024w, https:\/\/www.kloster-metten.com\/wp-content\/uploads\/2026\/03\/Chemie-2_-768x576.jpg 768w, https:\/\/www.kloster-metten.com\/wp-content\/uploads\/2026\/03\/Chemie-2_-1536x1152.jpg 1536w, https:\/\/www.kloster-metten.com\/wp-content\/uploads\/2026\/03\/Chemie-2_.jpg 1613w\" sizes=\"auto, (max-width: 500px) 100vw, 500px\" \/><\/a><h2>Bei uns liegen Sie richtig \u2013 Tag der offenen T\u00fcr<\/h2><p><\/p>\n<p><em>\u00a0<\/em><\/p>\n<p>Am 28. Februar 2026 pr\u00e4sentierte sich das St.-Michaels-Gymnasium f\u00fcr interessierte Familien und zuk\u00fcnftige Sch\u00fclerinnen und Sch\u00fcler. Der Tag der offenen T\u00fcr bot nicht nur einen Einblick in das schulische Leben, sondern auch eine faszinierende Verbindung von Tradition und Moderne, die sich nicht nur im altehrw\u00fcrdigen Geb\u00e4ude und der modernen Einrichtung, sondern auch in den Theaterauff\u00fchrungen der Schule widerspiegelt: Von den klassischen Werken des griechischen Dichters Aristophanes \u00fcber den \u201eFaust\u201c bis hin zu modernen St\u00fccken wie \u201eBei uns liegen Sie richtig\u201c \u2013 das Gymnasium mit seinen drei Ausbildungsrichtungen zeigt, dass Bildung hier lebendig und vielf\u00e4ltig ist.<\/p>\n<p>&nbsp;<\/p>\n<p><strong>Pers\u00f6nliche Wertsch\u00e4tzung<\/strong><\/p>\n<p>Die pers\u00f6nliche Atmosph\u00e4re der Schule wurde bereits zu Beginn der Veranstaltung deutlich, als Schulleiter Sebastian Liebl die Viertkl\u00e4ssler und ihre Eltern im Festsaal herzlich in Empfang nahm. Bei der individuellen Begr\u00fc\u00dfung hatte er f\u00fcr jedes Kind ein nettes Wort parat. W\u00e4hrenddessen erfreuten sich die G\u00e4ste an den Kl\u00e4ngen des Blasorchesters \u201eKalliope\u201c und wurden mit den k\u00f6stlichen \u201eMettener Mozartpl\u00e4tzchen\u201c willkommen gehei\u00dfen.<\/p>\n<p><strong>\u00a0<\/strong><\/p>\n<p><strong>Von Sch\u00fclern f\u00fcr Sch\u00fcler<\/strong><\/p>\n<p>Nach der Begr\u00fc\u00dfungsrede f\u00fchrten engagierte Sch\u00fclerinnen und Sch\u00fcler die Besucher in Kleingruppen durch die R\u00e4umlichkeiten. Hierbei konnten die G\u00e4ste die besondere Atmosph\u00e4re des kleinsten Gymnasiums im Deggendorfer Landkreis erleben, in dem derzeit 458 Sch\u00fclerinnen und Sch\u00fcler lernen.<\/p>\n<p><strong>\u00a0<\/strong><\/p>\n<p><strong>Vielf\u00e4ltige Angebote<\/strong><\/p>\n<p>Das vielf\u00e4ltige Programm umfasste zahlreiche Vorf\u00fchrungen und Mitmachstationen aller Fachschaften. Zu den Highlights geh\u00f6rten der Lateinunterricht zum Mitmachen, eine Verkleidungsstation, Matheknobeleien und ein spannendes \u201e1, 2 oder 3\u201c der Fachschaft Englisch. Auch Schachliebhaber konnten ihr K\u00f6nnen unter Beweis stellen und gegen kleine und gro\u00dfe Profis antreten. Besonders eindrucksvoll war der virtuelle Rundgang durch einen Bienenstock mittels einer VR-Brille sowie die beeindruckenden Vorf\u00fchrungen in Chemie und Physik. Dar\u00fcber hinaus konnten die Besucher einen Eindruck von den sozialen Projekten, den Programmen f\u00fcr den Sch\u00fcleraustausch und dem breiten Angebot an Wahlkursen bekommen.<\/p>\n<p>&nbsp;<\/p>\n<p><strong>Plenus venter (non) studet libenter \u2013 Ein voller Bauch lernt (nicht) gerne!<\/strong><\/p>\n<p>Auch kulinarisch wurde viel geboten: Neben Bratwurstsemmeln, Crepes von der Fachschaft Franz\u00f6sisch und dem Kuchenbuffet des Elternbeirats erwartete die G\u00e4ste eine r\u00f6mische Taverne und das \u201eEpochen kochen\u201c der Fachschaft Geschichte, die eine kulinarische Reise vom alten \u00c4gypten bis in die 1950er Jahre erm\u00f6glichte.<\/p>\n<p><strong>\u00a0<\/strong><\/p>\n<p><strong>Voller Erfolg<\/strong><\/p>\n<p>Der Tag der offenen T\u00fcr am St.-Michaels-Gymnasium war ein voller Erfolg. Die Kombination aus pers\u00f6nlicher Ansprache, einem bunten Programm und der M\u00f6glichkeit, die Schule hautnah zu erleben, \u00fcberzeugte die Besucher. Den Abschluss der Veranstaltung bildeten die atemberaubenden Akrobatikvorf\u00fchrungen und der Auftritt des gro\u00dfen Chores, der die Besucher mit den Kl\u00e4ngen von \u201eSomewhere over the rainbow\u201c in den sonnigen Tag entlie\u00df.<\/p>\n\r\n\t\t<style type='text\/css'>\r\n\t\t\t#gallery-1 {\r\n\t\t\t\tmargin: auto;\r\n\t\t\t}\r\n\t\t\t#gallery-1 .gallery-item {\r\n\t\t\t\tfloat: left;\r\n\t\t\t\tmargin-top: 10px;\r\n\t\t\t\ttext-align: center;\r\n\t\t\t\twidth: 33%;\r\n\t\t\t}\r\n\t\t\t#gallery-1 hr {\r\n\t\t\t\theight: 1px;\r\n\t\t\t}\r\n\t\t\t#gallery-1 .gallery-caption {\r\n\t\t\t\tmargin-left: 0;\r\n\t\t\t}\r\n\t\t\t\/* see gallery_shortcode() in wp-includes\/media.php *\/\r\n\t\t<\/style>\n\t\t<div id='gallery-1' class='gallery galleryid-49679 gallery-columns-3 gallery-size-thumbnail'><hr class='null'><dl class='gallery-item'>\r\n\t\t\t<dt class='gallery-icon portrait'>\r\n\t\t\t\t<a title=\"Chemie_\"  href='https:\/\/www.kloster-metten.com\/?attachment_id=49690'><img loading=\"lazy\" decoding=\"async\" width=\"170\" height=\"115\" src=\"https:\/\/www.kloster-metten.com\/wp-content\/uploads\/2026\/03\/Chemie_-170x115.jpg\" class=\"attachment-thumbnail size-thumbnail\" alt=\"\" \/><\/a>\r\n\t\t\t<\/dt><\/dl><dl class='gallery-item'>\r\n\t\t\t<dt class='gallery-icon landscape'>\r\n\t\t\t\t<a title=\"Epochen kochen_\"  href='https:\/\/www.kloster-metten.com\/?attachment_id=49688'><img loading=\"lazy\" decoding=\"async\" width=\"170\" height=\"115\" src=\"https:\/\/www.kloster-metten.com\/wp-content\/uploads\/2026\/03\/Epochen-kochen_-170x115.jpg\" class=\"attachment-thumbnail size-thumbnail\" alt=\"\" \/><\/a>\r\n\t\t\t<\/dt><\/dl><dl class='gallery-item'>\r\n\t\t\t<dt class='gallery-icon portrait'>\r\n\t\t\t\t<a title=\"Kaffeehausmusik_\"  href='https:\/\/www.kloster-metten.com\/?attachment_id=49687'><img loading=\"lazy\" decoding=\"async\" width=\"170\" height=\"115\" src=\"https:\/\/www.kloster-metten.com\/wp-content\/uploads\/2026\/03\/Kaffeehausmusik_-170x115.jpg\" class=\"attachment-thumbnail size-thumbnail\" alt=\"\" \/><\/a>\r\n\t\t\t<\/dt><\/dl><br style=\"clear: both\" \/><dl class='gallery-item'>\r\n\t\t\t<dt class='gallery-icon landscape'>\r\n\t\t\t\t<a title=\"Kunstwerkstatt (2)_\"  href='https:\/\/www.kloster-metten.com\/?attachment_id=49686'><img loading=\"lazy\" decoding=\"async\" width=\"170\" height=\"115\" src=\"https:\/\/www.kloster-metten.com\/wp-content\/uploads\/2026\/03\/Kunstwerkstatt-2_-170x115.jpg\" class=\"attachment-thumbnail size-thumbnail\" alt=\"\" \/><\/a>\r\n\t\t\t<\/dt><\/dl><dl class='gallery-item'>\r\n\t\t\t<dt class='gallery-icon portrait'>\r\n\t\t\t\t<a title=\"Mettener Mozartpl\u00e4tzchen_\"  href='https:\/\/www.kloster-metten.com\/?attachment_id=49685'><img loading=\"lazy\" decoding=\"async\" width=\"170\" height=\"115\" src=\"https:\/\/www.kloster-metten.com\/wp-content\/uploads\/2026\/03\/Mettener-Mozartplaetzchen_-170x115.jpg\" class=\"attachment-thumbnail size-thumbnail\" alt=\"\" \/><\/a>\r\n\t\t\t<\/dt><\/dl><dl class='gallery-item'>\r\n\t\t\t<dt class='gallery-icon landscape'>\r\n\t\t\t\t<a title=\"zahlreiche Besucher im Festsaal_\"  href='https:\/\/www.kloster-metten.com\/?attachment_id=49684'><img loading=\"lazy\" decoding=\"async\" width=\"170\" height=\"115\" src=\"https:\/\/www.kloster-metten.com\/wp-content\/uploads\/2026\/03\/zahlreiche-Besucher-im-Festsaal_-170x115.jpg\" class=\"attachment-thumbnail size-thumbnail\" alt=\"\" \/><\/a>\r\n\t\t\t<\/dt><\/dl><br style=\"clear: both\" \/><dl class='gallery-item'>\r\n\t\t\t<dt class='gallery-icon landscape'>\r\n\t\t\t\t<a title=\"Begr\u00fc\u00dfung1_\"  href='https:\/\/www.kloster-metten.com\/?attachment_id=49683'><img loading=\"lazy\" decoding=\"async\" width=\"170\" height=\"115\" src=\"https:\/\/www.kloster-metten.com\/wp-content\/uploads\/2026\/03\/Begruessung1_-170x115.jpg\" class=\"attachment-thumbnail size-thumbnail\" alt=\"\" \/><\/a>\r\n\t\t\t<\/dt><\/dl><dl class='gallery-item'>\r\n\t\t\t<dt class='gallery-icon landscape'>\r\n\t\t\t\t<a title=\"Chor (2)_\"  href='https:\/\/www.kloster-metten.com\/?attachment_id=49682'><img loading=\"lazy\" decoding=\"async\" width=\"170\" height=\"115\" src=\"https:\/\/www.kloster-metten.com\/wp-content\/uploads\/2026\/03\/Chor-2_-170x115.jpg\" class=\"attachment-thumbnail size-thumbnail\" alt=\"\" \/><\/a>\r\n\t\t\t<\/dt><\/dl><dl class='gallery-item'>\r\n\t\t\t<dt class='gallery-icon landscape'>\r\n\t\t\t\t<a title=\"F\u00fchrung_\"  href='https:\/\/www.kloster-metten.com\/?attachment_id=49681'><img loading=\"lazy\" decoding=\"async\" width=\"170\" height=\"115\" src=\"https:\/\/www.kloster-metten.com\/wp-content\/uploads\/2026\/03\/Fuehrung_-170x115.jpg\" class=\"attachment-thumbnail size-thumbnail\" alt=\"\" \/><\/a>\r\n\t\t\t<\/dt><\/dl><br style=\"clear: both\" \/><dl class='gallery-item'>\r\n\t\t\t<dt class='gallery-icon portrait'>\r\n\t\t\t\t<a title=\"Sport_\"  href='https:\/\/www.kloster-metten.com\/?attachment_id=49680'><img loading=\"lazy\" decoding=\"async\" width=\"170\" height=\"115\" src=\"https:\/\/www.kloster-metten.com\/wp-content\/uploads\/2026\/03\/Sport_-170x115.jpg\" class=\"attachment-thumbnail size-thumbnail\" alt=\"\" \/><\/a>\r\n\t\t\t<\/dt><\/dl>\r\n\t\t\t<br style='clear: both' \/>\r\n\t\t<\/div>\n\n","protected":false},"excerpt":{"rendered":"<p>Bei uns liegen Sie richtig \u2013 Tag der offenen T\u00fcr \u00a0 Am 28. Februar 2026 pr\u00e4sentierte sich das St.-Michaels-Gymnasium f\u00fcr interessierte Familien und zuk\u00fcnftige Sch\u00fclerinnen und Sch\u00fcler. Der Tag der offenen T\u00fcr bot nicht nur einen Einblick in das schulische Leben, sondern auch eine faszinierende Verbindung von Tradition und Moderne, die sich nicht nur im [&hellip;]<\/p>\n","protected":false},"author":5,"featured_media":0,"parent":1137,"menu_order":-401,"comment_status":"closed","ping_status":"closed","template":"","meta":{"footnotes":""},"class_list":["post-49679","page","type-page","status-publish","hentry"],"_links":{"self":[{"href":"https:\/\/www.kloster-metten.com\/index.php?rest_route=\/wp\/v2\/pages\/49679","targetHints":{"allow":["GET"]}}],"collection":[{"href":"https:\/\/www.kloster-metten.com\/index.php?rest_route=\/wp\/v2\/pages"}],"about":[{"href":"https:\/\/www.kloster-metten.com\/index.php?rest_route=\/wp\/v2\/types\/page"}],"author":[{"embeddable":true,"href":"https:\/\/www.kloster-metten.com\/index.php?rest_route=\/wp\/v2\/users\/5"}],"replies":[{"embeddable":true,"href":"https:\/\/www.kloster-metten.com\/index.php?rest_route=%2Fwp%2Fv2%2Fcomments&post=49679"}],"version-history":[{"count":1,"href":"https:\/\/www.kloster-metten.com\/index.php?rest_route=\/wp\/v2\/pages\/49679\/revisions"}],"predecessor-version":[{"id":49691,"href":"https:\/\/www.kloster-metten.com\/index.php?rest_route=\/wp\/v2\/pages\/49679\/revisions\/49691"}],"up":[{"embeddable":true,"href":"https:\/\/www.kloster-metten.com\/index.php?rest_route=\/wp\/v2\/pages\/1137"}],"wp:attachment":[{"href":"https:\/\/www.kloster-metten.com\/index.php?rest_route=%2Fwp%2Fv2%2Fmedia&parent=49679"}],"curies":[{"name":"wp","href":"https:\/\/api.w.org\/{rel}","templated":true}]}}