{"id":49692,"date":"2026-03-28T19:57:36","date_gmt":"2026-03-28T18:57:36","guid":{"rendered":"https:\/\/www.kloster-metten.com\/?page_id=49692"},"modified":"2026-03-28T19:58:35","modified_gmt":"2026-03-28T18:58:35","slug":"wachauer-wein-begegnung","status":"publish","type":"page","link":"https:\/\/www.kloster-metten.com\/?page_id=49692","title":{"rendered":"WACHAUER.WEIN.BEGEGNUNG."},"content":{"rendered":"<a href=\"https:\/\/www.kloster-metten.com\/wp-content\/uploads\/2026\/03\/Weinfest.jpg\"><img loading=\"lazy\" decoding=\"async\" class=\"size-medium wp-image-49693 alignnone\" title=\"Weinfest\" src=\"https:\/\/www.kloster-metten.com\/wp-content\/uploads\/2026\/03\/Weinfest-355x500.jpg\" alt=\"\" width=\"355\" height=\"500\" srcset=\"https:\/\/www.kloster-metten.com\/wp-content\/uploads\/2026\/03\/Weinfest-355x500.jpg 355w, https:\/\/www.kloster-metten.com\/wp-content\/uploads\/2026\/03\/Weinfest.jpg 609w\" sizes=\"auto, (max-width: 355px) 100vw, 355px\" \/><\/a><h2>WACHAUER.WEIN.BEGEGNUNG.<\/h2><p><\/p>\n<p><strong>Rossatzer Wein \u2013 am Samstag, 18. April 2026 in der Benediktinerabtei Metten zum Ansto\u00dfen nah.<\/strong><\/p>\n<p>Seit \u00fcber 1200 Jahren verbindet das niederbayerische Metten und die Wachauer Ortschaft Rossatz eine besondere Partnerschaft. Am 18. April 2026 wollen sie ihre gemeinsame Geschichte im Rahmen einer Weinverkostung im stimmungsvollen Ambiente der Abtei Metten wieder neu aufleben lassen &#8211; interessante und herzliche Begegnungen inklusive<\/p>\n<p><strong>Der Weinbauverein Rossatz l\u00e4dt zu einer genussvollen Weinbegegnung<\/strong><\/p>\n<p>Bereits im Mittelalter etablierte das Kloster Metten den Weinbau in Rossatz und sicherte sich so einen Teil der Ernte des Rossatzer Weines, der schon damals regelm\u00e4\u00dfig \u00fcber die Donau nach Bayern transportiert wurde.\u00a0 Ganz nach alter Manier machen sich im April anno 2026 wieder acht Winzer aus Rossatz auf den Weg nach Bayern um den Mettenern ihre Wachauer Weine vom S\u00fcdufer pers\u00f6nlich vorzustellen. Die Wachauer Winzer haben von Gr\u00fcner Veltliner bis Riesling aus den Rossatzer Lagen und einige Marillenk\u00f6stlichkeit mit im Gep\u00e4ck.<\/p>\n<p>Weinliebhaber und Weininteressierte haben bei der Weinverkostung in der Abtei Metten die Gelegenheit bis zu 60 ausgew\u00e4hlte Weine zu verkosten, die Vielfalt &amp; Qualit\u00e4t der Weine kennenzulernen und das gute Tr\u00f6pferl auch einzukaufen. Und noch mehr: Sie lernen die Winzer von ihrer ganz pers\u00f6nlichen Seite kennen, plaudern mit ihnen \u00fcber die Besonderheiten des Wachauer S\u00fcdufers, die Arbeit am Weinberg sowie die Charakteristik der Kategorien Steinfeder, Federspiel und Smaragd, die es nur in der Wachau gibt. Und vielleicht wird das eine oder andere Achterl auch \u00fcber das Kostschluckerl hinaus zum Freundschaftspreis genossen. \u00dcbrigens: Es wird auch f\u00fcr Ihr leibliches Wohl gesorgt.<\/p>\n<p><strong>Rossatz, einst ein Geschenk an das Kloster Metten<\/strong><\/p>\n<p>Um das Kloster zu st\u00e4rken schenkte Karl der Gro\u00dfe dem Kloster Metten im Jahre 837 weitl\u00e4ufige Gebiete in Ostbayern und \u00d6sterreich. Diese Schenkung bezog sich auf Grundbesitz, der auch die Pfarrei Rossatz umfasste.<\/p>\n<p>Die Gebiete um Rossatz wurden vom Kloster Metten besiedelt, aufgebaut und bewirtschaftet. So entstand eine einzigartige Weinlandschaft, in der Flusskiesel und Urgestein des Dunkelsteiner Waldes den Weinen ihren unverwechselbaren Charakter verleihen. \u00dcber die Jahrhunderte kam es zu vielen Herrschaftswechseln, aber die Beziehung der beiden Gemeinden bestand weiter und wurde im Herbst 1999 aufs Neue besiegelt.<\/p>\n<p>Am Samstag, 18.04.2026 wollen Metten und Rossatz nach dem Motto WACHAUER.WEIN.BEGEGNUNG. ab 10 Uhr in der Abtei Metten erneut ein klares Zeichen setzen: Freundschaft und Partnerschaft zwischen Gemeinden wachsen durch Begegnungen und manchmal auch durch ein gutes Glas Wein. Dem Rossatzer Wein \u2013 zum Ansto\u00dfen nah.<\/p>\n<p>&nbsp;<\/p>\n","protected":false},"excerpt":{"rendered":"<p>WACHAUER.WEIN.BEGEGNUNG. Rossatzer Wein \u2013 am Samstag, 18. April 2026 in der Benediktinerabtei Metten zum Ansto\u00dfen nah. Seit \u00fcber 1200 Jahren verbindet das niederbayerische Metten und die Wachauer Ortschaft Rossatz eine besondere Partnerschaft. Am 18. April 2026 wollen sie ihre gemeinsame Geschichte im Rahmen einer Weinverkostung im stimmungsvollen Ambiente der Abtei Metten wieder neu aufleben lassen [&hellip;]<\/p>\n","protected":false},"author":5,"featured_media":0,"parent":1120,"menu_order":-187,"comment_status":"closed","ping_status":"closed","template":"","meta":{"footnotes":""},"class_list":["post-49692","page","type-page","status-publish","hentry"],"_links":{"self":[{"href":"https:\/\/www.kloster-metten.com\/index.php?rest_route=\/wp\/v2\/pages\/49692","targetHints":{"allow":["GET"]}}],"collection":[{"href":"https:\/\/www.kloster-metten.com\/index.php?rest_route=\/wp\/v2\/pages"}],"about":[{"href":"https:\/\/www.kloster-metten.com\/index.php?rest_route=\/wp\/v2\/types\/page"}],"author":[{"embeddable":true,"href":"https:\/\/www.kloster-metten.com\/index.php?rest_route=\/wp\/v2\/users\/5"}],"replies":[{"embeddable":true,"href":"https:\/\/www.kloster-metten.com\/index.php?rest_route=%2Fwp%2Fv2%2Fcomments&post=49692"}],"version-history":[{"count":1,"href":"https:\/\/www.kloster-metten.com\/index.php?rest_route=\/wp\/v2\/pages\/49692\/revisions"}],"predecessor-version":[{"id":49694,"href":"https:\/\/www.kloster-metten.com\/index.php?rest_route=\/wp\/v2\/pages\/49692\/revisions\/49694"}],"up":[{"embeddable":true,"href":"https:\/\/www.kloster-metten.com\/index.php?rest_route=\/wp\/v2\/pages\/1120"}],"wp:attachment":[{"href":"https:\/\/www.kloster-metten.com\/index.php?rest_route=%2Fwp%2Fv2%2Fmedia&parent=49692"}],"curies":[{"name":"wp","href":"https:\/\/api.w.org\/{rel}","templated":true}]}}