{"id":5016,"date":"2013-09-09T17:16:37","date_gmt":"2013-09-09T15:16:37","guid":{"rendered":"http:\/\/www.kloster-metten.de\/?page_id=5016"},"modified":"2016-05-16T21:42:26","modified_gmt":"2016-05-16T19:42:26","slug":"generalkapitel-der-bayerischen-benediktinerkongregation","status":"publish","type":"page","link":"https:\/\/www.kloster-metten.com\/?page_id=5016","title":{"rendered":"Generalkapitel der Bayerischen Benediktinerkongregation"},"content":{"rendered":"<a href=\"https:\/\/www.kloster-metten.com\/wp-content\/uploads\/2013\/09\/p1070524_.jpg\"><img loading=\"lazy\" decoding=\"async\" class=\"alignnone size-medium wp-image-5017\" title=\"p1070524_\" src=\"https:\/\/www.kloster-metten.com\/wp-content\/uploads\/2013\/09\/p1070524_-500x375.jpg\" alt=\"\" width=\"500\" height=\"375\" srcset=\"https:\/\/www.kloster-metten.com\/wp-content\/uploads\/2013\/09\/p1070524_-500x375.jpg 500w, https:\/\/www.kloster-metten.com\/wp-content\/uploads\/2013\/09\/p1070524_.jpg 1024w\" sizes=\"auto, (max-width: 500px) 100vw, 500px\" \/><\/a><h2>Generalkapitel der Bayerischen Benediktinerkongregation<\/h2><p><\/p>\n<p>Das Generalkapitel der Bayerischen Benediktinerkongregation, das alle vier Jahre zusammentritt, tagte vom 1. bis 5. September in der Abtei Weltenburg.<\/p>\n<p>Zun\u00e4chst nahm das Generalkapitel an der Feier \u201e100 Jahre Wiedererhebung des Klosters Weltenburg zur Abtei&#8220; teil.<\/p>\n<p>Die Agenda umfasste sodann den Bericht des Abtpr\u00e4ses, die Berichte der \u00c4bte \u00fcber die vergangenen vier Jahre, es beriet die Antr\u00e4ge aus den Kl\u00f6stern und w\u00e4hlte die Kongregationsleitung. Als Abtpr\u00e4ses wurde Abt Barnabas B\u00f6gle von der Abtei Ettal wiedergew\u00e4hlt.<\/p>\n<p><a href=\"https:\/\/www.kloster-metten.com\/wp-content\/uploads\/2013\/09\/prasidium-ohne-p-lukas-wirth_.jpg\"><img loading=\"lazy\" decoding=\"async\" class=\"alignnone size-medium wp-image-5019\" title=\"prasidium-ohne-p-lukas-wirth_\" src=\"https:\/\/www.kloster-metten.com\/wp-content\/uploads\/2013\/09\/prasidium-ohne-p-lukas-wirth_-500x400.jpg\" alt=\"\" width=\"500\" height=\"400\" srcset=\"https:\/\/www.kloster-metten.com\/wp-content\/uploads\/2013\/09\/prasidium-ohne-p-lukas-wirth_-500x400.jpg 500w, https:\/\/www.kloster-metten.com\/wp-content\/uploads\/2013\/09\/prasidium-ohne-p-lukas-wirth_.jpg 906w\" sizes=\"auto, (max-width: 500px) 100vw, 500px\" \/><\/a><\/p>\n<p>Am Dienstag widmete sich das Kapitel in einem Studientag der Frage der Berufungen. Es wurde begleitet von Dr. Christian Hartl, Spiritual im Seminar Landershofen.<\/p>\n<p>Am Dienstagabend lud Di\u00f6zesanbischof Dr. Rudolf Voderholzer nach Regensburg ein. Nach der Pontifikalvesper mit dem Bischof waren die Kapitulare zum Abendessen G\u00e4ste im Priesterseminar. Anschlie\u00dfend f\u00fchrte der Bischof durch das Institut Papst Benedikt XVI., das die gesammelten Werke des Papstes herausgibt.<\/p>\n<p><a href=\"https:\/\/www.kloster-metten.com\/wp-content\/uploads\/2013\/09\/p1070547_.jpg\"><img loading=\"lazy\" decoding=\"async\" class=\"alignnone size-medium wp-image-5018\" title=\"p1070547_\" src=\"https:\/\/www.kloster-metten.com\/wp-content\/uploads\/2013\/09\/p1070547_-500x381.jpg\" alt=\"\" width=\"500\" height=\"381\" srcset=\"https:\/\/www.kloster-metten.com\/wp-content\/uploads\/2013\/09\/p1070547_-500x381.jpg 500w, https:\/\/www.kloster-metten.com\/wp-content\/uploads\/2013\/09\/p1070547_.jpg 885w\" sizes=\"auto, (max-width: 500px) 100vw, 500px\" \/><\/a><\/p>\n","protected":false},"excerpt":{"rendered":"<p>Generalkapitel der Bayerischen Benediktinerkongregation Das Generalkapitel der Bayerischen Benediktinerkongregation, das alle vier Jahre zusammentritt, tagte vom 1. bis 5. September in der Abtei Weltenburg. Zun\u00e4chst nahm das Generalkapitel an der Feier \u201e100 Jahre Wiedererhebung des Klosters Weltenburg zur Abtei&#8220; teil. Die Agenda umfasste sodann den Bericht des Abtpr\u00e4ses, die Berichte der \u00c4bte \u00fcber die vergangenen [&hellip;]<\/p>\n","protected":false},"author":5,"featured_media":0,"parent":9796,"menu_order":-226,"comment_status":"closed","ping_status":"open","template":"","meta":{"footnotes":""},"class_list":["post-5016","page","type-page","status-publish","hentry"],"_links":{"self":[{"href":"https:\/\/www.kloster-metten.com\/index.php?rest_route=\/wp\/v2\/pages\/5016","targetHints":{"allow":["GET"]}}],"collection":[{"href":"https:\/\/www.kloster-metten.com\/index.php?rest_route=\/wp\/v2\/pages"}],"about":[{"href":"https:\/\/www.kloster-metten.com\/index.php?rest_route=\/wp\/v2\/types\/page"}],"author":[{"embeddable":true,"href":"https:\/\/www.kloster-metten.com\/index.php?rest_route=\/wp\/v2\/users\/5"}],"replies":[{"embeddable":true,"href":"https:\/\/www.kloster-metten.com\/index.php?rest_route=%2Fwp%2Fv2%2Fcomments&post=5016"}],"version-history":[{"count":1,"href":"https:\/\/www.kloster-metten.com\/index.php?rest_route=\/wp\/v2\/pages\/5016\/revisions"}],"predecessor-version":[{"id":9842,"href":"https:\/\/www.kloster-metten.com\/index.php?rest_route=\/wp\/v2\/pages\/5016\/revisions\/9842"}],"up":[{"embeddable":true,"href":"https:\/\/www.kloster-metten.com\/index.php?rest_route=\/wp\/v2\/pages\/9796"}],"wp:attachment":[{"href":"https:\/\/www.kloster-metten.com\/index.php?rest_route=%2Fwp%2Fv2%2Fmedia&parent=5016"}],"curies":[{"name":"wp","href":"https:\/\/api.w.org\/{rel}","templated":true}]}}