{"id":5103,"date":"2013-10-31T14:37:15","date_gmt":"2013-10-31T12:37:15","guid":{"rendered":"http:\/\/www.kloster-metten.de\/?page_id=5103"},"modified":"2016-05-16T21:39:57","modified_gmt":"2016-05-16T19:39:57","slug":"pressemitteilung-der-benediktinerabtei-metten","status":"publish","type":"page","link":"https:\/\/www.kloster-metten.com\/?page_id=5103","title":{"rendered":"Pressemitteilung der Benediktinerabtei Metten"},"content":{"rendered":"<h2>Pressemitteilung der Benediktinerabtei Metten<\/h2><p>Seit gestern ist der Bischof von Limburg, Dr. Franz-Peter Tebartz-van Elst, Gast der Benediktinerabtei Metten. Der Bischof nimmt am Gebets- und Gemeinschaftsleben der Abtei teil. Seit seiner Lehrt\u00e4tigkeit an der Universit\u00e4t Passau und auch w\u00e4hrend seines Dienstes als Weihbischof in M\u00fcnster und dann als Bischof von Limburg hat er immer wieder geistliche Zeiten in diesem Kloster verbracht. Die Benediktiner freuen sich, dass der Bischof von Limburg in Metten eine geistliche Zeit der Erholung verbringt. Wir bitten um Verst\u00e4ndnis, dass keine weiteren Erkl\u00e4rungen abgegeben werden und bitten, das Kloster als besonderen Ort der Stille zu respektieren.<\/p>\n<p style=\"text-align: right;\">Metten, den 31. Oktober 2013<\/p>\n","protected":false},"excerpt":{"rendered":"<p>Pressemitteilung der Benediktinerabtei MettenSeit gestern ist der Bischof von Limburg, Dr. Franz-Peter Tebartz-van Elst, Gast der Benediktinerabtei Metten. Der Bischof nimmt am Gebets- und Gemeinschaftsleben der Abtei teil. Seit seiner Lehrt\u00e4tigkeit an der Universit\u00e4t Passau und auch w\u00e4hrend seines Dienstes als Weihbischof in M\u00fcnster und dann als Bischof von Limburg hat er immer wieder geistliche [&hellip;]<\/p>\n","protected":false},"author":5,"featured_media":0,"parent":9796,"menu_order":-236,"comment_status":"closed","ping_status":"open","template":"","meta":{"footnotes":""},"class_list":["post-5103","page","type-page","status-publish","hentry"],"_links":{"self":[{"href":"https:\/\/www.kloster-metten.com\/index.php?rest_route=\/wp\/v2\/pages\/5103","targetHints":{"allow":["GET"]}}],"collection":[{"href":"https:\/\/www.kloster-metten.com\/index.php?rest_route=\/wp\/v2\/pages"}],"about":[{"href":"https:\/\/www.kloster-metten.com\/index.php?rest_route=\/wp\/v2\/types\/page"}],"author":[{"embeddable":true,"href":"https:\/\/www.kloster-metten.com\/index.php?rest_route=\/wp\/v2\/users\/5"}],"replies":[{"embeddable":true,"href":"https:\/\/www.kloster-metten.com\/index.php?rest_route=%2Fwp%2Fv2%2Fcomments&post=5103"}],"version-history":[{"count":1,"href":"https:\/\/www.kloster-metten.com\/index.php?rest_route=\/wp\/v2\/pages\/5103\/revisions"}],"predecessor-version":[{"id":9835,"href":"https:\/\/www.kloster-metten.com\/index.php?rest_route=\/wp\/v2\/pages\/5103\/revisions\/9835"}],"up":[{"embeddable":true,"href":"https:\/\/www.kloster-metten.com\/index.php?rest_route=\/wp\/v2\/pages\/9796"}],"wp:attachment":[{"href":"https:\/\/www.kloster-metten.com\/index.php?rest_route=%2Fwp%2Fv2%2Fmedia&parent=5103"}],"curies":[{"name":"wp","href":"https:\/\/api.w.org\/{rel}","templated":true}]}}