{"id":5791,"date":"2015-02-05T18:46:22","date_gmt":"2015-02-05T16:46:22","guid":{"rendered":"http:\/\/www.kloster-metten.de\/?page_id=5791"},"modified":"2015-02-05T18:46:22","modified_gmt":"2015-02-05T16:46:22","slug":"nano-shuttle-zu-besuch-am-st-michaels-gymnasium","status":"publish","type":"page","link":"https:\/\/www.kloster-metten.com\/?page_id=5791","title":{"rendered":"Nano-Shuttle zu Besuch am St.-Michaels-Gymnasium"},"content":{"rendered":"<a href=\"https:\/\/www.kloster-metten.com\/wp-content\/uploads\/2015\/02\/IMGP3156_.jpg\"><img class=\"alignnone size-medium wp-image-5785\" title=\"IMGP3156_\" src=\"https:\/\/www.kloster-metten.com\/wp-content\/uploads\/2015\/02\/IMGP3156_-500x331.jpg\" alt=\"\" width=\"500\" height=\"331\" \/><\/a><h2>Nano-Shuttle zu Besuch am St.-Michaels-Gymnasium<\/h2><p><\/p>\n<p>Am Donnerstag, 29.01.2015, kam das Nano-Shuttle Bayern, ein Projekt der Initiative Junge Forscher (IJF), zu Besuch an das St.-Michaels-Gymnasium. Experten informierten die Sch\u00fclerinnen und Sch\u00fcler der 10. und 11. Jahrgangsstufe rund um das Thema Nanotechnologie. Im Rahmen eines einf\u00fchrenden Vortrages war es m\u00f6glich, sich einen \u00dcberblick \u00fcber die aktuelle Forschung sowie Anwendungsbeispiele im Bereich der Nanotechnologie zu verschaffen:<br \/>\nSocken, die nie stinken; Oberfl\u00e4chen, die nie schmutzig werden; Bek\u00e4mpfung von Krebs durch Nanoteilchen; k\u00fcnstliche Organe, die vom K\u00f6rper nicht abgesto\u00dfen werden; diese und zuk\u00fcnftige Entwicklungen im Bereich der Computertechnik, der Medizin, des Umweltschutzes oder im Bereich der alternativen Energien sind ohne Nanotechnologie kaum noch vorstellbar.<br \/>\nAnschlie\u00dfend ging es f\u00fcr die Teilnehmer der beiden W-Seminare Biologie an interessante Experimente zum Themenbereich Nanotechnik. Durch die kompetente Unterst\u00fctzung von Experten wurden die fachlichen Hintergr\u00fcnde mit den Sch\u00fclerinnen und Sch\u00fclern erarbeitet und diskutiert. So war es recht eindrucksvoll, Ph\u00e4nomene wie den Lotus-Effekt mit der wasserabweisenden Eigenschaft einer Ru\u00dfpartikelschicht zu vergleichen.<br \/>\nAu\u00dferdem wurden g\u00e4ngige Arbeitsger\u00e4te, die zu Forschungszwecken in der Nanotechnik Anwendung finden, vorgestellt. So wurde der Aufbau eines Rasterkraftmikroskops an einem mitgebrachten Exemplar erl\u00e4utert und dessen Funktionsweise anhand einer CD-Oberfl\u00e4chenuntersuchung eindrucksvoll demonstriert.<br \/>\nF\u00fcr von der Nanotechnik begeisterte Sch\u00fclerinnen und Sch\u00fcler standen die Experten abschlie\u00dfend bereit, um Fragen hinsichtlich des Studiums und der Berufsaussichten auf diesem zukunftsweisenden Gebiet zu beantworten.<br \/>\nWir bedanken uns herzlich bei den Veranstaltern des Nano-Shuttle Bayern f\u00fcr ihre kompetente und freundliche Unterst\u00fctzung.<\/p>\n<p>\r\n\t\t<style type='text\/css'>\r\n\t\t\t#gallery-1 {\r\n\t\t\t\tmargin: auto;\r\n\t\t\t}\r\n\t\t\t#gallery-1 .gallery-item {\r\n\t\t\t\tfloat: left;\r\n\t\t\t\tmargin-top: 10px;\r\n\t\t\t\ttext-align: center;\r\n\t\t\t\twidth: 33%;\r\n\t\t\t}\r\n\t\t\t#gallery-1 hr {\r\n\t\t\t\theight: 1px;\r\n\t\t\t}\r\n\t\t\t#gallery-1 .gallery-caption {\r\n\t\t\t\tmargin-left: 0;\r\n\t\t\t}\r\n\t\t\t\/* see gallery_shortcode() in wp-includes\/media.php *\/\r\n\t\t<\/style>\n\t\t<div id='gallery-1' class='gallery galleryid-5791 gallery-columns-3 gallery-size-thumbnail'><hr class='null'><dl class='gallery-item'>\r\n\t\t\t<dt class='gallery-icon landscape'>\r\n\t\t\t\t<a title=\"IMGP3154_\"  href='https:\/\/www.kloster-metten.com\/?attachment_id=5787'><img width=\"170\" height=\"115\" src=\"https:\/\/www.kloster-metten.com\/wp-content\/uploads\/2015\/02\/IMGP3154_-170x115.jpg\" class=\"attachment-thumbnail size-thumbnail\" alt=\"\" \/><\/a>\r\n\t\t\t<\/dt><\/dl><dl class='gallery-item'>\r\n\t\t\t<dt class='gallery-icon landscape'>\r\n\t\t\t\t<a title=\"IMGP3156_\"  href='https:\/\/www.kloster-metten.com\/?attachment_id=5785'><img width=\"170\" height=\"115\" src=\"https:\/\/www.kloster-metten.com\/wp-content\/uploads\/2015\/02\/IMGP3156_-170x115.jpg\" class=\"attachment-thumbnail size-thumbnail\" alt=\"\" \/><\/a>\r\n\t\t\t<\/dt><\/dl><dl class='gallery-item'>\r\n\t\t\t<dt class='gallery-icon landscape'>\r\n\t\t\t\t<a title=\"IMGP3150_\"  href='https:\/\/www.kloster-metten.com\/?attachment_id=5786'><img width=\"170\" height=\"115\" src=\"https:\/\/www.kloster-metten.com\/wp-content\/uploads\/2015\/02\/IMGP3150_-170x115.jpg\" class=\"attachment-thumbnail size-thumbnail\" alt=\"\" \/><\/a>\r\n\t\t\t<\/dt><\/dl><br style=\"clear: both\" \/><dl class='gallery-item'>\r\n\t\t\t<dt class='gallery-icon landscape'>\r\n\t\t\t\t<a title=\"IMGP3155_\"  href='https:\/\/www.kloster-metten.com\/?attachment_id=5788'><img width=\"170\" height=\"115\" src=\"https:\/\/www.kloster-metten.com\/wp-content\/uploads\/2015\/02\/IMGP3155_-170x115.jpg\" class=\"attachment-thumbnail size-thumbnail\" alt=\"\" \/><\/a>\r\n\t\t\t<\/dt><\/dl>\r\n\t\t\t<br style='clear: both' \/>\r\n\t\t<\/div>\n<\/p>\n","protected":false},"excerpt":{"rendered":"<p>Nano-Shuttle zu Besuch am St.-Michaels-Gymnasium Am Donnerstag, 29.01.2015, kam das Nano-Shuttle Bayern, ein Projekt der Initiative Junge Forscher (IJF), zu Besuch an das St.-Michaels-Gymnasium. Experten informierten die Sch\u00fclerinnen und Sch\u00fcler der 10. und 11. Jahrgangsstufe rund um das Thema Nanotechnologie. Im Rahmen eines einf\u00fchrenden Vortrages war es m\u00f6glich, sich einen \u00dcberblick \u00fcber die aktuelle Forschung [&hellip;]<\/p>\n","protected":false},"author":5,"featured_media":0,"parent":5394,"menu_order":-2,"comment_status":"closed","ping_status":"open","template":"","meta":{"footnotes":""},"class_list":["post-5791","page","type-page","status-publish","hentry"],"_links":{"self":[{"href":"https:\/\/www.kloster-metten.com\/index.php?rest_route=\/wp\/v2\/pages\/5791","targetHints":{"allow":["GET"]}}],"collection":[{"href":"https:\/\/www.kloster-metten.com\/index.php?rest_route=\/wp\/v2\/pages"}],"about":[{"href":"https:\/\/www.kloster-metten.com\/index.php?rest_route=\/wp\/v2\/types\/page"}],"author":[{"embeddable":true,"href":"https:\/\/www.kloster-metten.com\/index.php?rest_route=\/wp\/v2\/users\/5"}],"replies":[{"embeddable":true,"href":"https:\/\/www.kloster-metten.com\/index.php?rest_route=%2Fwp%2Fv2%2Fcomments&post=5791"}],"version-history":[{"count":0,"href":"https:\/\/www.kloster-metten.com\/index.php?rest_route=\/wp\/v2\/pages\/5791\/revisions"}],"up":[{"embeddable":true,"href":"https:\/\/www.kloster-metten.com\/index.php?rest_route=\/wp\/v2\/pages\/5394"}],"wp:attachment":[{"href":"https:\/\/www.kloster-metten.com\/index.php?rest_route=%2Fwp%2Fv2%2Fmedia&parent=5791"}],"curies":[{"name":"wp","href":"https:\/\/api.w.org\/{rel}","templated":true}]}}