{"id":5929,"date":"2015-03-24T16:36:06","date_gmt":"2015-03-24T14:36:06","guid":{"rendered":"http:\/\/www.kloster-metten.de\/?page_id=5929"},"modified":"2015-03-24T16:36:06","modified_gmt":"2015-03-24T14:36:06","slug":"heureka-wettbewerb","status":"publish","type":"page","link":"https:\/\/www.kloster-metten.com\/?page_id=5929","title":{"rendered":"HEUREKA! \u2013 Wettbewerb"},"content":{"rendered":"<a href=\"https:\/\/www.kloster-metten.com\/wp-content\/uploads\/2015\/03\/DSCF7373_.jpg\" rel=\"attachment wp-att-5927\"><img class=\"size-medium wp-image-5927 alignnone\" title=\"DSCF7373_\" src=\"https:\/\/www.kloster-metten.com\/wp-content\/uploads\/2015\/03\/DSCF7373_-500x402.jpg\" alt=\"DSCF7373_\" width=\"500\" height=\"402\" \/><\/a><h2>HEUREKA! \u2013 Wettbewerb<\/h2><p><\/p>\n<p>Bereits zum zweiten Mal haben 72 Sch\u00fclerinnen und Sch\u00fcler am Wettbewerb HEUREKA! - \"Mensch und Natur\" teilgenommen.<br \/>\nDer HEUREKA! - Wettbewerb ist ein Multiple Choice Wettbewerb f\u00fcr die Jahrgangstufen 3 mit 8, der aus jeweils drei Abschnitten besteht und alle naturwissenschaftlichen Themen entsprechend dem Alter der Teilnehmer behandelt. Es werden Fragen zum Thema \u201eDer Mensch und seine Umwelt\u201c gestellt, die sowohl Tiere und ihre Rekorde, wie auch Pflanzen beinhalten. Au\u00dferdem werden das Wetter, chemische und physikalische Ph\u00e4nomene ebenso thematisiert wie die Themen Technik, Energie und Fortschritt.<br \/>\nJeder Teilnehmer bekommt eine Ehrenurkunde und ein Teilnahmegeschenk. Diesmal war es ein Kartenspiel mit dem Titel \u201eWas bin ich\u201c. Besonders ausgezeichnet wurden die Sch\u00fclerinnen und Sch\u00fcler mit den besten drei Ergebnissen pro Jahrgangsstufe, die sich \u00fcber Experimentierk\u00e4sten, Software, Spiele und B\u00fccher als Preise freuen konnten.<\/p>\n","protected":false},"excerpt":{"rendered":"<p>HEUREKA! \u2013 Wettbewerb Bereits zum zweiten Mal haben 72 Sch\u00fclerinnen und Sch\u00fcler am Wettbewerb HEUREKA! &#8211; &#8222;Mensch und Natur&#8220; teilgenommen. Der HEUREKA! &#8211; Wettbewerb ist ein Multiple Choice Wettbewerb f\u00fcr die Jahrgangstufen 3 mit 8, der aus jeweils drei Abschnitten besteht und alle naturwissenschaftlichen Themen entsprechend dem Alter der Teilnehmer behandelt. Es werden Fragen zum [&hellip;]<\/p>\n","protected":false},"author":5,"featured_media":0,"parent":5394,"menu_order":-7,"comment_status":"closed","ping_status":"open","template":"","meta":{"footnotes":""},"class_list":["post-5929","page","type-page","status-publish","hentry"],"_links":{"self":[{"href":"https:\/\/www.kloster-metten.com\/index.php?rest_route=\/wp\/v2\/pages\/5929","targetHints":{"allow":["GET"]}}],"collection":[{"href":"https:\/\/www.kloster-metten.com\/index.php?rest_route=\/wp\/v2\/pages"}],"about":[{"href":"https:\/\/www.kloster-metten.com\/index.php?rest_route=\/wp\/v2\/types\/page"}],"author":[{"embeddable":true,"href":"https:\/\/www.kloster-metten.com\/index.php?rest_route=\/wp\/v2\/users\/5"}],"replies":[{"embeddable":true,"href":"https:\/\/www.kloster-metten.com\/index.php?rest_route=%2Fwp%2Fv2%2Fcomments&post=5929"}],"version-history":[{"count":0,"href":"https:\/\/www.kloster-metten.com\/index.php?rest_route=\/wp\/v2\/pages\/5929\/revisions"}],"up":[{"embeddable":true,"href":"https:\/\/www.kloster-metten.com\/index.php?rest_route=\/wp\/v2\/pages\/5394"}],"wp:attachment":[{"href":"https:\/\/www.kloster-metten.com\/index.php?rest_route=%2Fwp%2Fv2%2Fmedia&parent=5929"}],"curies":[{"name":"wp","href":"https:\/\/api.w.org\/{rel}","templated":true}]}}