{"id":5942,"date":"2015-04-12T22:49:54","date_gmt":"2015-04-12T20:49:54","guid":{"rendered":"http:\/\/www.kloster-metten.de\/?page_id=5942"},"modified":"2017-03-11T21:20:01","modified_gmt":"2017-03-11T20:20:01","slug":"naboj-2015-ein-internationaler-mathematikwettbewerb","status":"publish","type":"page","link":"https:\/\/www.kloster-metten.com\/?page_id=5942","title":{"rendered":"N\u00e0boj 2015 \u2013 ein internationaler Mathematikwettbewerb"},"content":{"rendered":"<h2>N\u00e0boj 2015 \u2013 ein internationaler Mathematikwettbewerb<\/h2><p>&nbsp;<\/p>\n<p><a href=\"https:\/\/www.kloster-metten.com\/wp-content\/uploads\/2015\/04\/naboj2015.jpg\" rel=\"attachment wp-att-5943\"><img loading=\"lazy\" decoding=\"async\" class=\"size-medium wp-image-5943 alignnone\" title=\"naboj2015\" src=\"https:\/\/www.kloster-metten.com\/wp-content\/uploads\/2015\/04\/naboj2015-500x394.jpg\" alt=\"naboj2015\" width=\"500\" height=\"394\" srcset=\"https:\/\/www.kloster-metten.com\/wp-content\/uploads\/2015\/04\/naboj2015-500x394.jpg 500w, https:\/\/www.kloster-metten.com\/wp-content\/uploads\/2015\/04\/naboj2015-768x604.jpg 768w, https:\/\/www.kloster-metten.com\/wp-content\/uploads\/2015\/04\/naboj2015.jpg 1000w\" sizes=\"auto, (max-width: 500px) 100vw, 500px\" \/><\/a><\/p>\n<p>Wie auch schon im letzten Jahr stellten sich f\u00fcnf mathebegeisterte Sch\u00fcler der Q11 der Herausforderung eines Teamwettbewerbs. Im Grunde geht es bei N\u00e0boj darum, m\u00f6glichst viele Aufgaben, die mehr oder weniger anspruchsvoll sind, in zwei Stunden zu l\u00f6sen. Wir f\u00fcnf traten dieses Jahr in der Kategorie Senioren an. Das bedeutete eine deutliche Steigerung des Schwierigkeitsgrades gegen\u00fcber dem Vorjahr, in dem wir noch bei den Junioren angetreten waren. Doch nicht nur die Aufgaben waren anspruchsvoller, sondern auch die Konkurrenz war gewachsen. Das stellten wir besonders bei Beginn des Wettbewerbs fest; wir brauchten 15 Minuten, bis wir die erste mathematische Problemstellung gel\u00f6st hatten, w\u00e4hrend die anderen Gruppen sich bereits mit der f\u00fcnften Aufgabe besch\u00e4ftigten. Jedoch hatten nicht nur wir Startschwierigkeiten, was ein Blick auf die Anzeigetafel, die die aktuellen Ranglistenpl\u00e4tze der Teams verk\u00fcndet, verriet, immerhin waren wir nicht die letzten. Nach gut eineinhalb Stunden fiel es uns pl\u00f6tzlich leichter und so l\u00f6sten wir in kurzer Zeit f\u00fcnf Probleme. Leider war dann nach zwei Stunden Schluss und wir mussten uns mit insgesamt sieben gel\u00f6sten Aufgaben zufriedengeben. Beim gemeinsamen Mittagessen in der Mensa der Uni Passau tauschte man sich mit den anderen Teilnehmern aus. So lernte man schnell neue Leute kennen und es stellte sich heraus, dass es den anderen auch nicht viel besser ergangen ist als uns. Da der Wettbewerb international abgehalten wird, werden unsere Ergebnisse mit denen aus Tschechien, Ungarn, \u00d6sterreich und der Slowakei verglichen, bevor der Sieger ermittelt wird. Dieses Jahr gewann ein Gymnasium aus Prag, wir hingegen erlangten \u201enur\u201c einen Platz im deutschen Mittelfeld. Trotzdem war es eine wertvolle Erfahrung und werden wir auch im n\u00e4chsten Jahr wieder teilnehmen und unser Bestes geben, hoffentlich mit einem Juniorenteam aus den Klassenstufen f\u00fcnf bis zehn an unserer Seite.<\/p>\n<p>Johannes Buchner, Lukas Obergru\u00dfberger, Vinzenz V\u00f6lkl, Joseph Zander, Lena Krinner (Q11)<\/p>\n\r\n\t\t<style type='text\/css'>\r\n\t\t\t#gallery-1 {\r\n\t\t\t\tmargin: auto;\r\n\t\t\t}\r\n\t\t\t#gallery-1 .gallery-item {\r\n\t\t\t\tfloat: left;\r\n\t\t\t\tmargin-top: 10px;\r\n\t\t\t\ttext-align: center;\r\n\t\t\t\twidth: 33%;\r\n\t\t\t}\r\n\t\t\t#gallery-1 hr {\r\n\t\t\t\theight: 1px;\r\n\t\t\t}\r\n\t\t\t#gallery-1 .gallery-caption {\r\n\t\t\t\tmargin-left: 0;\r\n\t\t\t}\r\n\t\t\t\/* see gallery_shortcode() in wp-includes\/media.php *\/\r\n\t\t<\/style>\n\t\t<div id='gallery-1' class='gallery galleryid-5942 gallery-columns-3 gallery-size-thumbnail'><hr class='null'><dl class='gallery-item'>\r\n\t\t\t<dt class='gallery-icon landscape'>\r\n\t\t\t\t<a title=\"naboj2015\"  href='https:\/\/www.kloster-metten.com\/?attachment_id=5943'><img loading=\"lazy\" decoding=\"async\" width=\"170\" height=\"115\" src=\"https:\/\/www.kloster-metten.com\/wp-content\/uploads\/2015\/04\/naboj2015-170x115.jpg\" class=\"attachment-thumbnail size-thumbnail\" alt=\"\" \/><\/a>\r\n\t\t\t<\/dt><\/dl><dl class='gallery-item'>\r\n\t\t\t<dt class='gallery-icon landscape'>\r\n\t\t\t\t<a title=\"nabo_\"  href='https:\/\/www.kloster-metten.com\/?attachment_id=5962'><img loading=\"lazy\" decoding=\"async\" width=\"170\" height=\"115\" src=\"https:\/\/www.kloster-metten.com\/wp-content\/uploads\/2015\/04\/nabo_-170x115.jpg\" class=\"attachment-thumbnail size-thumbnail\" alt=\"\" \/><\/a>\r\n\t\t\t<\/dt><\/dl><dl class='gallery-item'>\r\n\t\t\t<dt class='gallery-icon landscape'>\r\n\t\t\t\t<a title=\"naboj2_\"  href='https:\/\/www.kloster-metten.com\/?attachment_id=5963'><img loading=\"lazy\" decoding=\"async\" width=\"170\" height=\"115\" src=\"https:\/\/www.kloster-metten.com\/wp-content\/uploads\/2015\/04\/naboj2_-170x115.jpg\" class=\"attachment-thumbnail size-thumbnail\" alt=\"\" \/><\/a>\r\n\t\t\t<\/dt><\/dl><br style=\"clear: both\" \/>\r\n\t\t<\/div>\n\n","protected":false},"excerpt":{"rendered":"<p>N\u00e0boj 2015 \u2013 ein internationaler Mathematikwettbewerb&nbsp; Wie auch schon im letzten Jahr stellten sich f\u00fcnf mathebegeisterte Sch\u00fcler der Q11 der Herausforderung eines Teamwettbewerbs. Im Grunde geht es bei N\u00e0boj darum, m\u00f6glichst viele Aufgaben, die mehr oder weniger anspruchsvoll sind, in zwei Stunden zu l\u00f6sen. Wir f\u00fcnf traten dieses Jahr in der Kategorie Senioren an. Das [&hellip;]<\/p>\n","protected":false},"author":5,"featured_media":0,"parent":10637,"menu_order":188,"comment_status":"closed","ping_status":"open","template":"","meta":{"footnotes":""},"class_list":["post-5942","page","type-page","status-publish","hentry"],"_links":{"self":[{"href":"https:\/\/www.kloster-metten.com\/index.php?rest_route=\/wp\/v2\/pages\/5942","targetHints":{"allow":["GET"]}}],"collection":[{"href":"https:\/\/www.kloster-metten.com\/index.php?rest_route=\/wp\/v2\/pages"}],"about":[{"href":"https:\/\/www.kloster-metten.com\/index.php?rest_route=\/wp\/v2\/types\/page"}],"author":[{"embeddable":true,"href":"https:\/\/www.kloster-metten.com\/index.php?rest_route=\/wp\/v2\/users\/5"}],"replies":[{"embeddable":true,"href":"https:\/\/www.kloster-metten.com\/index.php?rest_route=%2Fwp%2Fv2%2Fcomments&post=5942"}],"version-history":[{"count":3,"href":"https:\/\/www.kloster-metten.com\/index.php?rest_route=\/wp\/v2\/pages\/5942\/revisions"}],"predecessor-version":[{"id":8937,"href":"https:\/\/www.kloster-metten.com\/index.php?rest_route=\/wp\/v2\/pages\/5942\/revisions\/8937"}],"up":[{"embeddable":true,"href":"https:\/\/www.kloster-metten.com\/index.php?rest_route=\/wp\/v2\/pages\/10637"}],"wp:attachment":[{"href":"https:\/\/www.kloster-metten.com\/index.php?rest_route=%2Fwp%2Fv2%2Fmedia&parent=5942"}],"curies":[{"name":"wp","href":"https:\/\/api.w.org\/{rel}","templated":true}]}}